000
CXUS55 KLOX 241655
CF6LAX
PRELIMINARY LOCAL CLIMATOLOGICAL DATA (WS FORM: F-6)

                                          STATION:   LOS ANGELES INTL AIRPORT CA
                                          MONTH:     JUNE
                                          YEAR:      2017
                                          LATITUDE:   33 55 N
                                          LONGITUDE: 118 24 W

  TEMPERATURE IN F:       :PCPN:    SNOW:  WIND      :SUNSHINE: SKY     :PK WND
================================================================================
1   2   3   4   5  6A  6B    7    8   9   10  11  12  13   14  15   16   17  18
                                     12Z  AVG MX 2MIN
DY MAX MIN AVG DEP HDD CDD  WTR  SNW DPTH SPD SPD DIR MIN PSBL S-S WX    SPD DR
================================================================================

 1  70  61  66   2   0   1 0.00  0.0    0  7.5 17 260   M    M   6        23 260
 2  69  59  64   0   1   0 0.00  0.0    0  8.0 17 240   M    M   6 18     22 260
 3  71  61  66   2   0   1 0.00  0.0    0  7.2 15 270   M    M   9 18     20 260
 4  67  61  64   0   1   0 0.00  0.0    0  5.8 15 270   M    M  10 18     19 260
 5  71  60  66   2   0   1 0.00  0.0    0  6.7 14 270   M    M   8 18     21 260
 6  68  62  65   1   0   0 0.00  0.0    0  7.5 14 250   M    M  10 18     20 250
 7  69  61  65   1   0   0    T  0.0    0  7.6 16 260   M    M  10 18     19 260
 8  68  60  64   0   1   0    T  0.0    0 11.1 22 260   M    M   7 18     26 260
 9  71  58  65   0   0   0 0.00  0.0    0  9.6 22 270   M    M   4        28 250
10  69  61  65   0   0   0 0.00  0.0    0  7.5 17 260   M    M   8 1      21 260
11  69  60  65   0   0   0    T  0.0    0 10.4 22 280   M    M   6        26 280
12  71  56  64  -1   1   0 0.00  0.0    0 10.4 23 250   M    M   2        28 250
13  72  57  65   0   0   0 0.00  0.0    0  7.8 17 260   M    M   0        22 240
14  76  60  68   3   0   3 0.00  0.0    0  6.9 16 260   M    M   0 1      21 270
15  78  61  70   5   0   5 0.00  0.0    0  6.3 15 250   M    M   0 1      19 230
16  77  62  70   4   0   5 0.00  0.0    0  6.2 15 270   M    M   2 1      20 260
17  75  62  69   3   0   4 0.00  0.0    0  7.6 15 260   M    M   4 1      20 260
18  74  61  68   2   0   3 0.00  0.0    0  7.4 15 250   M    M   4 18     20 260
19  74  61  68   2   0   3 0.00  0.0    0  7.8 16 250   M    M   7 12     21 270
20  72  61  67   1   0   2 0.00  0.0    0  8.1 17 260   M    M   6 12     22 250
21  73  62  68   2   0   3 0.00  0.0    0  8.0 15 270   M    M   5 1      18 260
22  75  63  69   3   0   4 0.00  0.0    0  6.7 15 270   M    M   6 18     19 240
23  70  61  66  -1   0   1 0.00  0.0    0  9.3 18 270   M    M  10 18     22 270
================================================================================
SM 1649 1391         4  36    T      0.0 181.3          M      130
================================================================================
AV 71.7 60.5                               7.9 FASTST   M    M   6    MAX(MPH)
                                 MISC ---->  # 23 250               # 28  250
================================================================================
NOTES:
# LAST OF SEVERAL OCCURRENCES

COLUMN 17 PEAK WIND IN M.P.H.

PRELIMINARY LOCAL CLIMATOLOGICAL DATA (WS FORM: F-6) , PAGE 2

                                          STATION:  LOS ANGELES INTL AIRPORT CA
                                          MONTH:    JUNE
                                          YEAR:     2017
                                          LATITUDE:   33 55 N
                                          LONGITUDE: 118 24 W

[TEMPERATURE DATA]      [PRECIPITATION DATA]       SYMBOLS USED IN COLUMN 16

AVERAGE MONTHLY: 66.1   TOTAL FOR MONTH:      T    1 = FOG OR MIST
DPTR FM NORMAL:   1.0   DPTR FM NORMAL:   -0.07    2 = FOG REDUCING VISIBILITY
HIGHEST:    78 ON 15    GRTST 24HR    T  ON 11-11      TO 1/4 MILE OR LESS
LOWEST:     56 ON 12                               3 = THUNDER
                        SNOW, ICE PELLETS, HAIL    4 = ICE PELLETS
                        TOTAL MONTH:   0.0 INCH    5 = HAIL
                        GRTST 24HR     0.0         6 = FREEZING RAIN OR DRIZZLE
                        GRTST DEPTH:   0           7 = DUSTSTORM OR SANDSTORM:
                                                       VSBY 1/2 MILE OR LESS
                                                   8 = SMOKE OR HAZE
[NO. OF DAYS WITH]      [WEATHER - DAYS WITH]      9 = BLOWING SNOW
                                                   X = TORNADO
MAX 32 OR BELOW:   0    0.01 INCH OR MORE:   0
MAX 90 OR ABOVE:   0    0.10 INCH OR MORE:   0
MIN 32 OR BELOW:   0    0.50 INCH OR MORE:   0
MIN  0 OR BELOW:   0    1.00 INCH OR MORE:   0

[HDD (BASE 65) ]
TOTAL THIS MO.     4    CLEAR  (SCALE 0-3)   5
DPTR FM NORMAL   -20    PTCLDY (SCALE 4-7)  12
TOTAL FM JUL 1  1025    CLOUDY (SCALE 8-10)  6
DPTR FM NORMAL  -393

[CDD (BASE 65) ]
TOTAL THIS MO.    36
DPTR FM NORMAL     8    [PRESSURE DATA]
TOTAL FM JAN 1    94    HIGHEST SLP M ON M
DPTR FM NORMAL    26    LOWEST  SLP 29.64 ON 21

[REMARKS]
