000
CXUS52 KILM 231000
CF6LBT
PRELIMINARY LOCAL CLIMATOLOGICAL DATA (WS FORM: F-6)

                                          STATION:   LUMBERTON NC
                                          MONTH:     APRIL
                                          YEAR:      2014
                                          LATITUDE:   34 35 N
                                          LONGITUDE:  79  4 W

  TEMPERATURE IN F:       :PCPN:    SNOW:  WIND      :SUNSHINE: SKY     :PK WND
================================================================================
1   2   3   4   5  6A  6B    7    8   9   10  11  12  13   14  15   16   17  18
                                     12Z  AVG MX 2MIN
DY MAX MIN AVG DEP HDD CDD  WTR  SNW DPTH SPD SPD DIR MIN PSBL S-S WX    SPD DR
================================================================================

 1  81  38  60   2   5   0 0.00    M    M  4.5 14 220   M    M   0        19 230
 2  84  46  65   6   0   0 0.00    M    M  6.1 17 220   M    M   0        24 240
 3  84  57  71  12   0   6 0.00    M    M  7.5 15 210   M    M   0        24 210
 4  83  60  72  13   0   7 0.00    M    M 11.9 25 240   M    M   0        34 240
 5  77  59  68   9   0   3 0.00    M    M  8.6 17 280   M    M   1        22 260
 6  61  51  56  -4   9   0 0.00    M    M  9.5 18  50   M    M   6        26  40
 7  65  55  60   0   5   0 0.39    M    M  5.4 16 300   M    M   9 13     21 150
 8  71  54  63   3   2   0 0.08    M    M  7.0 20 250   M    M   5 1      24 230
 9  70  46  58  -2   7   0 0.05    M    M  7.5 17 310   M    M   4 3      24 330
10  75  41  58  -2   7   0 0.00    M    M  4.7 16 220   M    M   0 18     22 230
11  77  52  65   4   0   0 0.00    M    M  9.0 22 230   M    M   0        28 220
12  81  50  66   5   0   1 0.00    M    M  4.8 12 190   M    M   0        17 180
13  81  52  67   6   0   2 0.00    M    M  5.8 15 150   M    M   2 12     20 160
14  76  55  66   5   0   1 0.14    M    M  6.9 17 170   M    M   5 18     29 160
15  73  43  58  -4   7   0 0.73    M    M 11.4 29 340   M    M   8 13     35 340
16  57  36  47 -15  18   0 0.00    M    M 11.0 21  20   M    M   0        29  10
17  67  36  52 -10  13   0 0.00    M    M  8.8 20  30   M    M   0        28  30
18  64  43  54  -8  11   0 0.75    M    M  9.2 16  30   M    M   7 1      20  50
19  53  48  51 -11  14   0 0.87    M    M 13.6 24  40   M    M  10 1      31  40
20  67  48  58  -5   7   0 0.11    M    M 15.0 25  30   M    M  10 1      34  20
21  75  48  62  -1   3   0 0.00    M    M  5.8 15  30   M    M   0        21  40
22  81  44  63   0   2   0    T    M    M  5.1 30 280   M    M   2 18     38 270
================================================================================
SM 1603 1062       110  20  3.12    M    179.1          M       69
================================================================================
AV 72.9 48.3                               8.1 FASTST   M    M   3    MAX(MPH)
                                 MISC ---->  # 30 280               # 38  270
================================================================================
NOTES:
# LAST OF SEVERAL OCCURRENCES

COLUMN 17 PEAK WIND IN M.P.H.

PRELIMINARY LOCAL CLIMATOLOGICAL DATA (WS FORM: F-6) , PAGE 2

                                          STATION:  LUMBERTON NC
                                          MONTH:    APRIL
                                          YEAR:     2014
                                          LATITUDE:   34 35 N
                                          LONGITUDE:  79  4 W

[TEMPERATURE DATA]      [PRECIPITATION DATA]       SYMBOLS USED IN COLUMN 16

AVERAGE MONTHLY: 60.6   TOTAL FOR MONTH:   3.12    1 = FOG OR MIST
DPTR FM NORMAL:  -0.2   DPTR FM NORMAL:    0.97    2 = FOG REDUCING VISIBILITY
HIGHEST:    84 ON  3, 2 GRTST 24HR  1.25 ON 18-19      TO 1/4 MILE OR LESS
LOWEST:     36 ON 17,16                            3 = THUNDER
                        SNOW, ICE PELLETS, HAIL    4 = ICE PELLETS
                        TOTAL MONTH:    M          5 = HAIL
                        GRTST 24HR    M  ON   M    6 = FREEZING RAIN OR DRIZZLE
                        GRTST DEPTH:  M  ON   M    7 = DUSTSTORM OR SANDSTORM:
                                                       VSBY 1/2 MILE OR LESS
                                                   8 = SMOKE OR HAZE
[NO. OF DAYS WITH]      [WEATHER - DAYS WITH]      9 = BLOWING SNOW
                                                   X = TORNADO
MAX 32 OR BELOW:   0    0.01 INCH OR MORE:   8
MAX 90 OR ABOVE:   0    0.10 INCH OR MORE:   6
MIN 32 OR BELOW:   0    0.50 INCH OR MORE:   3
MIN  0 OR BELOW:   0    1.00 INCH OR MORE:   0

[HDD (BASE 65) ]
TOTAL THIS MO.   110    CLEAR  (SCALE 0-3)  13
DPTR FM NORMAL   -17    PTCLDY (SCALE 4-7)   5
TOTAL FM JUL 1  2918    CLOUDY (SCALE 8-10)  4
DPTR FM NORMAL   215

[CDD (BASE 65) ]
TOTAL THIS MO.    20
DPTR FM NORMAL   -16    [PRESSURE DATA]
TOTAL FM JAN 1    22    HIGHEST SLP M ON M
DPTR FM NORMAL   -27    LOWEST  SLP 29.57 ON  8

[REMARKS]
