000
CXUS52 KMLB 190631
CF6LEE
PRELIMINARY LOCAL CLIMATOLOGICAL DATA (WS FORM: F-6)

                                          STATION:   LEESBURG
                                          MONTH:     OCTOBER
                                          YEAR:      2017
                                          LATITUDE:   28 49 N
                                          LONGITUDE:  81 49 W

  TEMPERATURE IN F:       :PCPN:    SNOW:  WIND      :SUNSHINE: SKY     :PK WND
================================================================================
1   2   3   4   5  6A  6B    7    8   9   10  11  12  13   14  15   16   17  18
                                     12Z  AVG MX 2MIN
DY MAX MIN AVG DEP HDD CDD  WTR  SNW DPTH SPD SPD DIR MIN PSBL S-S WX    SPD DR
================================================================================

 1  88  76  82   3   0  17 0.09  0.0    0  8.9 21  60   M    M   7 1      26  70
 2  88  75  82   3   0  17 0.00  0.0    0 11.3 21  50   M    M   4 18     27  80
 3  85  73  79   0   0  14    T  0.0    0 12.4 24  60   M    M   3 18     31  80
 4  86  69  78   0   0  13 0.02  0.0    0 10.4 28  60   M    M   3 8      35  50
 5  81  73  77  -1   0  12 0.48  0.0    0  9.4 22  70   M    M   7 18     29  60
 6  92  74  83   5   0  18 0.19  0.0    0  6.5 17 160   M    M   4 13     23 160
 7  93  77  85   7   0  20 0.10  0.0    0  8.3 18 130   M    M   4 13     25 130
 8  89  79  84   7   0  19 0.14  0.0    0  6.9 18 170   M    M   6 38     24 170
 9  91  78  85   8   0  20 0.00  0.0    0  5.1 13 100   M    M   1 8      16 110
10  93  77  85   8   0  20 0.00  0.0    0  7.1 12 100   M    M   2 1       M  M
11  93  74  84   7   0  19 0.00  0.0    M  6.6 15  90   M    M   1        19  80
12  90  71  81   5   0  16 0.00  0.0    0  8.1 15  60   M    M   1        23  60
13  90  74  82   6   0  17 0.01  0.0    0  9.1 21  60   M    M   2 1      27  70
14  90  76  83   7   0  18 0.31  0.0    0  8.8 20  70   M    M   4 1      23  60
15  91  72  82   6   0  17 0.00  0.0    0  6.5 15  60   M    M   1        21  60
16  92  75  84   9   0  19    T  0.0    0  2.6 14  60   M    M   1 18     19  50
17  81  69  75   0   0  10 0.14  0.0    0 13.0 23  50   M    M   8        31  50
18  85  69  77   2   0  12 0.01  0.0    0 10.3 21  50   M    M   5        28  60
================================================================================
SM 1598 1331         0 298  1.49     0.0 151.3          M       64
================================================================================
AV 88.8 73.9                               8.4 FASTST   M    M   4    MAX(MPH)
                                 MISC ---->  # 28  60               # 35   50
================================================================================
NOTES:
# LAST OF SEVERAL OCCURRENCES

COLUMN 17 PEAK WIND IN M.P.H.

PRELIMINARY LOCAL CLIMATOLOGICAL DATA (WS FORM: F-6) , PAGE 2

                                          STATION:  LEESBURG
                                          MONTH:    OCTOBER
                                          YEAR:     2017
                                          LATITUDE:   28 49 N
                                          LONGITUDE:  81 49 W

[TEMPERATURE DATA]      [PRECIPITATION DATA]       SYMBOLS USED IN COLUMN 16

AVERAGE MONTHLY: 81.4   TOTAL FOR MONTH:   1.49    1 = FOG OR MIST
DPTR FM NORMAL:   4.4   DPTR FM NORMAL:   -0.61    2 = FOG REDUCING VISIBILITY
HIGHEST:    93 ON 11,10 GRTST 24HR  0.48 ON  5- 5      TO 1/4 MILE OR LESS
LOWEST:     69 ON 18,17                            3 = THUNDER
                        SNOW, ICE PELLETS, HAIL    4 = ICE PELLETS
                        TOTAL MONTH:   0.0 INCH    5 = HAIL
                        GRTST 24HR     0.0         6 = FREEZING RAIN OR DRIZZLE
                        GRTST DEPTH:   0           7 = DUSTSTORM OR SANDSTORM:
                                                       VSBY 1/2 MILE OR LESS
                                                   8 = SMOKE OR HAZE
[NO. OF DAYS WITH]      [WEATHER - DAYS WITH]      9 = BLOWING SNOW
                                                   X = TORNADO
MAX 32 OR BELOW:   0    0.01 INCH OR MORE:  10
MAX 90 OR ABOVE:  10    0.10 INCH OR MORE:   6
MIN 32 OR BELOW:   0    0.50 INCH OR MORE:   0
MIN  0 OR BELOW:   0    1.00 INCH OR MORE:   0

[HDD (BASE 65) ]
TOTAL THIS MO.     0    CLEAR  (SCALE 0-3)   8
DPTR FM NORMAL     0    PTCLDY (SCALE 4-7)   9
TOTAL FM JUL 1     0    CLOUDY (SCALE 8-10)  1
DPTR FM NORMAL     0

[CDD (BASE 65) ]
TOTAL THIS MO.   298
DPTR FM NORMAL    82    [PRESSURE DATA]
TOTAL FM JAN 1  3655    HIGHEST SLP M ON M
DPTR FM NORMAL   598    LOWEST  SLP 29.88 ON  8

[REMARKS]
