000
CXUS52 KMLB 011346
CF6LEE
PRELIMINARY LOCAL CLIMATOLOGICAL DATA (WS FORM: F-6)

                                          STATION:   LEESBURG
                                          MONTH:     APRIL
                                          YEAR:      2016
                                          LATITUDE:   28 49 N
                                          LONGITUDE:  81 49 W

  TEMPERATURE IN F:       :PCPN:    SNOW:  WIND      :SUNSHINE: SKY     :PK WND
================================================================================
1   2   3   4   5  6A  6B    7    8   9   10  11  12  13   14  15   16   17  18
                                     12Z  AVG MX 2MIN
DY MAX MIN AVG DEP HDD CDD  WTR  SNW DPTH SPD SPD DIR MIN PSBL S-S WX    SPD DR
================================================================================

 1  88  68  78  10   0  13 0.00  0.0    0  7.6 13 190   M    M   1        18 190
 2  79  66  73   5   0   8 0.19  0.0    0 10.9 30 170   M    M   6 13     42 170
 3  77  57  67  -2   0   2 0.00  0.0    0  8.3 17 350   M    M   0        27  20
 4  79  57  68  -1   0   3 0.00  0.0    0  3.9 10 300   M    M   0        16 340
 5  85  57  71   2   0   6 0.00  0.0    0  7.1 18  70   M    M   0        23  70
 6  80  60  70   1   0   5 0.00  0.0    0 10.4 20 180   M    M   1        28 170
 7  80  64  72   3   0   7 0.16  0.0    0  9.8 18 280   M    M   3 1      25 280
 8  82  61  72   2   0   7 0.00  0.0    0  8.0 21 290   M    M   0        29 300
 9  76  58  67  -3   0   2 0.00  0.0    0  8.4 21  20   M    M   0        26  20
10  80  54  67  -3   0   2 0.00  0.0    0  8.9 16  80   M    M   0        20 100
11  81  60  71   1   0   6 0.00  0.0    0  8.3 18 120   M    M   2        22 110
12  84  59  72   2   0   7 0.00  0.0    0  5.0 13 300   M    M   1        19 300
13  84  64  74   4   0   9 0.15  0.0    0  5.1 16  50   M    M   6 1      19  50
14  84  67  76   5   0  11    T  0.0    0  7.7 18  40   M    M   7 13     25  40
15  80  66  73   2   0   8 0.03  0.0    0  9.4 23  50   M    M   8 1      28  40
16  82  64  73   2   0   8    T  0.0    0 11.9 23  60   M    M   7        32  70
17  80  58  69  -2   0   4 0.00  0.0    0 10.6 25  50   M    M   1        31  50
18  82  57  70  -1   0   5 0.00  0.0    0  9.6 17  70   M    M   2        24 100
19  83  58  71  -1   0   6 0.00  0.0    0  7.5 15  90   M    M   1        21 110
20  82  57  70  -2   0   5 0.00  0.0    0  6.5 17 110   M    M   0        23 110
21  85  64  75   3   0  10 0.00  0.0    0  9.7 18 130   M    M   3        24 130
22  85  66  76   4   0  11    T  0.0    0  6.1 23 190   M    M   4        29 180
23  84  65  75   3   0  10 0.10  0.0    0  6.7 14 350   M    M   4 1      18 270
24  88  65  77   5   0  12 0.00  0.0    0  6.8 17  60   M    M   1 1      22  40
25  86  67  77   4   0  12 0.00  0.0    0  7.6 15  90   M    M   2        22 130
26  87  63  75   2   0  10 0.00  0.0    0  6.1 16 100   M    M   0        20 110
27  88  70  79   6   0  14    T  0.0    0  6.5 14 170   M    M   2        19 280
28  90  71  81   8   0  16 0.00  0.0    0  6.7 15 290   M    M   3 3      19 290
29  91  68  80   6   0  15 0.00  0.0    0  4.1 13 140   M    M   3 123    17 160
30  89  73  81   7   0  16 0.00  0.0    0  8.7 16 130   M    M   1        22 120
================================================================================
SM 2501 1884         0 250  0.63     0.0 233.9          M       69
================================================================================
AV 83.4 62.8                               7.8 FASTST   M    M   2    MAX(MPH)
                                 MISC ---->  # 30 170               # 42  170
================================================================================
NOTES:
# LAST OF SEVERAL OCCURRENCES

COLUMN 17 PEAK WIND IN M.P.H.

PRELIMINARY LOCAL CLIMATOLOGICAL DATA (WS FORM: F-6) , PAGE 2

                                          STATION:  LEESBURG
                                          MONTH:    APRIL
                                          YEAR:     2016
                                          LATITUDE:   28 49 N
                                          LONGITUDE:  81 49 W

[TEMPERATURE DATA]      [PRECIPITATION DATA]       SYMBOLS USED IN COLUMN 16

AVERAGE MONTHLY: 73.1   TOTAL FOR MONTH:   0.63    1 = FOG OR MIST
DPTR FM NORMAL:   2.2   DPTR FM NORMAL:   -1.88    2 = FOG REDUCING VISIBILITY
HIGHEST:    91 ON 29    GRTST 24HR  0.19 ON  2- 2      TO 1/4 MILE OR LESS
LOWEST:     54 ON 10                               3 = THUNDER
                        SNOW, ICE PELLETS, HAIL    4 = ICE PELLETS
                        TOTAL MONTH:   0.0 INCH    5 = HAIL
                        GRTST 24HR     0.0         6 = FREEZING RAIN OR DRIZZLE
                        GRTST DEPTH:   0           7 = DUSTSTORM OR SANDSTORM:
                                                       VSBY 1/2 MILE OR LESS
                                                   8 = SMOKE OR HAZE
[NO. OF DAYS WITH]      [WEATHER - DAYS WITH]      9 = BLOWING SNOW
                                                   X = TORNADO
MAX 32 OR BELOW:   0    0.01 INCH OR MORE:   5
MAX 90 OR ABOVE:   2    0.10 INCH OR MORE:   4
MIN 32 OR BELOW:   0    0.50 INCH OR MORE:   0
MIN  0 OR BELOW:   0    1.00 INCH OR MORE:   0

[HDD (BASE 65) ]
TOTAL THIS MO.     0    CLEAR  (SCALE 0-3)  22
DPTR FM NORMAL   -16    PTCLDY (SCALE 4-7)   7
TOTAL FM JUL 1   455    CLOUDY (SCALE 8-10)  1
DPTR FM NORMAL  -246

[CDD (BASE 65) ]
TOTAL THIS MO.   250
DPTR FM NORMAL    55    [PRESSURE DATA]
TOTAL FM JAN 1   494    HIGHEST SLP 30.29 ON 10
DPTR FM NORMAL   124    LOWEST  SLP 29.81 ON  2

[REMARKS]
#FINAL-04-16#
