000
CXHW51 PHFO 221250
CF6LIH
PRELIMINARY LOCAL CLIMATOLOGICAL DATA (WS FORM: F-6)

                                          STATION:   LIHUE HI
                                          MONTH:     JULY
                                          YEAR:      2014
                                          LATITUDE:   21 58 N
                                          LONGITUDE: 159 21 W

  TEMPERATURE IN F:       :PCPN:    SNOW:  WIND      :SUNSHINE: SKY     :PK WND
================================================================================
1   2   3   4   5  6A  6B    7    8   9   10  11  12  13   14  15   16   17  18
                                     12Z  AVG MX 2MIN
DY MAX MIN AVG DEP HDD CDD  WTR  SNW DPTH SPD SPD DIR MIN PSBL S-S WX    SPD DR
================================================================================

 1  83  75  79   0   0  14    T  0.0    0 11.5 16  50   M    M   7        18  60
 2  84  76  80   1   0  15 0.00  0.0    0 12.3 16  70   M    M   5        21  50
 3  85  75  80   1   0  15 0.03  0.0    0 15.2 21  50   M    M   6 18     24  60
 4  85  76  81   2   0  16    T  0.0    0 16.7 21  40   M    M   3        24  40
 5  83  76  80   1   0  15    T  0.0    0 14.8 21  50   M    M   7        24  60
 6  84  73  79   0   0  14 0.09  0.0    0 13.5 23  50   M    M   5 18     26  40
 7  84  74  79   0   0  14    T  0.0    0 13.9 20  80   M    M   6        23  60
 8  85  76  81   2   0  16    T  0.0    0 15.2 21  50   M    M   5 1      24  60
 9  82  73  78  -1   0  13 0.11  0.0    0 15.8 23  70   M    M   7 18     29  80
10  84  74  79   0   0  14 0.01  0.0    0 15.0 22  60   M    M   7 1      26  50
11  85  74  80   1   0  15    T  0.0    0 14.6 21  50   M    M   5        24  50
12  84  74  79   0   0  14 0.05  0.0    0 12.8 25  70   M    M   7 18     30  70
13  83  72  78  -1   0  13 0.18  0.0    0 11.4 16  70   M    M   7 1      20  70
14  84  76  80   1   0  15 0.03  0.0    0 13.1 18  70   M    M   9 18     22  80
15  85  76  81   2   0  16 0.00  0.0    0 13.1 14  40   M    M   5        16  40
16  85  76  81   2   0  16 0.02  0.0    0 14.2 21  70   M    M   6 1      25  70
17  84  74  79   0   0  14    T  0.0    0 16.3 25  60   M    M   7 1      31  60
18  85  77  81   2   0  16 0.00  0.0    0 14.6 14  50   M    M   3        17  60
19  86  75  81   2   0  16    T  0.0    0 12.9 20  50   M    M   5 1      23  60
20  83  74  79   0   0  14 0.89  0.0    0 13.8 18  80   M    M   9 13     23  80
21  84  75  80   1   0  15 0.00  0.0    0  9.2 20 100   M    M   5        23 100
================================================================================
SM 1767 1571         0 310  1.41     0.0 289.9          M      126
================================================================================
AV 84.1 74.8                              13.8 FASTST   M    M   6    MAX(MPH)
                                 MISC ---->  # 25  70               # 31   60
================================================================================
NOTES:
# LAST OF SEVERAL OCCURRENCES

COLUMN 17 PEAK WIND IN M.P.H.

PRELIMINARY LOCAL CLIMATOLOGICAL DATA (WS FORM: F-6) , PAGE 2

                                          STATION:  LIHUE HI
                                          MONTH:    JULY
                                          YEAR:     2014
                                          LATITUDE:   21 58 N
                                          LONGITUDE: 159 21 W

[TEMPERATURE DATA]      [PRECIPITATION DATA]       SYMBOLS USED IN COLUMN 16

AVERAGE MONTHLY: 79.5   TOTAL FOR MONTH:   1.41    1 = FOG OR MIST
DPTR FM NORMAL:   0.5   DPTR FM NORMAL:    0.21    2 = FOG REDUCING VISIBILITY
HIGHEST:    86 ON 19    GRTST 24HR  0.89 ON 20-20      TO 1/4 MILE OR LESS
LOWEST:     72 ON 13                               3 = THUNDER
                        SNOW, ICE PELLETS, HAIL    4 = ICE PELLETS
                        TOTAL MONTH:   0.0 INCH    5 = HAIL
                        GRTST 24HR     0.0         6 = FREEZING RAIN OR DRIZZLE
                        GRTST DEPTH:   0           7 = DUSTSTORM OR SANDSTORM:
                                                       VSBY 1/2 MILE OR LESS
                                                   8 = SMOKE OR HAZE
[NO. OF DAYS WITH]      [WEATHER - DAYS WITH]      9 = BLOWING SNOW
                                                   X = TORNADO
MAX 32 OR BELOW:   0    0.01 INCH OR MORE:   9
MAX 90 OR ABOVE:   0    0.10 INCH OR MORE:   3
MIN 32 OR BELOW:   0    0.50 INCH OR MORE:   1
MIN  0 OR BELOW:   0    1.00 INCH OR MORE:   0

[HDD (BASE 65) ]
TOTAL THIS MO.     0    CLEAR  (SCALE 0-3)   1
DPTR FM NORMAL     0    PTCLDY (SCALE 4-7)  18
TOTAL FM JUL 1     0    CLOUDY (SCALE 8-10)  2
DPTR FM NORMAL     0

[CDD (BASE 65) ]
TOTAL THIS MO.   310
DPTR FM NORMAL    16    [PRESSURE DATA]
TOTAL FM JAN 1  1911    HIGHEST SLP M ON M
DPTR FM NORMAL   -16    LOWEST  SLP 29.92 ON 20

[REMARKS]
