000
CXUS55 KPIH 201200
CF6LLJ

PRELIMINARY LOCAL CLIMATOLOGICAL DATA (WS FORM: F-6)

                                          STATION:   CHALLIS ID
                                          MONTH:     NOVEMBER
                                          YEAR:      2017
                                          LATITUDE:   44 31 N
                                          LONGITUDE: 114 13 W

  TEMPERATURE IN F:       :PCPN:    SNOW:  WIND      :SUNSHINE: SKY     :PK WND
================================================================================
1   2   3   4   5  6A  6B    7    8   9   10  11  12  13   14  15   16   17  18
                                     12Z  AVG MX 2MIN
DY MAX MIN AVG DEP HDD CDD  WTR  SNW DPTH SPD SPD DIR MIN PSBL S-S WX    SPD DR
================================================================================

 1   M  30   M   M   M   M    T    M    M  5.2 24 250   M    M   3 8      32 250
 2  44  35  40   3  25   0 0.01    M    M  3.1  9 330   M    M  10        11 360
 3  51  36  44   7  21   0 0.10    M    M  8.0 15 190   M    M   9        23 200
 4  43  25  34  -2  31   0 0.00    M    M  6.2 22 280   M    M   5 1      26 270
 5  43  17  30  -6  35   0    T    M    M  3.1 13 250   M    M   7 1      16 200
 6  38  17  28  -7  37   0    T    M    M  2.5 10 170   M    M   4 8      14 170
 7  36   9  23 -12  42   0 0.00    M    M  1.3  9 180   M    M   0        12 160
 8  39  19  29  -5  36   0 0.00    M    M  0.7  6 350   M    M   4         7 350
 9  49  30  40   6  25   0    T    M    M  3.1 18 300   M    M   8 8      25 290
10  49  29  39   6  26   0 0.01    M    M  3.1 22 260   M    M   8 1      27 260
11  50  25  38   5  27   0 0.01    M    M  3.3 12 200   M    M   7        15 170
12  46  21  34   2  31   0 0.00    M    M  1.4  8 150   M    M   4         9 150
13  58  19  39   7  26   0    T    M    M  5.5 26 220   M    M   1        33 230
14  46  20  33   2  32   0 0.11    M    M  5.9 24 290   M    M   4 1      34 290
15  40  18  29  -1  36   0 0.02    M    M  0.9  8 180   M    M   2         9 170
16  50  32  41  11  24   0 0.09    M    M  6.0 20 240   M    M   6        29 240
17  42  24  33   4  32   0    T    M    M  6.9 28 270   M    M   5 8      37 260
18  38  17  28  -1  37   0 0.00    M    M  1.7  8 140   M    M   0         9 140
19  39  16  28   0  37   0 0.00    M    M  1.5  9 180   M    M   0        10 220
================================================================================
SM  801  439       560   0  0.35    M     69.4          M       87
================================================================================
AV 44.5 23.1                               3.7 FASTST   M    M   5    MAX(MPH)
                                 MISC ---->  # 28 270               # 37  260
================================================================================
NOTES:
# LAST OF SEVERAL OCCURRENCES
PRECIPITATION SUSPECT DURING FREEZING/FROZEN EVENTS

COLUMN 17 PEAK WIND IN M.P.H.

PRELIMINARY LOCAL CLIMATOLOGICAL DATA (WS FORM: F-6) , PAGE 2

                                          STATION:  CHALLIS ID
                                          MONTH:    NOVEMBER
                                          YEAR:     2017
                                          LATITUDE:   44 31 N
                                          LONGITUDE: 114 13 W

[TEMPERATURE DATA]      [PRECIPITATION DATA]       SYMBOLS USED IN COLUMN 16

AVERAGE MONTHLY: 33.8   TOTAL FOR MONTH:   0.35    1 = FOG OR MIST
DPTR FM NORMAL:   0.7   DPTR FM NORMAL:    0.01    2 = FOG REDUCING VISIBILITY
HIGHEST:    58 ON 13    GRTST 24HR  0.11 ON 14-14      TO 1/4 MILE OR LESS
LOWEST:      9 ON  7                               3 = THUNDER
                        SNOW, ICE PELLETS, HAIL    4 = ICE PELLETS
                        TOTAL MONTH:    M          5 = HAIL
                        GRTST 24HR    M  ON   M    6 = FREEZING RAIN OR DRIZZLE
                        GRTST DEPTH:  M  ON   M    7 = DUSTSTORM OR SANDSTORM:
                                                       VSBY 1/2 MILE OR LESS
                                                   8 = SMOKE OR HAZE
[NO. OF DAYS WITH]      [WEATHER - DAYS WITH]      9 = BLOWING SNOW
                                                   X = TORNADO
MAX 32 OR BELOW:   0    0.01 INCH OR MORE:   7
MAX 90 OR ABOVE:   0    0.10 INCH OR MORE:   2
MIN 32 OR BELOW:  17    0.50 INCH OR MORE:   0
MIN  0 OR BELOW:   0    1.00 INCH OR MORE:   0

[HDD (BASE 65) ]
TOTAL THIS MO.   560    CLEAR  (SCALE 0-3)   6
DPTR FM NORMAL   -47    PTCLDY (SCALE 4-7)  10
TOTAL FM JUL 1  1591    CLOUDY (SCALE 8-10)  3
DPTR FM NORMAL   -10

[CDD (BASE 65) ]
TOTAL THIS MO.     0
DPTR FM NORMAL     0    [PRESSURE DATA]
TOTAL FM JAN 1   378    HIGHEST SLP M ON M
DPTR FM NORMAL   130    LOWEST  SLP 29.67 ON 16

[REMARKS]
