000
CXUS55 KPIH 261200
CF6LLJ

PRELIMINARY LOCAL CLIMATOLOGICAL DATA (WS FORM: F-6)

                                          STATION:   CHALLIS ID
                                          MONTH:     SEPTEMBER
                                          YEAR:      2016
                                          LATITUDE:   44 31 N
                                          LONGITUDE: 114 13 W

  TEMPERATURE IN F:       :PCPN:    SNOW:  WIND      :SUNSHINE: SKY     :PK WND
================================================================================
1   2   3   4   5  6A  6B    7    8   9   10  11  12  13   14  15   16   17  18
                                     12Z  AVG MX 2MIN
DY MAX MIN AVG DEP HDD CDD  WTR  SNW DPTH SPD SPD DIR MIN PSBL S-S WX    SPD DR
================================================================================

 1  88  50  69   8   0   4    T    M    M  6.9 24 170   M    M   0 3      31 180
 2  73  48  61   0   4   0    T    M    M  7.5 32 280   M    M   3        41 270
 3  68  42  55  -5  10   0 0.00    M    M  2.9 22 240   M    M   2        29  40
 4  65  41  53  -7  12   0 0.19    M    M  4.6 25 200   M    M   4 1      32 180
 5  62  42  52  -8  13   0 0.02    M    M  4.2 12 360   M    M   6        14 310
 6  69  33  51  -9  14   0 0.00    M    M  4.6 18 250   M    M   2        24 240
 7  72  38  55  -4  10   0 0.00    M    M  5.0 16 260   M    M   1        22 250
 8  75  46  61   2   4   0 0.00    M    M  7.2 22 320   M    M   4        28 300
 9  71  38  55  -3  10   0 0.00    M    M  4.0 14 330   M    M   0        17 330
10  81  35  58   0   7   0 0.00    M    M  3.5 16 260   M    M   3 8      21 270
11  80  40  60   2   5   0 0.00    M    M  9.4 28 280   M    M   1 8      42 280
12  55  40  48  -9  17   0 0.03    M    M  9.0 17  30   M    M   7        22  30
13  60  27  44 -13  21   0 0.00    M    M  2.2  9 310   M    M   2 1      11 310
14  55  41  48  -9  17   0 0.14    M    M  3.4 10 350   M    M   9 1      13 360
15  70  38  54  -2  11   0 0.00    M    M  2.0  7  40   M    M   2         9  40
16  75  36  56   0   9   0    T    M    M  2.1  9 280   M    M   1        12 270
17  77  39  58   2   7   0 0.00    M    M  6.4 28 270   M    M   4        36 250
18  75  52  64   9   1   0    T    M    M  7.2 24 260   M    M   8        38 270
19  78  42  60   5   5   0 0.00    M    M  5.3 24 210   M    M   1 8      33 210
20  80  43  62   8   3   0    T    M    M  5.4 26 200   M    M   3 8      34 200
21  67  46  57   3   8   0    T    M    M  5.7 18 230   M    M   4        25 160
22  56  48  52  -2  13   0    M    M    M  6.4 10 340   M    M   5         M  M
23  56  42  49  -4  16   0 0.01    M    M  7.2 17 320   M    M   8        24 330
24  64  37  51  -2  14   0 0.00    M    M  5.7 18  30   M    M   2        26  40
25  71  32  52   0  13   0 0.00    M    M  1.7  9 310   M    M   1        10 130
================================================================================
SM 1743 1016       244   4  0.39    M    129.5          M       83
================================================================================
AV 69.7 40.6                               5.2 FASTST   M    M   3    MAX(MPH)
                                 MISC ---->  # 32 280               # 42  280
================================================================================
NOTES:
# LAST OF SEVERAL OCCURRENCES
PRECIPITATION SUSPECT DURING FREEZING/FROZEN EVENTS

COLUMN 17 PEAK WIND IN M.P.H.

PRELIMINARY LOCAL CLIMATOLOGICAL DATA (WS FORM: F-6) , PAGE 2

                                          STATION:  CHALLIS ID
                                          MONTH:    SEPTEMBER
                                          YEAR:     2016
                                          LATITUDE:   44 31 N
                                          LONGITUDE: 114 13 W

[TEMPERATURE DATA]      [PRECIPITATION DATA]       SYMBOLS USED IN COLUMN 16

AVERAGE MONTHLY: 55.2   TOTAL FOR MONTH:   0.39    1 = FOG OR MIST
DPTR FM NORMAL:  -1.7   DPTR FM NORMAL:   -0.26    2 = FOG REDUCING VISIBILITY
HIGHEST:    88 ON  1    GRTST 24HR  0.21 ON  4- 5      TO 1/4 MILE OR LESS
LOWEST:     27 ON 13                               3 = THUNDER
                        SNOW, ICE PELLETS, HAIL    4 = ICE PELLETS
                        TOTAL MONTH:    M          5 = HAIL
                        GRTST 24HR    M  ON   M    6 = FREEZING RAIN OR DRIZZLE
                        GRTST DEPTH:  M  ON   M    7 = DUSTSTORM OR SANDSTORM:
                                                       VSBY 1/2 MILE OR LESS
                                                   8 = SMOKE OR HAZE
[NO. OF DAYS WITH]      [WEATHER - DAYS WITH]      9 = BLOWING SNOW
                                                   X = TORNADO
MAX 32 OR BELOW:   0    0.01 INCH OR MORE:   5
MAX 90 OR ABOVE:   0    0.10 INCH OR MORE:   2
MIN 32 OR BELOW:   2    0.50 INCH OR MORE:   0
MIN  0 OR BELOW:   0    1.00 INCH OR MORE:   0

[HDD (BASE 65) ]
TOTAL THIS MO.   244    CLEAR  (SCALE 0-3)  14
DPTR FM NORMAL    35    PTCLDY (SCALE 4-7)   9
TOTAL FM JUL 1   306    CLOUDY (SCALE 8-10)  2
DPTR FM NORMAL    24

[CDD (BASE 65) ]
TOTAL THIS MO.     4
DPTR FM NORMAL     0    [PRESSURE DATA]
TOTAL FM JAN 1   277    HIGHEST SLP M ON M
DPTR FM NORMAL    31    LOWEST  SLP 29.69 ON  4

[REMARKS]
