000
CXUS55 KRIW 220901
CF6LND
PRELIMINARY LOCAL CLIMATOLOGICAL DATA (WS FORM: F-6)

                                          STATION:   LANDER WY
                                          MONTH:     OCTOBER
                                          YEAR:      2014
                                          LATITUDE:   42 49 N
                                          LONGITUDE: 108 44 W

  TEMPERATURE IN F:       :PCPN:    SNOW:  WIND      :SUNSHINE: SKY     :PK WND
================================================================================
1   2   3   4   5  6A  6B    7    8   9   10  11  12  13   14  15   16   17  18
                                     12Z  AVG MX 2MIN
DY MAX MIN AVG DEP HDD CDD  WTR  SNW DPTH SPD SPD DIR MIN PSBL S-S WX    SPD DR
================================================================================

 1  48  34  41 -10  24   0 0.18  0.0    0  5.6 21  20   M    M   5 1      26  20
 2  63  31  47  -4  18   0    T  0.0    0  5.8 20 190   M    M   2 18     27 210
 3  59  30  45  -6  20   0 0.01    T    0  3.2 12 230   M    M   1 1      14  80
 4  73  32  53   3  12   0 0.00  0.0    0  5.3 16 350   M    M   0        19 360
 5  71  44  58   8   7   0 0.00  0.0    0  5.1 13 260   M    M   0        16 230
 6  75  44  60  11   5   0 0.00  0.0    0  6.4 15 150   M    M   0        18 150
 7  76  45  61  12   4   0 0.00  0.0    0  6.8 14 250   M    M   1        19 220
 8  75  43  59  10   6   0 0.00  0.0    0  4.3 15 260   M    M   0        18 250
 9  70  46  58  10   7   0 0.01  0.0    0  6.8 23 320   M    M   3        27 320
10  70  43  57   9   8   0    T  0.0    0  6.2 23 250   M    M   4        28 220
11  68  39  54   6  11   0 0.00  0.0    0  5.5 24 290   M    M   0        32 290
12  56  35  46  -1  19   0 0.30  0.0    0  7.7 28 360   M    M   8 1      36 360
13  59  32  46  -1  19   0 0.00  0.0    0  4.4 13 120   M    M   0        16 120
14  68  35  52   6  13   0 0.00  0.0    0  2.2 18 180   M    M   0 8      24 170
15  71  39  55   9  10   0 0.00  0.0    0  9.8 31 220   M    M   0        42 220
16  62  37  50   4  15   0 0.00  0.0    0  7.1 17 110   M    M   0        20 160
17  61  32  47   2  18   0 0.00  0.0    0  4.6 14 250   M    M   0        14 250
18  69  34  52   7  13   0 0.00  0.0    0  2.0 13 240   M    M   0        14 240
19  69  42  56  11   9   0 0.00  0.0    0  4.0 14 250   M    M   0        15 250
20  71  38  55  11  10   0 0.00  0.0    0  4.5 21 210   M    M   0 8      24 210
21  71  36  54  10  11   0    T  0.0    0  7.8 38 260   M    M   2 8      49 250
================================================================================
SM 1405  791       259   0  0.50    T    115.1          M       26
================================================================================
AV 66.9 37.7                               5.5 FASTST   M    M   1    MAX(MPH)
                                 MISC ---->  # 38 260               # 49  250
================================================================================
NOTES:
# LAST OF SEVERAL OCCURRENCES

COLUMN 17 PEAK WIND IN M.P.H.

PRELIMINARY LOCAL CLIMATOLOGICAL DATA (WS FORM: F-6) , PAGE 2

                                          STATION:  LANDER WY
                                          MONTH:    OCTOBER
                                          YEAR:     2014
                                          LATITUDE:   42 49 N
                                          LONGITUDE: 108 44 W

[TEMPERATURE DATA]      [PRECIPITATION DATA]       SYMBOLS USED IN COLUMN 16

AVERAGE MONTHLY: 52.3   TOTAL FOR MONTH:   0.50    1 = FOG OR MIST
DPTR FM NORMAL:   4.7   DPTR FM NORMAL:   -0.42    2 = FOG REDUCING VISIBILITY
HIGHEST:    76 ON  7    GRTST 24HR  0.30 ON 12-12      TO 1/4 MILE OR LESS
LOWEST:     30 ON  3                               3 = THUNDER
                        SNOW, ICE PELLETS, HAIL    4 = ICE PELLETS
                        TOTAL MONTH:    T          5 = HAIL
                        GRTST 24HR    T  ON  3- 3  6 = FREEZING RAIN OR DRIZZLE
                        GRTST DEPTH:   0           7 = DUSTSTORM OR SANDSTORM:
                                                       VSBY 1/2 MILE OR LESS
                                                   8 = SMOKE OR HAZE
[NO. OF DAYS WITH]      [WEATHER - DAYS WITH]      9 = BLOWING SNOW
                                                   X = TORNADO
MAX 32 OR BELOW:   0    0.01 INCH OR MORE:   4
MAX 90 OR ABOVE:   0    0.10 INCH OR MORE:   2
MIN 32 OR BELOW:   5    0.50 INCH OR MORE:   0
MIN  0 OR BELOW:   0    1.00 INCH OR MORE:   0

[HDD (BASE 65) ]
TOTAL THIS MO.   259    CLEAR  (SCALE 0-3)  18
DPTR FM NORMAL  -108    PTCLDY (SCALE 4-7)   2
TOTAL FM JUL 1   456    CLOUDY (SCALE 8-10)  1
DPTR FM NORMAL  -170

[CDD (BASE 65) ]
TOTAL THIS MO.     0
DPTR FM NORMAL     0    [PRESSURE DATA]
TOTAL FM JAN 1   445    HIGHEST SLP M ON M
DPTR FM NORMAL   -27    LOWEST  SLP 29.76 ON 11

[REMARKS]
