000
CXUS55 KRIW 240945
CF6LND
PRELIMINARY LOCAL CLIMATOLOGICAL DATA (WS FORM: F-6)

                                          STATION:   LANDER WY
                                          MONTH:     MAY
                                          YEAR:      2017
                                          LATITUDE:   42 49 N
                                          LONGITUDE: 108 44 W

  TEMPERATURE IN F:       :PCPN:    SNOW:  WIND      :SUNSHINE: SKY     :PK WND
================================================================================
1   2   3   4   5  6A  6B    7    8   9   10  11  12  13   14  15   16   17  18
                                     12Z  AVG MX 2MIN
DY MAX MIN AVG DEP HDD CDD  WTR  SNW DPTH SPD SPD DIR MIN PSBL S-S WX    SPD DR
================================================================================

 1  55  33  44  -4  21   0 0.00  0.0    0  6.2 15 150   M    M   5        18 140
 2  61  34  48  -1  17   0 0.00  0.0    0  6.3 17  30   M    M   4        21  30
 3  61  36  49   0  16   0 0.00  0.0    0  5.5 15 120   M    M   3        19 150
 4  72  38  55   5  10   0 0.00  0.0    0  5.0 14 240   M    M   0        16 110
 5  80  44  62  12   3   0 0.00  0.0    0  5.4 16 220   M    M   0        19 230
 6  74  46  60  10   5   0 0.00  0.0    0  9.6 33 200   M    M   1        47 150
 7  72  49  61  11   4   0 0.00  0.0    0  9.2 35 250   M    M   1 3      44 250
 8  55  46  51   0  14   0 0.02  0.0    0  4.5 13  10   M    M   8 1      15  10
 9  66  41  54   3  11   0 0.10  0.0    0  5.9 17  10   M    M   6 3      21  10
10  64  42  53   1  12   0 0.00  0.0    0  4.4 12 240   M    M   3        16  40
11  74  41  58   6   7   0 0.00  0.0    0  5.4 14 240   M    M   0        16 250
12  80  46  63  11   2   0 0.00  0.0    0 11.6 31 170   M    M   0        38 170
13  73  37  55   3  10   0    T  0.0    0 12.3 40 240   M    M   1        52 230
14  66  32  49  -4  16   0 0.00  0.0    0  5.4 22 250   M    M   1        26 220
15  72  43  58   5   7   0 0.00  0.0    0  6.8 21  20   M    M   2        26 210
16  61  42  52  -1  13   0 0.19  0.0    0  7.6 35 210   M    M   5 13     41 200
17  54  37  46  -8  19   0 0.00  0.0    0  9.0 26 230   M    M   2        33 220
18  39  32  36 -18  29   0 1.38  6.3    5  6.2 16  20   M    M  10 12     20  20
19  44  30  37 -17  28   0 0.04    M    M  4.6 14 240   M    M   7 1      17 170
20  60  31  46  -9  19   0    T  0.0    0  5.6 20 320   M    M   3        25 320
21  60  41  51  -4  14   0    T  0.0    0  5.9 15 240   M    M   8        17 350
22  62  37  50  -5  15   0 0.11  0.0    0  9.4 36  30   M    M   5 1      41  30
23  66  35  51  -5  14   0 0.00  0.0    0  4.7 13 110   M    M   0        16 120
================================================================================
SM 1471  893       306   0  1.84     6.3 156.5          M       75
================================================================================
AV 64.0 38.8                               6.8 FASTST   M    M   3    MAX(MPH)
                                 MISC ---->  # 40 240               # 52  230
================================================================================
NOTES:
# LAST OF SEVERAL OCCURRENCES

COLUMN 17 PEAK WIND IN M.P.H.

PRELIMINARY LOCAL CLIMATOLOGICAL DATA (WS FORM: F-6) , PAGE 2

                                          STATION:  LANDER WY
                                          MONTH:    MAY
                                          YEAR:     2017
                                          LATITUDE:   42 49 N
                                          LONGITUDE: 108 44 W

[TEMPERATURE DATA]      [PRECIPITATION DATA]       SYMBOLS USED IN COLUMN 16

AVERAGE MONTHLY: 51.4   TOTAL FOR MONTH:   1.84    1 = FOG OR MIST
DPTR FM NORMAL:  -0.7   DPTR FM NORMAL:    0.17    2 = FOG REDUCING VISIBILITY
HIGHEST:    80 ON 12, 5 GRTST 24HR  1.38 ON 18-18      TO 1/4 MILE OR LESS
LOWEST:     30 ON 19                               3 = THUNDER
                        SNOW, ICE PELLETS, HAIL    4 = ICE PELLETS
                        TOTAL MONTH:   6.3 INCHES  5 = HAIL
                        GRTST 24HR   6.3 ON 18-18  6 = FREEZING RAIN OR DRIZZLE
                        GRTST DEPTH:   5 ON 18     7 = DUSTSTORM OR SANDSTORM:
                                                       VSBY 1/2 MILE OR LESS
                                                   8 = SMOKE OR HAZE
[NO. OF DAYS WITH]      [WEATHER - DAYS WITH]      9 = BLOWING SNOW
                                                   X = TORNADO
MAX 32 OR BELOW:   0    0.01 INCH OR MORE:   6
MAX 90 OR ABOVE:   0    0.10 INCH OR MORE:   4
MIN 32 OR BELOW:   4    0.50 INCH OR MORE:   1
MIN  0 OR BELOW:   0    1.00 INCH OR MORE:   1

[HDD (BASE 65) ]
TOTAL THIS MO.   306    CLEAR  (SCALE 0-3)  13
DPTR FM NORMAL     6    PTCLDY (SCALE 4-7)   8
TOTAL FM JUL 1  7391    CLOUDY (SCALE 8-10)  2
DPTR FM NORMAL  -163

[CDD (BASE 65) ]
TOTAL THIS MO.     0
DPTR FM NORMAL     0    [PRESSURE DATA]
TOTAL FM JAN 1     0    HIGHEST SLP M ON M
DPTR FM NORMAL     0    LOWEST  SLP 29.46 ON 17

[REMARKS]
