340
CXUS53 KOAX 291000
CF6LNK
PRELIMINARY LOCAL CLIMATOLOGICAL DATA (WS FORM: F-6)

                                          STATION:   LINCOLN, NEBRASKA
                                          MONTH:     APRIL
                                          YEAR:      2016
                                          LATITUDE:   40 50 N
                                          LONGITUDE:  96 45 W

  TEMPERATURE IN F:       :PCPN:    SNOW:  WIND      :SUNSHINE: SKY     :PK WND
================================================================================
1   2   3   4   5  6A  6B    7    8   9   10  11  12  13   14  15   16   17  18
                                     12Z  AVG MX 2MIN
DY MAX MIN AVG DEP HDD CDD  WTR  SNW DPTH SPD SPD DIR MIN PSBL S-S WX    SPD DR
================================================================================

 1  45  27  36 -10  29   0 0.03  0.0    0 15.3 28 350   M    M   6        33 310
 2  62  27  45  -2  20   0 0.00  0.0    0 11.7 25 330   M    M   0        33 340
 3  85  36  61  14   4   0    T  0.0    0 14.7 30 270   M    M   0        37 280
 4  62  36  49   2  16   0 0.00  0.0    0  9.8 22 130   M    M   0        26 130
 5  79  44  62  14   3   0 0.01  0.0    0 16.1 31 160   M    M   2        37 200
 6  64  41  53   5  12   0 0.00  0.0    0 17.7 33 330   M    M   1        46 300
 7  61  33  47  -1  18   0 0.00  0.0    0 18.7 43 330   M    M   2        54 340
 8  60  29  45  -4  20   0 0.00  0.0    0 14.1 30 340   M    M   0        41 360
 9  63  27  45  -4  20   0 0.00  0.0    0 15.2 29 160   M    M   0        36 160
10  69  42  56   6   9   0 0.00  0.0    0 14.3 29  10   M    M   2        37  10
11  57  30  44  -6  21   0 0.00  0.0    0 12.4 23 350   M    M   1        30  10
12  69  23  46  -4  19   0 0.00  0.0    0 11.3 24 180   M    M   2 8      30 180
13  79  39  59   8   6   0 0.00  0.0    0 12.2 24 190   M    M   0 8      30 200
14  77  48  63  12   2   0 0.00  0.0    0 13.9 25 170   M    M   0 18     31 180
15  80  47  64  13   1   0 0.00  0.0    0 18.3 32 170   M    M   0        39 190
16  73  59  66  14   0   1 0.00  0.0    0 14.9 23 160   M    M   7        30 130
17  72  61  67  15   0   2 0.25  0.0    0 12.2 23 140   M    M   9 1      29 180
18  61  48  55   3  10   0 0.73  0.0    0  8.9 20 320   M    M  10 1      25 330
19  63  48  56   3   9   0    T  0.0    0  5.2 12  20   M    M   8 1      18  20
20  61  51  56   3   9   0 1.23  0.0    0 13.4 26 350   M    M   8 1      32 350
21  72  52  62   8   3   0 0.03  0.0    0 15.8 28 350   M    M   8 1      33 350
22  70  43  57   3   8   0 0.00  0.0    0  5.5 13  10   M    M   1        15  10
23  82  47  65  11   0   0 0.00  0.0    0 16.3 31 180   M    M   0 18     41 160
24  82  56  69  14   0   4 0.04  0.0    0 16.8 32 180   M    M   3 3      41 180
25  77  51  64   9   1   0 0.00  0.0    0  9.2 18 280   M    M   0        27 280
26  79  52  66  11   0   1 0.61  0.0    0 13.1 23  50   M    M   6 138    30  60
27  64  46  55  -1  10   0 0.67  0.0    0 15.1 31 100   M    M   9 1      39 100
28  53  47  50  -6  15   0    T  0.0    0 12.0 21 330   M    M  10        26 340
================================================================================
SM 1921 1190       265   8  3.60     0.0 374.1          M       95
================================================================================
AV 68.6 42.5                              13.4 FASTST   M    M   3    MAX(MPH)
                                 MISC ---->  # 43 330               # 54  340
================================================================================
NOTES:
# LAST OF SEVERAL OCCURRENCES

COLUMN 17 PEAK WIND IN M.P.H.

PRELIMINARY LOCAL CLIMATOLOGICAL DATA (WS FORM: F-6) , PAGE 2

                                          STATION:  LINCOLN, NEBRASKA
                                          MONTH:    APRIL
                                          YEAR:     2016
                                          LATITUDE:   40 50 N
                                          LONGITUDE:  96 45 W

[TEMPERATURE DATA]      [PRECIPITATION DATA]       SYMBOLS USED IN COLUMN 16

AVERAGE MONTHLY: 55.6   TOTAL FOR MONTH:   3.60    1 = FOG OR MIST
DPTR FM NORMAL:   4.4   DPTR FM NORMAL:    1.12    2 = FOG REDUCING VISIBILITY
HIGHEST:    85 ON  3    GRTST 24HR  1.28 ON 26-27      TO 1/4 MILE OR LESS
LOWEST:     23 ON 12                               3 = THUNDER
                        SNOW, ICE PELLETS, HAIL    4 = ICE PELLETS
                        TOTAL MONTH:   0.0 INCH    5 = HAIL
                        GRTST 24HR     0.0         6 = FREEZING RAIN OR DRIZZLE
                        GRTST DEPTH:   0           7 = DUSTSTORM OR SANDSTORM:
                                                       VSBY 1/2 MILE OR LESS
                                                   8 = SMOKE OR HAZE
[NO. OF DAYS WITH]      [WEATHER - DAYS WITH]      9 = BLOWING SNOW
                                                   X = TORNADO
MAX 32 OR BELOW:   0    0.01 INCH OR MORE:   9
MAX 90 OR ABOVE:   0    0.10 INCH OR MORE:   5
MIN 32 OR BELOW:   6    0.50 INCH OR MORE:   4
MIN  0 OR BELOW:   0    1.00 INCH OR MORE:   1

[HDD (BASE 65) ]
TOTAL THIS MO.   265    CLEAR  (SCALE 0-3)  18
DPTR FM NORMAL  -133    PTCLDY (SCALE 4-7)   5
TOTAL FM JUL 1  4720    CLOUDY (SCALE 8-10)  5
DPTR FM NORMAL -1154

[CDD (BASE 65) ]
TOTAL THIS MO.     8
DPTR FM NORMAL    -3    [PRESSURE DATA]
TOTAL FM JAN 1     9    HIGHEST SLP M ON M
DPTR FM NORMAL    -3    LOWEST  SLP 29.33 ON 27

[REMARKS]
