000
CXUS53 KMKX 290958
CF6LNR
PRELIMINARY LOCAL CLIMATOLOGICAL DATA (WS FORM: F-6)

                                          STATION:   LONE ROCK WI
                                          MONTH:     MAY
                                          YEAR:      2015
                                          LATITUDE:   43 12 N
                                          LONGITUDE:  90 11 W

  TEMPERATURE IN F:       :PCPN:    SNOW:  WIND      :SUNSHINE: SKY     :PK WND
================================================================================
1   2   3   4   5  6A  6B    7    8   9   10  11  12  13   14  15   16   17  18
                                     12Z  AVG MX 2MIN
DY MAX MIN AVG DEP HDD CDD  WTR  SNW DPTH SPD SPD DIR MIN PSBL S-S WX    SPD DR
================================================================================

 1  68  33  51  -3  14   0 0.00    M    M  3.6 13 260   M    M   3        18 200
 2  79  53  66  12   0   1 0.00    M    M  6.9 23 190   M    M   5        28 190
 3  77  56  67  13   0   2 0.50    M    M  8.7 23 350   M    M   4 13     29 360
 4  76  56  66  11   0   1 0.03  0.0    0  5.9 15 100   M    M   5 1      20 110
 5  60  49  55   0  10   0 0.78    M    0 11.1 25  90   M    M  10 1      31 100
 6  78  52  65  10   0   0    T  0.0    0  9.2 18 130   M    M   7 18     24 130
 7  82  61  72  16   0   7 0.20  0.0    0 11.2 30 230   M    M   3 138    44 230
 8  72  58  65   9   0   0 0.00  0.0    0  6.4 16 290   M    M   6        20 280
 9  69  57  63   7   2   0 0.00  0.0    0  7.1 18 100   M    M  10        22 100
10  61  51  56  -1   9   0 0.07  0.0    0 12.3 22  90   M    M  10 1      26  90
11  64  47  56  -1   9   0    T    M    M 12.7 22 220   M    M   8 1      30 220
12  54  35  45 -12  20   0    T    M    0 12.4 25 290   M    M   7        32 280
13  64  32  48 -10  17   0 0.00  0.0    0  6.2 15 100   M    M   0        20 130
14  66  43  55  -3  10   0 0.17  0.0    0 11.6 23 150   M    M   4 1      33 140
15  75  56  66   8   0   1 0.03  0.0    0  4.9 14 280   M    M   7 1      17 290
16  81  60  71  12   0   6 0.06  0.0    0  6.1 15 170   M    M   6 1      20 170
17  81  65  73  14   0   8 0.00  0.0    0 13.7 30 200   M    M   6 1      35 200
18  68  45  57  -2   8   0 0.00  0.0    0 15.1 28 280   M    M   6        34 280
19  57  42  50 -10  15   0    T    M    0  9.4 20 340   M    M   5 1      27 350
20  52  41  47 -13  18   0 0.00  0.0    0  3.3 10 200   M    M   7        13 210
21  74  40  57  -3   8   0 0.00  0.0    0  7.7 18 260   M    M   1        25 270
22  75  38  57  -3   8   0 0.00  0.0    0  2.5  9  80   M    M   0        13 290
23  80  44  62   1   3   0 0.00  0.0    0  3.5 16 200   M    M   1        22 200
24  61  52  57  -4   8   0 0.74  0.0    0  8.1 17 100   M    M   9 1      23  90
25  79  61  70   9   0   5 0.38  0.0    0  8.5 22 220   M    M   6 1      29 220
26  75  60  68   6   0   3 1.26  0.0    0  7.9 24 210   M    M   7 13     31 250
27  78  59  69   7   0   4 0.01  0.0    0  6.2 15 290   M    M   5 1      20 290
28  82  56  69   7   0   4 0.00    M    M  6.2 20 170   M    M   0 1      30 150
================================================================================
SM 1988 1402       159  42  4.23     0.0 228.4          M      148
================================================================================
AV 71.0 50.1                               8.2 FASTST   M    M   5    MAX(MPH)
                                 MISC ---->  # 30 230               # 44  230
================================================================================
NOTES:
# LAST OF SEVERAL OCCURRENCES

COLUMN 17 PEAK WIND IN M.P.H.

PRELIMINARY LOCAL CLIMATOLOGICAL DATA (WS FORM: F-6) , PAGE 2

                                          STATION:  LONE ROCK WI
                                          MONTH:    MAY
                                          YEAR:     2015
                                          LATITUDE:   43 12 N
                                          LONGITUDE:  90 11 W

[TEMPERATURE DATA]      [PRECIPITATION DATA]       SYMBOLS USED IN COLUMN 16

AVERAGE MONTHLY: 60.5   TOTAL FOR MONTH:   4.23    1 = FOG OR MIST
DPTR FM NORMAL:   2.5   DPTR FM NORMAL:    0.68    2 = FOG REDUCING VISIBILITY
HIGHEST:    82 ON 28, 7 GRTST 24HR  1.27 ON 26-27      TO 1/4 MILE OR LESS
LOWEST:     32 ON 13                               3 = THUNDER
                        SNOW, ICE PELLETS, HAIL    4 = ICE PELLETS
                        TOTAL MONTH:   0.0 INCH    5 = HAIL
                        GRTST 24HR     0.0         6 = FREEZING RAIN OR DRIZZLE
                        GRTST DEPTH:   0           7 = DUSTSTORM OR SANDSTORM:
                                                       VSBY 1/2 MILE OR LESS
                                                   8 = SMOKE OR HAZE
[NO. OF DAYS WITH]      [WEATHER - DAYS WITH]      9 = BLOWING SNOW
                                                   X = TORNADO
MAX 32 OR BELOW:   0    0.01 INCH OR MORE:  12
MAX 90 OR ABOVE:   0    0.10 INCH OR MORE:   7
MIN 32 OR BELOW:   1    0.50 INCH OR MORE:   4
MIN  0 OR BELOW:   0    1.00 INCH OR MORE:   1

[HDD (BASE 65) ]
TOTAL THIS MO.   159    CLEAR  (SCALE 0-3)   7
DPTR FM NORMAL   -63    PTCLDY (SCALE 4-7)  16
TOTAL FM JUL 1  7067    CLOUDY (SCALE 8-10)  5
DPTR FM NORMAL  -174

[CDD (BASE 65) ]
TOTAL THIS MO.    42
DPTR FM NORMAL    16    [PRESSURE DATA]
TOTAL FM JAN 1    42    HIGHEST SLP M ON M
DPTR FM NORMAL    14    LOWEST  SLP 29.61 ON 26

[REMARKS]
