000
CXUS53 KLMK 270800
CF6LOU
PRELIMINARY LOCAL CLIMATOLOGICAL DATA (WS FORM: F-6)

                                          STATION:   LOUISVILLE BOWMAN KY
                                          MONTH:     DECEMBER
                                          YEAR:      2014
                                          LATITUDE:   38 13 N
                                          LONGITUDE:  85 40 W

  TEMPERATURE IN F:       :PCPN:    SNOW:  WIND      :SUNSHINE: SKY     :PK WND
================================================================================
1   2   3   4   5  6A  6B    7    8   9   10  11  12  13   14  15   16   17  18
                                     12Z  AVG MX 2MIN
DY MAX MIN AVG DEP HDD CDD  WTR  SNW DPTH SPD SPD DIR MIN PSBL S-S WX    SPD DR
================================================================================

 1  65  34  50   9  15   0 0.68    M    M  9.2 16 360   M    M  10 1      23 360
 2  40  35  38  -3  27   0    T    M    M  4.8 12 270   M    M  10 1      13 270
 3  43  33  38  -2  27   0 0.00    M    M  6.9 16 300   M    M   6        22 260
 4  41  32  37  -3  28   0 0.26    M    M  2.9  9 110   M    M   8 1      17  90
 5  59  41  50  10  15   0 0.20    M    M  1.0  8 130   M    M  10 1      10 150
 6  59  41  50  11  15   0 0.88    M    M 10.5 21 330   M    M  10 18     30 320
 7  45  33  39   0  26   0 0.00    M    M  7.2 15  70   M    M   3        21  70
 8  50  32  41   2  24   0    T    M    M  5.5 21 280   M    M   4        26 280
 9  44  36  40   2  25   0    T    M    M  9.1 16 310   M    M  10 1      20 310
10  40  34  37  -1  28   0 0.00    M    M  7.8 13 330   M    M  10        19 330
11  42  30  36  -2  29   0 0.00    M    M  5.8 14 300   M    M   5        17 300
12  44  25  35  -3  30   0 0.00    M    M  4.8 15 300   M    M   3 18     18 300
13  47  40  44   6  21   0 0.00    M    M  2.4  8 230   M    M  10 8      11 330
14  47  44  46   9  19   0 0.00    M    M  2.9  7 150   M    M  10 18     10 140
15  53  42  48  11  17   0    T    M    M  5.5 13 140   M    M   9        18 130
16  55  37  46   9  19   0 0.24    M    M 11.3 20 260   M    M  10 13     25 250
17  37  30  34  -3  31   0    T    M    M  8.1 14 260   M    M   9 1      17 290
18  33  29  31  -5  34   0 0.00    M    M  3.5  8  20   M    M  10        12  20
19  35  27  31  -5  34   0 0.00    M    M  4.1  9 320   M    M   4 8      12 320
20  38  27  33  -3  32   0    T    M    M  2.5  7 340   M    M   8 18      9 360
21  43  21  32  -4  33   0 0.00    M    M  3.2 12 100   M    M   0 18     15 100
22  54  35  45   9  20   0 0.21    M    M  4.0 13 140   M    M  10 1      17 130
23  56  52  54  18  11   0 0.12    M    M  4.0 13 140   M    M  10 1      18 140
24  56  40  48  12  17   0 0.20    M    M  8.2 23 270   M    M  10 1      30 270
25  45  35  40   4  25   0    T    M    M  6.8 17 260   M    M   7        24 220
26  55  31  43   8  22   0 0.00    M    M  5.2 14 180   M    M   0        19 200
================================================================================
SM 1226  896       624   0  2.79    M    147.2          M      196
================================================================================
AV 47.2 34.5                               5.7 FASTST   M    M   8    MAX(MPH)
                                 MISC ---->  # 23 270               # 30  320
================================================================================
NOTES:
# LAST OF SEVERAL OCCURRENCES

COLUMN 17 PEAK WIND IN M.P.H.

PRELIMINARY LOCAL CLIMATOLOGICAL DATA (WS FORM: F-6) , PAGE 2

                                          STATION:  LOUISVILLE BOWMAN KY
                                          MONTH:    DECEMBER
                                          YEAR:     2014
                                          LATITUDE:   38 13 N
                                          LONGITUDE:  85 40 W

[TEMPERATURE DATA]      [PRECIPITATION DATA]       SYMBOLS USED IN COLUMN 16

AVERAGE MONTHLY: 40.8   TOTAL FOR MONTH:   2.79    1 = FOG OR MIST
DPTR FM NORMAL:   3.1   DPTR FM NORMAL:   -0.62    2 = FOG REDUCING VISIBILITY
HIGHEST:    65 ON  1    GRTST 24HR  1.08 ON  5- 6      TO 1/4 MILE OR LESS
LOWEST:     21 ON 21                               3 = THUNDER
                        SNOW, ICE PELLETS, HAIL    4 = ICE PELLETS
                        TOTAL MONTH:    M          5 = HAIL
                        GRTST 24HR    M  ON   M    6 = FREEZING RAIN OR DRIZZLE
                        GRTST DEPTH:  M  ON   M    7 = DUSTSTORM OR SANDSTORM:
                                                       VSBY 1/2 MILE OR LESS
                                                   8 = SMOKE OR HAZE
[NO. OF DAYS WITH]      [WEATHER - DAYS WITH]      9 = BLOWING SNOW
                                                   X = TORNADO
MAX 32 OR BELOW:   0    0.01 INCH OR MORE:   8
MAX 90 OR ABOVE:   0    0.10 INCH OR MORE:   8
MIN 32 OR BELOW:  10    0.50 INCH OR MORE:   2
MIN  0 OR BELOW:   0    1.00 INCH OR MORE:   0

[HDD (BASE 65) ]
TOTAL THIS MO.   624    CLEAR  (SCALE 0-3)   3
DPTR FM NORMAL   -88    PTCLDY (SCALE 4-7)   8
TOTAL FM JUL 1  1603    CLOUDY (SCALE 8-10) 15
DPTR FM NORMAL    87

[CDD (BASE 65) ]
TOTAL THIS MO.     0
DPTR FM NORMAL     0    [PRESSURE DATA]
TOTAL FM JAN 1  1536    HIGHEST SLP M ON M
DPTR FM NORMAL    92    LOWEST  SLP 29.38 ON 24

[REMARKS]
