000
CXUS53 KLMK 230800
CF6LOU
PRELIMINARY LOCAL CLIMATOLOGICAL DATA (WS FORM: F-6)

                                          STATION:   LOUISVILLE BOWMAN KY
                                          MONTH:     OCTOBER
                                          YEAR:      2017
                                          LATITUDE:   38 13 N
                                          LONGITUDE:  85 40 W

  TEMPERATURE IN F:       :PCPN:    SNOW:  WIND      :SUNSHINE: SKY     :PK WND
================================================================================
1   2   3   4   5  6A  6B    7    8   9   10  11  12  13   14  15   16   17  18
                                     12Z  AVG MX 2MIN
DY MAX MIN AVG DEP HDD CDD  WTR  SNW DPTH SPD SPD DIR MIN PSBL S-S WX    SPD DR
================================================================================

 1  78  46  62  -1   3   0 0.00    M    M  4.6 10  70   M    M   0        16 170
 2  80  52  66   3   0   1 0.00    M    M  4.2 12 120   M    M   0        16 120
 3  83  57  70   8   0   5 0.00    M    M  4.3 14 200   M    M   2        19 210
 4  84  60  72  10   0   7 0.00    M    M  4.5 13 220   M    M   1        16 210
 5  79  62  71   9   0   6    T    M    M  2.8  9 200   M    M   1        13 190
 6  83  58  71  10   0   6 0.00    M    M  4.9 13 200   M    M   1 1      17 230
 7  83  65  74  13   0   9 0.66    M    M  9.7 22 190   M    M   5 13     28 190
 8  72  63  68   8   0   3 1.57    M    M  5.1 13 110   M    M  10 1      17 100
 9  78  65  72  12   0   7 0.03    M    M  3.3  8 230   M    M   8 12     10 240
10  76  64  70  10   0   5 0.75    M    M  5.5 14  80   M    M   7 12     20  70
11  73  59  66   6   0   1    T    M    M  7.1 15 290   M    M  10 1      19 290
12  67  58  63   4   2   0 0.00    M    M  0.6  5 140   M    M  10 18      7 160
13  74  51  63   4   2   0 0.00    M    M  1.4  7 190   M    M   3 1      10 170
14  83  54  69  10   0   4 0.00    M    M  6.2 15 190   M    M   0 1      19 190
15  79  54  67   9   0   2 0.03    M    M 11.0 32 290   M    M   7 1      42 280
16  64  44  54  -4  11   0 0.00    M    M  4.1 12  10   M    M   3        15  20
17  66  39  53  -5  12   0 0.00    M    M  2.0 12 170   M    M   0 1      16 190
18  71  40  56  -2   9   0 0.00    M    M  3.0 14 170   M    M   0 1      16 170
19  74  44  59   2   6   0 0.00    M    M  4.4 15 190   M    M   0        19 220
20  78  48  63   6   2   0 0.00    M    M  1.6  8 160   M    M   0 1      12 120
21  77  51  64   7   1   0 0.00    M    M  4.3 13 170   M    M   0        17 170
22  77  58  68  12   0   3 0.00    M    M  9.1 22 160   M    M   1 8      26 170
================================================================================
SM 1679 1192        48  59  3.04    M    103.7          M       69
================================================================================
AV 76.3 54.2                               4.7 FASTST   M    M   3    MAX(MPH)
                                 MISC ---->  # 32 290               # 42  280
================================================================================
NOTES:
# LAST OF SEVERAL OCCURRENCES

COLUMN 17 PEAK WIND IN M.P.H.

PRELIMINARY LOCAL CLIMATOLOGICAL DATA (WS FORM: F-6) , PAGE 2

                                          STATION:  LOUISVILLE BOWMAN KY
                                          MONTH:    OCTOBER
                                          YEAR:     2017
                                          LATITUDE:   38 13 N
                                          LONGITUDE:  85 40 W

[TEMPERATURE DATA]      [PRECIPITATION DATA]       SYMBOLS USED IN COLUMN 16

AVERAGE MONTHLY: 65.3   TOTAL FOR MONTH:   3.04    1 = FOG OR MIST
DPTR FM NORMAL:   5.7   DPTR FM NORMAL:    0.72    2 = FOG REDUCING VISIBILITY
HIGHEST:    84 ON  4    GRTST 24HR  1.57 ON  8- 8      TO 1/4 MILE OR LESS
LOWEST:     39 ON 17                               3 = THUNDER
                        SNOW, ICE PELLETS, HAIL    4 = ICE PELLETS
                        TOTAL MONTH:    M          5 = HAIL
                        GRTST 24HR    M  ON   M    6 = FREEZING RAIN OR DRIZZLE
                        GRTST DEPTH:  M  ON   M    7 = DUSTSTORM OR SANDSTORM:
                                                       VSBY 1/2 MILE OR LESS
                                                   8 = SMOKE OR HAZE
[NO. OF DAYS WITH]      [WEATHER - DAYS WITH]      9 = BLOWING SNOW
                                                   X = TORNADO
MAX 32 OR BELOW:   0    0.01 INCH OR MORE:   5
MAX 90 OR ABOVE:   0    0.10 INCH OR MORE:   3
MIN 32 OR BELOW:   0    0.50 INCH OR MORE:   3
MIN  0 OR BELOW:   0    1.00 INCH OR MORE:   1

[HDD (BASE 65) ]
TOTAL THIS MO.    48    CLEAR  (SCALE 0-3)  15
DPTR FM NORMAL   -98    PTCLDY (SCALE 4-7)   4
TOTAL FM JUL 1    72    CLOUDY (SCALE 8-10)  3
DPTR FM NORMAL  -110

[CDD (BASE 65) ]
TOTAL THIS MO.    59
DPTR FM NORMAL    30    [PRESSURE DATA]
TOTAL FM JAN 1  1562    HIGHEST SLP M ON M
DPTR FM NORMAL   120    LOWEST  SLP 29.65 ON  8

[REMARKS]
