000
CXUS54 KEPZ 301200
CF6LRU
PRELIMINARY LOCAL CLIMATOLOGICAL DATA (WS FORM: F-6)

                                          STATION:   LAS CRUCES
                                          MONTH:     JULY
                                          YEAR:      2016
                                          LATITUDE:   32 17 N
                                          LONGITUDE: 106 46 W

  TEMPERATURE IN F:       :PCPN:    SNOW:  WIND      :SUNSHINE: SKY     :PK WND
================================================================================
1   2   3   4   5  6A  6B    7    8   9   10  11  12  13   14  15   16   17  18
                                     12Z  AVG MX 2MIN
DY MAX MIN AVG DEP HDD CDD  WTR  SNW DPTH SPD SPD DIR MIN PSBL S-S WX    SPD DR
================================================================================

 1  85  65  75   M   0  10 0.06  0.0    0  6.7 14 260   M    M   6        16 250
 2  95  62  79   M   0  14 0.00  0.0    0  8.0 17 250   M    M   2 1      31 280
 3  99  63  81   M   0  16 0.00  0.0    0  9.1 21 240   M    M   0        29 250
 4 102  66  84   M   0  19 0.00  0.0    0  8.9 16 280   M    M   0        23 360
 5 102  67  85   M   0  20 0.00  0.0    0  8.7 21 250   M    M   0        25 270
 6 100  74  87   M   0  22 0.00  0.0    0 11.8 25 260   M    M   0        31 260
 7  98  71  85   M   0  20 0.00  0.0    0 11.4 20 260   M    M   0        27 230
 8 101  70  86   M   0  21 0.00  0.0    0  6.5 13 320   M    M   1        22 320
 9 102  73  88   M   0  23 0.00  0.0    0  6.6 16  70   M    M   0        25  70
10 103  71  87   M   0  22 0.00  0.0    0  7.7 20 240   M    M   0        25 240
11 101  72  87   M   0  22 0.00  0.0    0 12.8 27 260   M    M   0        32 260
12 101  68  85   M   0  20 0.00  0.0    0 10.7 18 260   M    M   0        37 250
13 104  69  87   M   0  22 0.00  0.0    0  7.9 15 340   M    M   0        21 340
14 105  74  90   M   0  25 0.00  0.0    0  8.7 15 260   M    M   0        17 340
15 102  74  88   M   0  23    T  0.0    0  5.3 13 120   M    M   0         M  M
16 100  69  85   M   0  20 0.00  0.0    0  6.1 12  30   M    M   1 3      17  70
17 102  74  88   M   0  23 0.04  0.0    0  8.2 22 250   M    M   2        27 250
18  99  65  82   M   0  17 0.00  0.0    0  6.8 20 270   M    M   1        27 270
19  98  72  85   M   0  20 0.00  0.0    0  9.2 18 120   M    M   1 3      22 120
20  98  73  86   M   0  21 0.00  0.0    0  7.4 13 110   M    M   2        20 120
21 101  73  87   M   0  22 0.00  0.0    0  5.9 10 150   M    M   2        17 150
22 102  71  87   M   0  22 0.00  0.0    0  6.1 10 100   M    M   0         M  M
23 103  70  87   M   0  22 0.00  0.0    0  4.9 12 140   M    M   0        17 100
24 104  76  90   M   0  25 0.04  0.0    0  8.3 22  90   M    M   1 3      41  90
25  99  70  85   M   0  20 0.00  0.0    0  7.3 14 300   M    M   1        21 130
26  96  75  86   M   0  21 0.00  0.0    0  7.0 17  10   M    M   3        25  10
27  93  69  81   M   0  16 0.00  0.0    0  6.0 14 110   M    M   3 3       M  M
28  97  68  83   M   0  18 0.00  0.0    0  6.0 13 110   M    M   0        16 120
29  98  67  83   M   0  18 0.00  0.0    0  6.1 16 130   M    M   1        21 130
================================================================================
SM 2890 2031         0 584  0.14     0.0 226.1          M       27
================================================================================
AV 99.7 70.0                               7.8 FASTST   M    M   1    MAX(MPH)
                                 MISC ---->  # 27 260                 41    M
================================================================================
NOTES:
# LAST OF SEVERAL OCCURRENCES

COLUMN 17 PEAK WIND IN M.P.H.

PRELIMINARY LOCAL CLIMATOLOGICAL DATA (WS FORM: F-6) , PAGE 2

                                          STATION:  LAS CRUCES
                                          MONTH:    JULY
                                          YEAR:     2016
                                          LATITUDE:   32 17 N
                                          LONGITUDE: 106 46 W

[TEMPERATURE DATA]      [PRECIPITATION DATA]       SYMBOLS USED IN COLUMN 16

AVERAGE MONTHLY: 84.8   TOTAL FOR MONTH:   0.14    1 = FOG OR MIST
DPTR FM NORMAL:     M   DPTR FM NORMAL:       M    2 = FOG REDUCING VISIBILITY
HIGHEST:   105 ON 14    GRTST 24HR  0.06 ON  1- 1      TO 1/4 MILE OR LESS
LOWEST:     62 ON  2                               3 = THUNDER
                        SNOW, ICE PELLETS, HAIL    4 = ICE PELLETS
                        TOTAL MONTH:   0.0 INCH    5 = HAIL
                        GRTST 24HR     0.0         6 = FREEZING RAIN OR DRIZZLE
                        GRTST DEPTH:   0           7 = DUSTSTORM OR SANDSTORM:
                                                       VSBY 1/2 MILE OR LESS
                                                   8 = SMOKE OR HAZE
[NO. OF DAYS WITH]      [WEATHER - DAYS WITH]      9 = BLOWING SNOW
                                                   X = TORNADO
MAX 32 OR BELOW:   0    0.01 INCH OR MORE:   3
MAX 90 OR ABOVE:  28    0.10 INCH OR MORE:   0
MIN 32 OR BELOW:   0    0.50 INCH OR MORE:   0
MIN  0 OR BELOW:   0    1.00 INCH OR MORE:   0

[HDD (BASE 65) ]
TOTAL THIS MO.     0    CLEAR  (SCALE 0-3)  26
DPTR FM NORMAL     M    PTCLDY (SCALE 4-7)   3
TOTAL FM JUL 1     0    CLOUDY (SCALE 8-10)  0
DPTR FM NORMAL     M

[CDD (BASE 65) ]
TOTAL THIS MO.   584
DPTR FM NORMAL     M    [PRESSURE DATA]
TOTAL FM JAN 1  1230    HIGHEST SLP M ON M
DPTR FM NORMAL     M    LOWEST  SLP M ON M

[REMARKS]
