000
CXUS55 KBYZ 301055
CF6LVM
PRELIMINARY LOCAL CLIMATOLOGICAL DATA (WS FORM: F-6)

                                          STATION:   LIVINGSTON MT
                                          MONTH:     APRIL
                                          YEAR:      2016
                                          LATITUDE:   45 41 N
                                          LONGITUDE: 110 26 W

  TEMPERATURE IN F:       :PCPN:    SNOW:  WIND      :SUNSHINE: SKY     :PK WND
================================================================================
1   2   3   4   5  6A  6B    7    8   9   10  11  12  13   14  15   16   17  18
                                     12Z  AVG MX 2MIN
DY MAX MIN AVG DEP HDD CDD  WTR  SNW DPTH SPD SPD DIR MIN PSBL S-S WX    SPD DR
================================================================================

 1  60  32  46   7  19   0 0.00    M    M 15.2 28 250   M    M   6        33 240
 2  69  37  53  14  12   0 0.00    M    M 23.8 38 270   M    M   0        48 230
 3  67  40  54  15  11   0 0.00    M    M 14.5 32 260   M    M   2        39 260
 4  71  29  50  11  15   0 0.09    M    M 17.3 52 250   M    M   2 13     66 260
 5  52  35  44   4  21   0    T    M    M 28.4 43 250   M    M   5        52 250
 6  65  40  53  13  12   0 0.00    M    M 26.4 49 270   M    M   2        66 250
 7  66  36  51  11  14   0 0.00    M    M  9.7 18 240   M    M   1        25 330
 8  76  29  53  13  12   0 0.00    M    M  7.3 18 310   M    M   0        22 310
 9  76  42  59  19   6   0 0.00    M    M 20.9 39 230   M    M   0        45 230
10  55  36  46   5  19   0 0.00    M    M 10.6 22  90   M    M   3        27  90
11  70  22  46   5  19   0 0.00    M    M  7.7 26 280   M    M   0        33 290
12  74  36  55  14  10   0 0.00    M    M 13.3 29 240   M    M   2        38 250
13  59  37  48   7  17   0 0.06    M    M 13.7 46 260   M    M   7        54 260
14  51  36  44   2  21   0 0.18    M    M 12.7 29 220   M    M   7        35 250
15  43  31  37  -5  28   0 0.10    M    M 18.0 32 250   M    M   9 1      39 250
16  53  24  39  -3  26   0 0.00    M    M  8.2 14  80   M    M   4        18 250
17  57  19  38  -4  27   0 0.00    M    M  9.3 26  90   M    M   0        31  80
18  53  39  46   4  19   0 0.00    M    M  8.2 21 150   M    M   9        24 130
19  66  40  53  10  12   0 0.00    M    M  6.5 17  80   M    M   8        21  80
20  73  33  53  10  12   0 0.00    M    M  9.5 23  80   M    M   2 12     27  80
21  76  35  56  13   9   0 0.00    M    M  8.2 24  80   M    M   0        29  80
22  79  38  59  15   6   0 0.00    M    M  5.5 18 220   M    M   1        23 240
23  63  42  53   9  12   0 0.36    M    M  8.9 28 240   M    M   7 13     33 240
24  49  42  46   2  19   0 0.16    M    M  9.2 23 260   M    M  10        28 270
25  55  37  46   2  19   0 0.21    M    M  9.3 21 320   M    M  10 1      26 300
26  43  35  39  -6  26   0    T    M    M 10.7 22 330   M    M  10        25 300
27  46  33  40  -5  25   0 0.07    M    M  9.2 22  80   M    M  10 1      28  70
28  43  30  37  -8  28   0 0.01    M    M 17.2 26  80   M    M   9 18     32  70
29  49  33  41  -5  24   0 0.00    M    M 14.1 26  60   M    M  10        31  80
================================================================================
SM 1759  998       500   0  1.24    M    373.5          M      136
================================================================================
AV 60.7 34.4                              12.9 FASTST   M    M   5    MAX(MPH)
                                 MISC ---->  # 52 250               # 66  260
================================================================================
NOTES:
# LAST OF SEVERAL OCCURRENCES

COLUMN 17 PEAK WIND IN M.P.H.

PRELIMINARY LOCAL CLIMATOLOGICAL DATA (WS FORM: F-6) , PAGE 2

                                          STATION:  LIVINGSTON MT
                                          MONTH:    APRIL
                                          YEAR:     2016
                                          LATITUDE:   45 41 N
                                          LONGITUDE: 110 26 W

[TEMPERATURE DATA]      [PRECIPITATION DATA]       SYMBOLS USED IN COLUMN 16

AVERAGE MONTHLY: 47.5   TOTAL FOR MONTH:   1.24    1 = FOG OR MIST
DPTR FM NORMAL:   5.6   DPTR FM NORMAL:   -0.46    2 = FOG REDUCING VISIBILITY
HIGHEST:    79 ON 22    GRTST 24HR  0.47 ON 23-24      TO 1/4 MILE OR LESS
LOWEST:     19 ON 17                               3 = THUNDER
                        SNOW, ICE PELLETS, HAIL    4 = ICE PELLETS
                        TOTAL MONTH:    M          5 = HAIL
                        GRTST 24HR    M  ON   M    6 = FREEZING RAIN OR DRIZZLE
                        GRTST DEPTH:  M  ON   M    7 = DUSTSTORM OR SANDSTORM:
                                                       VSBY 1/2 MILE OR LESS
                                                   8 = SMOKE OR HAZE
[NO. OF DAYS WITH]      [WEATHER - DAYS WITH]      9 = BLOWING SNOW
                                                   X = TORNADO
MAX 32 OR BELOW:   0    0.01 INCH OR MORE:   9
MAX 90 OR ABOVE:   0    0.10 INCH OR MORE:   5
MIN 32 OR BELOW:   8    0.50 INCH OR MORE:   0
MIN  0 OR BELOW:   0    1.00 INCH OR MORE:   0

[HDD (BASE 65) ]
TOTAL THIS MO.   500    CLEAR  (SCALE 0-3)  13
DPTR FM NORMAL  -170    PTCLDY (SCALE 4-7)   7
TOTAL FM JUL 1  5880    CLOUDY (SCALE 8-10)  9
DPTR FM NORMAL -1049

[CDD (BASE 65) ]
TOTAL THIS MO.     0
DPTR FM NORMAL     0    [PRESSURE DATA]
TOTAL FM JAN 1     0    HIGHEST SLP M ON M
DPTR FM NORMAL     0    LOWEST  SLP 29.35 ON 14

[REMARKS]
