137
CXUS53 KDMX 240920
CF6LWD
PRELIMINARY LOCAL CLIMATOLOGICAL DATA (WS FORM: F-6)

                                          STATION:   LAMONI IA
                                          MONTH:     JULY
                                          YEAR:      2016
                                          LATITUDE:   40 37 N
                                          LONGITUDE:  93 56 W

  TEMPERATURE IN F:       :PCPN:    SNOW:  WIND      :SUNSHINE: SKY     :PK WND
================================================================================
1   2   3   4   5  6A  6B    7    8   9   10  11  12  13   14  15   16   17  18
                                     12Z  AVG MX 2MIN
DY MAX MIN AVG DEP HDD CDD  WTR  SNW DPTH SPD SPD DIR MIN PSBL S-S WX    SPD DR
================================================================================

 1  80  57  69  -5   0   4 0.00  0.0    0  5.6 13  50   M    M   0        17  50
 2  66  59  63 -11   2   0 0.33  0.0    0  6.9 15 140   M    M   9 1      20 150
 3  64  58  61 -13   4   0 0.04  0.0    0  5.8 12  90   M    M  10 1      17  90
 4  75  61  68  -7   0   3 0.00  0.0    0  3.7  9 230   M    M   8 12     12 250
 5  90  65  78   3   0  13 0.00  0.0    0  9.2 16 190   M    M   4 12     20 190
 6  87  72  80   5   0  15 0.00  0.0    0  7.8 21 230   M    M   1 13     25 230
 7  83  63  73  -2   0   8 1.12  0.0    0  5.8 46  10   M    M   3 13     54 360
 8  87  67  77   2   0  12 0.00  0.0    0  6.2 14 330   M    M   1        17 330
 9  83  63  73  -2   0   8 0.00  0.0    0  5.4 10 150   M    M   0        14 150
10  88  69  79   4   0  14 0.00  0.0    0  9.0 18 160   M    M   1        27 170
11  89  73  81   6   0  16 0.00  0.0    0 14.9 30 320   M    M   0        36 310
12  84  64  74  -1   0   9 1.26  0.0    0  8.9 31 350   M    M   7 13     42 330
13  84  69  77   2   0  12 0.12  0.0    0  8.2 37 250   M    M   2 13     50 250
14  85  65  75   0   0  10 0.00  0.0    0  6.3 16 290   M    M   0 1      19 290
15  77  60  69  -6   0   4 0.00  0.0    0  5.7 15 360   M    M   2 8      19  10
16  84  60  72  -3   0   7 0.00  0.0    0  7.7 15 160   M    M   2 1      20 140
17  87  71  79   4   0  14    T  0.0    0  6.7 16 210   M    M   2 3      20 230
18  79  67  73  -2   0   8 0.92  0.0    0  6.1 31 320   M    M   3 13     41 310
19  87  69  78   3   0  13 0.48  0.0    0  8.3 32 360   M    M   3 13     40 360
20  91  69  80   5   0  15 0.00  0.0    0  9.7 17 190   M    M   2 1      22 190
21  92  75  84   9   0  19 0.00  0.0    0 12.0 21 190   M    M   0 1      26 210
22  90  73  82   7   0  17    T  0.0    0 10.7 22 190   M    M   1 3      32 170
23  90  77  84   9   0  19 0.00  0.0    0  9.2 16 190   M    M   0        21 200
================================================================================
SM 1922 1526         6 240  4.27     0.0 179.8          M       61
================================================================================
AV 83.6 66.4                               7.8 FASTST   M    M   3    MAX(MPH)
                                 MISC ---->  # 46  10               # 54  360
================================================================================
NOTES:
# LAST OF SEVERAL OCCURRENCES

COLUMN 17 PEAK WIND IN M.P.H.

PRELIMINARY LOCAL CLIMATOLOGICAL DATA (WS FORM: F-6) , PAGE 2

                                          STATION:  LAMONI IA
                                          MONTH:    JULY
                                          YEAR:     2016
                                          LATITUDE:   40 37 N
                                          LONGITUDE:  93 56 W

[TEMPERATURE DATA]      [PRECIPITATION DATA]       SYMBOLS USED IN COLUMN 16

AVERAGE MONTHLY: 75.0   TOTAL FOR MONTH:   4.27    1 = FOG OR MIST
DPTR FM NORMAL:   0.1   DPTR FM NORMAL:    0.49    2 = FOG REDUCING VISIBILITY
HIGHEST:    92 ON 21    GRTST 24HR  1.26 ON 12-12      TO 1/4 MILE OR LESS
LOWEST:     57 ON  1                               3 = THUNDER
                        SNOW, ICE PELLETS, HAIL    4 = ICE PELLETS
                        TOTAL MONTH:   0.0 INCH    5 = HAIL
                        GRTST 24HR     0.0         6 = FREEZING RAIN OR DRIZZLE
                        GRTST DEPTH:   0           7 = DUSTSTORM OR SANDSTORM:
                                                       VSBY 1/2 MILE OR LESS
                                                   8 = SMOKE OR HAZE
[NO. OF DAYS WITH]      [WEATHER - DAYS WITH]      9 = BLOWING SNOW
                                                   X = TORNADO
MAX 32 OR BELOW:   0    0.01 INCH OR MORE:   7
MAX 90 OR ABOVE:   5    0.10 INCH OR MORE:   6
MIN 32 OR BELOW:   0    0.50 INCH OR MORE:   3
MIN  0 OR BELOW:   0    1.00 INCH OR MORE:   2

[HDD (BASE 65) ]
TOTAL THIS MO.     6    CLEAR  (SCALE 0-3)  17
DPTR FM NORMAL     6    PTCLDY (SCALE 4-7)   3
TOTAL FM JUL 1     6    CLOUDY (SCALE 8-10)  3
DPTR FM NORMAL     6

[CDD (BASE 65) ]
TOTAL THIS MO.   240
DPTR FM NORMAL     7    [PRESSURE DATA]
TOTAL FM JAN 1   602    HIGHEST SLP M ON M
DPTR FM NORMAL   122    LOWEST  SLP 29.57 ON M

[REMARKS]
