000
CXUS55 KEAX 250736
CF6LXT
PRELIMINARY LOCAL CLIMATOLOGICAL DATA (WS FORM: F-6)

                                          STATION:   Lee`s Summit MO
                                          MONTH:     JULY
                                          YEAR:      2016
                                          LATITUDE:   38 57 N
                                          LONGITUDE:  94 22 W

  TEMPERATURE IN F:       :PCPN:    SNOW:  WIND      :SUNSHINE: SKY     :PK WND
================================================================================
1   2   3   4   5  6A  6B    7    8   9   10  11  12  13   14  15   16   17  18
                                     12Z  AVG MX 2MIN
DY MAX MIN AVG DEP HDD CDD  WTR  SNW DPTH SPD SPD DIR MIN PSBL S-S WX    SPD DR
================================================================================

 1  83  65  74  -3   0   9 0.00    M    M  6.3 14  80   M    M   1        19  70
 2  72  65  69  -8   0   4 2.68    M    M  9.3 18  40   M    M  10 13     25  40
 3  72  62  67 -10   0   2 1.03    M    M  8.9 18  80   M    M  10 13     23  70
 4  83  64  74  -4   0   9 0.00    M    M  4.5  9 160   M    M   8 1      12 140
 5  95  72  84   6   0  19 0.00    M    M 12.7 22 200   M    M   1        26 190
 6  90  75  83   5   0  18    T    M    M 10.6 20 210   M    M   1 3      25 200
 7  88  68  78   0   0  13 0.56    M    M 10.0 40 320   M    M   3 13     54 320
 8  90  71  81   3   0  16 0.00    M    M  4.8 14 200   M    M   2        16 200
 9  88  72  80   2   0  15 0.09    M    M  6.9 13 150   M    M   3 3      17 100
10  92  73  83   5   0  18 0.00    M    M 11.7 18 200   M    M   0        24 150
11  92  74  83   5   0  18 0.00    M    M 16.8 25 170   M    M   0        37 190
12  85  66  76  -2   0  11 1.45    M    M 11.5 33  30   M    M   5 13     41  30
13  84  70  77  -1   0  12 0.72    M    M  9.2 30 310   M    M   3 13     40 300
14  84  71  78  -1   0  13 0.00    M    M  5.3 18 230   M    M   2 12     23 220
15  86  67  77  -2   0  12 0.00    M    M  6.0 24  40   M    M   2        25  40
16  88  67  78  -1   0  13 0.00    M    M  8.2 16 160   M    M   2        20 160
17  95  75  85   6   0  20 0.00    M    M 14.2 24 200   M    M   0        30 200
18  92  74  83   4   0  18 0.00    M    M  9.2 17  60   M    M   0        23  40
19  94  78  86   7   0  21 0.00    M    M  8.7 17 220   M    M   1        24 120
20  96  79  88   9   0  23 0.00    M    M 10.6 17 200   M    M   1        21 170
21  98  80  89  10   0  24 0.00    M    M 14.4 22 200   M    M   0 8      28 200
22  95  81  88   9   0  23 0.00    M    M 12.3 23  90   M    M   0 8      28 130
23  97  80  89  10   0  24 0.00    M    M 10.5 18 190   M    M   0        25 200
24  97  76  87   8   0  22    T    M    M  7.8 21  20   M    M   1        25  20
================================================================================
SM 2136 1725         0 377  6.53    M    230.4          M       56
================================================================================
AV 89.0 71.9                               9.6 FASTST   M    M   2    MAX(MPH)
                                 MISC ---->  # 40 320               # 54  320
================================================================================
NOTES:
# LAST OF SEVERAL OCCURRENCES

COLUMN 17 PEAK WIND IN M.P.H.

PRELIMINARY LOCAL CLIMATOLOGICAL DATA (WS FORM: F-6) , PAGE 2

                                          STATION:  Lee`s Summit MO
                                          MONTH:    JULY
                                          YEAR:     2016
                                          LATITUDE:   38 57 N
                                          LONGITUDE:  94 22 W

[TEMPERATURE DATA]      [PRECIPITATION DATA]       SYMBOLS USED IN COLUMN 16

AVERAGE MONTHLY: 80.4   TOTAL FOR MONTH:   6.53    1 = FOG OR MIST
DPTR FM NORMAL:   2.1   DPTR FM NORMAL:    3.01    2 = FOG REDUCING VISIBILITY
HIGHEST:    98 ON 21    GRTST 24HR  3.69 ON  2- 3      TO 1/4 MILE OR LESS
LOWEST:     62 ON  3                               3 = THUNDER
                        SNOW, ICE PELLETS, HAIL    4 = ICE PELLETS
                        TOTAL MONTH:    M          5 = HAIL
                        GRTST 24HR    M  ON   M    6 = FREEZING RAIN OR DRIZZLE
                        GRTST DEPTH:  M  ON   M    7 = DUSTSTORM OR SANDSTORM:
                                                       VSBY 1/2 MILE OR LESS
                                                   8 = SMOKE OR HAZE
[NO. OF DAYS WITH]      [WEATHER - DAYS WITH]      9 = BLOWING SNOW
                                                   X = TORNADO
MAX 32 OR BELOW:   0    0.01 INCH OR MORE:   6
MAX 90 OR ABOVE:  13    0.10 INCH OR MORE:   5
MIN 32 OR BELOW:   0    0.50 INCH OR MORE:   5
MIN  0 OR BELOW:   0    1.00 INCH OR MORE:   3

[HDD (BASE 65) ]
TOTAL THIS MO.     0    CLEAR  (SCALE 0-3)  19
DPTR FM NORMAL     0    PTCLDY (SCALE 4-7)   3
TOTAL FM JUL 1     0    CLOUDY (SCALE 8-10)  2
DPTR FM NORMAL     0

[CDD (BASE 65) ]
TOTAL THIS MO.   377
DPTR FM NORMAL    56    [PRESSURE DATA]
TOTAL FM JAN 1  1857    HIGHEST SLP  0.00 ON M
DPTR FM NORMAL  1186    LOWEST  SLP  0.00 ON M

[REMARKS]
