000
CXUS55 KEAX 290736
CF6LXT
PRELIMINARY LOCAL CLIMATOLOGICAL DATA (WS FORM: F-6)

                                          STATION:   Lee`s Summit MO
                                          MONTH:     AUGUST
                                          YEAR:      2016
                                          LATITUDE:   38 57 N
                                          LONGITUDE:  94 22 W

  TEMPERATURE IN F:       :PCPN:    SNOW:  WIND      :SUNSHINE: SKY     :PK WND
================================================================================
1   2   3   4   5  6A  6B    7    8   9   10  11  12  13   14  15   16   17  18
                                     12Z  AVG MX 2MIN
DY MAX MIN AVG DEP HDD CDD  WTR  SNW DPTH SPD SPD DIR MIN PSBL S-S WX    SPD DR
================================================================================

 1  85  67  76  -3   0  11 1.15    M    M 11.3 24  90   M    M   5 13     32 100
 2  89  73  81   2   0  16    T    M    M  6.4 24 360   M    M   2 3      32 360
 3  91  73  82   3   0  17 0.00    M    M  6.6 12 120   M    M   4        15  80
 4  97  77  87   8   0  22 0.00    M    M 10.6 17 200   M    M   0        22 200
 5  85  74  80   2   0  15 0.05    M    M  7.2 16 320   M    M   8 1      20 320
 6  82  70  76  -2   0  11 0.00    M    M  7.5 14  70   M    M   4        17  70
 7  77  68  73  -5   0   8    M    M    M  7.6 18  90   M    M   6 1      23  80
 8  80  70  75  -3   0  10 0.01    M    M  6.3 23  70   M    M   9 1      25  40
 9  91  73  82   4   0  17 0.00    M    M  5.4 13 190   M    M   4 3      15 190
10  94  77  86   8   0  21 0.00    M    M  8.5 16 160   M    M   0        21 190
11  96  78  87   9   0  22 0.00    M    M 12.8 20 170   M    M   1        28 210
12  85  72  79   1   0  14 0.42    M    M  7.4 20 250   M    M   5 13     26  10
13  86  68  77  -1   0  12 0.00    M    M  7.2 18 360   M    M   0        23  30
14  87  68  78   0   0  13 0.00    M    M  4.8 14  30   M    M   0        21  10
15  79  68  74  -4   0   9 0.00    M    M  3.2  8  70   M    M   1        10  70
16  87  65  76  -1   0  11 0.00    M    M  7.7 15 180   M    M   0        22 200
17  91  70  81   4   0  16 0.00    M    M 10.9 17 200   M    M   1        22 190
18  90  71  81   4   0  16 0.00    M    M  9.6 18 210   M    M   1        27 190
19  89  68  79   2   0  14    M    M    M  9.8 32 320   M    M   4 13     41 320
20  76  61  69  -8   0   4 0.00    M    M  9.0 21 320   M    M   6 1      24 320
21  82  57  70  -7   0   5 0.00    M    M  5.9 12 300   M    M   0        17 300
22  83  62  73  -3   0   8 0.00    M    M 11.1 18 190   M    M   0        24 180
23  86  65  76   0   0  11 0.00    M    M 13.8 25 180   M    M   5        35 170
24  89  69  79   3   0  14 2.16    M    M  9.4 32 270   M    M   4 13     42 270
25  86  68  77   1   0  12 0.34    M    M  6.2 15 290   M    M   7 123    17  40
26  84  68  76   1   0  11 1.83    M    M  7.6 17 240   M    M   4 13     23 290
27  88  68  78   3   0  13    T    M    M  5.9 13 200   M    M   2 13     15 200
28  89  72  81   6   0  16 0.30    M    M  5.4 25  80   M    M   1 13     32  80
================================================================================
SM 2424 1940         0 369  6.26    M    225.1          M       84
================================================================================
AV 86.6 69.3                               8.0 FASTST   M    M   3    MAX(MPH)
                                 MISC ---->  # 32 320               # 42  270
================================================================================
NOTES:
# LAST OF SEVERAL OCCURRENCES

COLUMN 17 PEAK WIND IN M.P.H.

PRELIMINARY LOCAL CLIMATOLOGICAL DATA (WS FORM: F-6) , PAGE 2

                                          STATION:  Lee`s Summit MO
                                          MONTH:    AUGUST
                                          YEAR:     2016
                                          LATITUDE:   38 57 N
                                          LONGITUDE:  94 22 W

[TEMPERATURE DATA]      [PRECIPITATION DATA]       SYMBOLS USED IN COLUMN 16

AVERAGE MONTHLY: 77.9   TOTAL FOR MONTH:   6.26    1 = FOG OR MIST
DPTR FM NORMAL:   0.6   DPTR FM NORMAL:    2.24    2 = FOG REDUCING VISIBILITY
HIGHEST:    97 ON  4    GRTST 24HR  2.41 ON 24-25      TO 1/4 MILE OR LESS
LOWEST:     57 ON 21                               3 = THUNDER
                        SNOW, ICE PELLETS, HAIL    4 = ICE PELLETS
                        TOTAL MONTH:    M          5 = HAIL
                        GRTST 24HR    M  ON   M    6 = FREEZING RAIN OR DRIZZLE
                        GRTST DEPTH:  M  ON   M    7 = DUSTSTORM OR SANDSTORM:
                                                       VSBY 1/2 MILE OR LESS
                                                   8 = SMOKE OR HAZE
[NO. OF DAYS WITH]      [WEATHER - DAYS WITH]      9 = BLOWING SNOW
                                                   X = TORNADO
MAX 32 OR BELOW:   0    0.01 INCH OR MORE:   8
MAX 90 OR ABOVE:   7    0.10 INCH OR MORE:   6
MIN 32 OR BELOW:   0    0.50 INCH OR MORE:   3
MIN  0 OR BELOW:   0    1.00 INCH OR MORE:   3

[HDD (BASE 65) ]
TOTAL THIS MO.     0    CLEAR  (SCALE 0-3)  14
DPTR FM NORMAL     0    PTCLDY (SCALE 4-7)  13
TOTAL FM JUL 1     0    CLOUDY (SCALE 8-10)  1
DPTR FM NORMAL     0

[CDD (BASE 65) ]
TOTAL THIS MO.   369
DPTR FM NORMAL    21    [PRESSURE DATA]
TOTAL FM JAN 1  2321    HIGHEST SLP  0.00 ON M
DPTR FM NORMAL  1206    LOWEST  SLP  0.00 ON M

[REMARKS]
