000
CXUS51 KRNK 010731
CF6LYH
PRELIMINARY LOCAL CLIMATOLOGICAL DATA (WS FORM: F-6)

                                          STATION:   LYNCHBURG VA
                                          MONTH:     AUGUST
                                          YEAR:      2015
                                          LATITUDE:   37 19 N
                                          LONGITUDE:  79 12 W

  TEMPERATURE IN F:       :PCPN:    SNOW:  WIND      :SUNSHINE: SKY     :PK WND
================================================================================
1   2   3   4   5  6A  6B    7    8   9   10  11  12  13   14  15   16   17  18
                                     12Z  AVG MX 2MIN
DY MAX MIN AVG DEP HDD CDD  WTR  SNW DPTH SPD SPD DIR MIN PSBL S-S WX    SPD DR
================================================================================

 1  87  59  73  -2   0   8 0.00  0.0    0  3.8 13 230   M    M   0        16 230
 2  84  56  70  -5   0   5 0.00  0.0    0  1.9  8 160   M    M   0        10  60
 3  89  58  74  -1   0   9 0.00  0.0    0  3.2 13 200   M    M   1        19 200
 4  92  66  79   4   0  14 0.16  0.0    0  4.6 16 280   M    M   0 13     24 270
 5  89  67  78   3   0  13 0.06  0.0    0  3.3 18 200   M    M   1 13     24 220
 6  80  65  73  -2   0   8 0.27  0.0    0  7.3 14  40   M    M   4 1      18  40
 7  70  65  68  -7   0   3 0.01  0.0    0  8.7 17  30   M    M  10 1      21  30
 8  82  65  74  -1   0   9 0.00  0.0    0  6.1 16  40   M    M   5        20  40
 9  84  65  75   0   0  10 0.00  0.0    0  5.2 14 190   M    M   6        18 200
10  76  67  72  -3   0   7 0.88  0.0    0  5.8 12 160   M    M  10 1      15 160
11  87  67  77   2   0  12 0.29  0.0    0  5.0 13 320   M    M   5 13     19 320
12  84  62  73  -2   0   8 0.00  0.0    0  3.8 13  30   M    M   4        19  30
13  82  58  70  -5   0   5 0.00  0.0    0  2.3 10  80   M    M   1        13  20
14  85  62  74   0   0   9 0.00  0.0    0  2.6  8  90   M    M   1        12 330
15  88  61  75   1   0  10 0.00  0.0    0  1.5 14 170   M    M   0 13     16 170
16  90  62  76   2   0  11 0.00  0.0    0  1.8 10 190   M    M   0 1      12 200
17  91  62  77   3   0  12 0.00  0.0    0  2.4  9 160   M    M   0 1      13 160
18  83  69  76   2   0  11 0.01  0.0    0  5.8 20 190   M    M   6 1      23 190
19  85  70  78   4   0  13 0.30  0.0    0  3.7 26 160   M    M   9 123    35 160
20  86  70  78   4   0  13 0.00  0.0    0  3.2 10 220   M    M   7 12     15 320
21  82  63  73  -1   0   8 0.00  0.0    0  3.1 10 360   M    M   4        18  20
22  82  61  72  -2   0   7 0.00  0.0    0  2.9 12  50   M    M   1        17  40
23  84  58  71  -3   0   6 0.00  0.0    0  2.9 14 200   M    M   3 1      20 200
24  89  64  77   3   0  12 0.00  0.0    0  2.7 10 220   M    M   2 1      17 240
25  83  58  71  -2   0   6 0.00  0.0    0  3.2 10 270   M    M   0        15 250
26  81  60  71  -2   0   6 0.00  0.0    0  4.3 10  40   M    M   3        14  40
27  80  59  70  -3   0   5 0.00  0.0    0  3.5 13  50   M    M   3        17  40
28  83  57  70  -3   0   5 0.00  0.0    0  2.4 10 190   M    M   2 1      13 180
29  84  57  71  -2   0   6 0.00  0.0    0  2.8 14 160   M    M   1 1      18 210
30  86  62  74   2   0   9 0.00  0.0    0  2.5  9 160   M    M   3        13 210
31  84  66  75   3   0  10    T  0.0    0  2.7  9 190   M    M   6        11 190
================================================================================
SM 2612 1941         0 270  1.98     0.0 115.0          M       98
================================================================================
AV 84.3 62.6                               3.7 FASTST   M    M   3    MAX(MPH)
                                 MISC ---->  # 26 160               # 35  160
================================================================================
NOTES:
# LAST OF SEVERAL OCCURRENCES

COLUMN 17 PEAK WIND IN M.P.H.

PRELIMINARY LOCAL CLIMATOLOGICAL DATA (WS FORM: F-6) , PAGE 2

                                          STATION:  LYNCHBURG VA
                                          MONTH:    AUGUST
                                          YEAR:     2015
                                          LATITUDE:   37 19 N
                                          LONGITUDE:  79 12 W

[TEMPERATURE DATA]      [PRECIPITATION DATA]       SYMBOLS USED IN COLUMN 16

AVERAGE MONTHLY: 73.4   TOTAL FOR MONTH:   1.98    1 = FOG OR MIST
DPTR FM NORMAL:  -0.7   DPTR FM NORMAL:   -1.28    2 = FOG REDUCING VISIBILITY
HIGHEST:    92 ON  4    GRTST 24HR  0.88 ON 10-10      TO 1/4 MILE OR LESS
LOWEST:     56 ON  2                               3 = THUNDER
                        SNOW, ICE PELLETS, HAIL    4 = ICE PELLETS
                        TOTAL MONTH:   0.0 INCH    5 = HAIL
                        GRTST 24HR     0.0         6 = FREEZING RAIN OR DRIZZLE
                        GRTST DEPTH:   0           7 = DUSTSTORM OR SANDSTORM:
                                                       VSBY 1/2 MILE OR LESS
                                                   8 = SMOKE OR HAZE
[NO. OF DAYS WITH]      [WEATHER - DAYS WITH]      9 = BLOWING SNOW
                                                   X = TORNADO
MAX 32 OR BELOW:   0    0.01 INCH OR MORE:   8
MAX 90 OR ABOVE:   3    0.10 INCH OR MORE:   5
MIN 32 OR BELOW:   0    0.50 INCH OR MORE:   1
MIN  0 OR BELOW:   0    1.00 INCH OR MORE:   0

[HDD (BASE 65) ]
TOTAL THIS MO.     0    CLEAR  (SCALE 0-3)  17
DPTR FM NORMAL    -2    PTCLDY (SCALE 4-7)  11
TOTAL FM JUL 1     0    CLOUDY (SCALE 8-10)  3
DPTR FM NORMAL    -3

[CDD (BASE 65) ]
TOTAL THIS MO.   270
DPTR FM NORMAL   -14    [PRESSURE DATA]
TOTAL FM JAN 1  1025    HIGHEST SLP 30.24 ON 29
DPTR FM NORMAL   127    LOWEST  SLP 29.80 ON 11

[REMARKS]
#FINAL-08-15#
