000
CXUS54 KLZK 281130
CF6LZK
PRELIMINARY LOCAL CLIMATOLOGICAL DATA (WS FORM: F-6)

                                          STATION:   North Little Rock
                                          MONTH:     SEPTEMBER
                                          YEAR:      2016
                                          LATITUDE:   34 50 N
                                          LONGITUDE:  92 16 W

  TEMPERATURE IN F:       :PCPN:    SNOW:  WIND      :SUNSHINE: SKY     :PK WND
================================================================================
1   2   3   4   5  6A  6B    7    8   9   10  11  12  13   14  15   16   17  18
                                     12Z  AVG MX 2MIN
DY MAX MIN AVG DEP HDD CDD  WTR  SNW DPTH SPD SPD DIR MIN PSBL S-S WX    SPD DR
================================================================================

 1  87  69  78  -2   0  13 0.02  0.0    0  6.4  9  50   M    M   0        16  70
 2  81  64  73  -6   0   8 0.00  0.0    0  7.1  9  50   M    M   0        16  50
 3  84  64  74  -5   0   9 0.00  0.0    0  4.6  7  90   M    M   0         M  M
 4  89  65  77  -2   0  12 0.00  0.0    0  2.4  6 200   M    M   0         M  M
 5  91  73  82   4   0  17 0.00  0.0    0  3.9  6 180   M    M   0         M  M
 6  91  75  83   5   0  18 0.00  0.0    0  3.8  5 200   M    M   0         M  M
 7  91  75  83   5   0  18 0.00  0.0    0  3.6  6 200   M    M   0 1       M  M
 8  92  76  84   7   0  19 0.00  0.0    0  4.7  7 220   M    M   0         M  M
 9  91  76  84   7   0  19 0.00  0.0    0  5.9  8 200   M    M   0        17 220
10  83  66  75  -2   0  10    T  0.0    0  5.6  9 340   M    M   0        18 340
11  83  61  72  -4   0   7 0.00  0.0    0  4.0  8  70   M    M   0         M  M
12  88  63  76   0   0  11 0.00  0.0    0  2.2  6 160   M    M   0         M  M
13  91  69  80   4   0  15 0.00  0.0    0  1.1  6 110   M    M   0         M  M
14  93  73  83   8   0  18 0.00  0.0    M  4.8  6 340   M    M   0         M  M
15  92  73  83   8   0  18 0.00  0.0    0  2.2  7  90   M    M   0         M  M
16  91  70  81   7   0  16 0.34  0.0    0  3.2  7 180   M    M   0         M  M
17  85  70  78   4   0  13    T  0.0    0  0.7  6 360   M    M   0 1       M  M
18  82  69  76   2   0  11 0.56  0.0    0  1.0  5  50   M    M   0 13      M  M
19  88  66  77   4   0  12 0.00  0.0    0  0.2  4 360   M    M   0         M  M
20  90  69  80   7   0  15 0.00  0.0    0  1.5  6  90   M    M   0         M  M
21  89  69  79   7   0  14 0.00  0.0    M  2.9  6  90   M    M   0         M  M
22  92  68  80   8   0  15 0.00  0.0    0  0.8  6 160   M    M   0         M  M
23  91  71  81   9   0  16 0.00  0.0    0  1.3  6 180   M    M   0         M  M
24  92  72  82  11   0  17 0.00  0.0    0  1.7  7 200   M    M   0         M  M
25  91  73  82  11   0  17 0.00  0.0    0  0.2  4 250   M    M   0         M  M
26  76  61  69  -1   0   4 0.00  0.0    0  5.6  9  50   M    M   0        18  20
27  77  56  67  -3   0   2 0.00  0.0    M  2.8  6 360   M    M   0         M  M
================================================================================
SM 2371 1856         0 364  0.92     0.0  84.2          M        0
================================================================================
AV 87.8 68.7                               3.1 FASTST   M    M   0    MAX(MPH)
                                 MISC ---->     9   M                 18    M
================================================================================
NOTES:
# LAST OF SEVERAL OCCURRENCES

COLUMN 17 PEAK WIND IN M.P.H.

PRELIMINARY LOCAL CLIMATOLOGICAL DATA (WS FORM: F-6) , PAGE 2

                                          STATION:  North Little Rock
                                          MONTH:    SEPTEMBER
                                          YEAR:     2016
                                          LATITUDE:   34 50 N
                                          LONGITUDE:  92 16 W

[TEMPERATURE DATA]      [PRECIPITATION DATA]       SYMBOLS USED IN COLUMN 16

AVERAGE MONTHLY: 78.3   TOTAL FOR MONTH:   0.92    1 = FOG OR MIST
DPTR FM NORMAL:   3.2   DPTR FM NORMAL:   -2.04    2 = FOG REDUCING VISIBILITY
HIGHEST:    93 ON 14    GRTST 24HR  0.56 ON 18-18      TO 1/4 MILE OR LESS
LOWEST:     56 ON 27                               3 = THUNDER
                        SNOW, ICE PELLETS, HAIL    4 = ICE PELLETS
                        TOTAL MONTH:   0.0 INCH    5 = HAIL
                        GRTST 24HR     0.0         6 = FREEZING RAIN OR DRIZZLE
                        GRTST DEPTH:   0           7 = DUSTSTORM OR SANDSTORM:
                                                       VSBY 1/2 MILE OR LESS
                                                   8 = SMOKE OR HAZE
[NO. OF DAYS WITH]      [WEATHER - DAYS WITH]      9 = BLOWING SNOW
                                                   X = TORNADO
MAX 32 OR BELOW:   0    0.01 INCH OR MORE:   3
MAX 90 OR ABOVE:  14    0.10 INCH OR MORE:   2
MIN 32 OR BELOW:   0    0.50 INCH OR MORE:   1
MIN  0 OR BELOW:   0    1.00 INCH OR MORE:   0

[HDD (BASE 65) ]
TOTAL THIS MO.     0    CLEAR  (SCALE 0-3)  27
DPTR FM NORMAL    -9    PTCLDY (SCALE 4-7)   0
TOTAL FM JUL 1     0    CLOUDY (SCALE 8-10)  0
DPTR FM NORMAL    -9

[CDD (BASE 65) ]
TOTAL THIS MO.   364
DPTR FM NORMAL    84    [PRESSURE DATA]
TOTAL FM JAN 1  2159    HIGHEST SLP M ON M
DPTR FM NORMAL   102    LOWEST  SLP M ON M

[REMARKS]
