000
CXUS54 KLZK 201330
CF6LZK
PRELIMINARY LOCAL CLIMATOLOGICAL DATA (WS FORM: F-6)

                                          STATION:   North Little Rock
                                          MONTH:     OCTOBER
                                          YEAR:      2014
                                          LATITUDE:   34 50 N
                                          LONGITUDE:  92 16 W

  TEMPERATURE IN F:       :PCPN:    SNOW:  WIND      :SUNSHINE: SKY     :PK WND
================================================================================
1   2   3   4   5  6A  6B    7    8   9   10  11  12  13   14  15   16   17  18
                                     12Z  AVG MX 2MIN
DY MAX MIN AVG DEP HDD CDD  WTR  SNW DPTH SPD SPD DIR MIN PSBL S-S WX    SPD DR
================================================================================

 1  87  68  78   9   0  13    T  0.0    0   M   M   M   M    M   M         M  M
 2  89  65  77   9   0  12 0.76  0.0    0   M   M   M   M    M   M         M  M
 3  75  50  63  -5   2   0 0.00  0.0    0   M   M   M   M    M   M         M  M
 4  68  49  59  -9   6   0 0.00  0.0    0   M   M   M   M    M   M         M  M
 5  78  53  66  -1   0   1 0.00  0.0    0   M   M   M   M    M   M         M  M
 6  77  58  68   1   0   3 0.45    T    0   M   M   M   M    M   M 135     M  M
 7  86  64  75   8   0  10 0.00  0.0    0   M   M   M   M    M   M         M  M
 8  83  66  75   9   0  10 0.74  0.0    0   M   M   M   M    M   M 13      M  M
 9  85  67  76  10   0  11 0.00  0.0    0   M   M   M   M    M   M 12      M  M
10  84  65  75   9   0  10 0.63  0.0    0   M   M   M   M    M   M 3       M  M
11  65  56  61  -4   4   0 0.70  0.0    0   M   M   M   M    M   M 123     M  M
12  68  56  62  -3   3   0 0.22  0.0    0   M   M   M   M    M   M 123     M  M
13  72  58  65   0   0   0 1.30  0.0    0   M   M   M   M    M   M 13      M  M
14  68  56  62  -2   3   0 0.00  0.0    0   M   M   M   M    M   M         M  M
15  71  53  62  -2   3   0 0.00  0.0    0   M   M   M   M    M   M         M  M
16  77  53  65   1   0   0 0.00  0.0    0   M   M   M   M    M   M         M  M
17  80  57  69   6   0   4 0.00  0.0    0   M   M   M   M    M   M         M  M
18  72  53  63   0   2   0 0.00  0.0    0   M   M   M   M    M   M         M  M
19  69  48  59  -4   6   0 0.00  0.0    0   M   M   M   M    M   M         M  M
================================================================================
SM 1454 1095        29  74  4.80    T        M          M        M
================================================================================
AV 76.5 57.6                                 M FASTST   M    M   6    MAX(MPH)
                                 MISC ---->     M   M                  M    M
================================================================================
NOTES:
# LAST OF SEVERAL OCCURRENCES

COLUMN 17 PEAK WIND IN M.P.H.

PRELIMINARY LOCAL CLIMATOLOGICAL DATA (WS FORM: F-6) , PAGE 2

                                          STATION:  North Little Rock
                                          MONTH:    OCTOBER
                                          YEAR:     2014
                                          LATITUDE:   34 50 N
                                          LONGITUDE:  92 16 W

[TEMPERATURE DATA]      [PRECIPITATION DATA]       SYMBOLS USED IN COLUMN 16

AVERAGE MONTHLY: 67.1   TOTAL FOR MONTH:   4.80    1 = FOG OR MIST
DPTR FM NORMAL:   1.4   DPTR FM NORMAL:    2.01    2 = FOG REDUCING VISIBILITY
HIGHEST:    89 ON  2    GRTST 24HR  1.30 ON 13-13      TO 1/4 MILE OR LESS
LOWEST:     48 ON 19                               3 = THUNDER
                        SNOW, ICE PELLETS, HAIL    4 = ICE PELLETS
                        TOTAL MONTH:    T          5 = HAIL
                        GRTST 24HR    T  ON  6- 6  6 = FREEZING RAIN OR DRIZZLE
                        GRTST DEPTH:   0           7 = DUSTSTORM OR SANDSTORM:
                                                       VSBY 1/2 MILE OR LESS
                                                   8 = SMOKE OR HAZE
[NO. OF DAYS WITH]      [WEATHER - DAYS WITH]      9 = BLOWING SNOW
                                                   X = TORNADO
MAX 32 OR BELOW:   0    0.01 INCH OR MORE:   7
MAX 90 OR ABOVE:   0    0.10 INCH OR MORE:   7
MIN 32 OR BELOW:   0    0.50 INCH OR MORE:   5
MIN  0 OR BELOW:   0    1.00 INCH OR MORE:   1

[HDD (BASE 65) ]
TOTAL THIS MO.    29    CLEAR  (SCALE 0-3)   0
DPTR FM NORMAL   -23    PTCLDY (SCALE 4-7)   0
TOTAL FM JUL 1    36    CLOUDY (SCALE 8-10)  0
DPTR FM NORMAL   -29

[CDD (BASE 65) ]
TOTAL THIS MO.    74
DPTR FM NORMAL    11    [PRESSURE DATA]
TOTAL FM JAN 1  1906    HIGHEST SLP M ON M
DPTR FM NORMAL  -231    LOWEST  SLP M ON M

[REMARKS]
