000
CXUS56 KHNX 011146
CF6MAE
PRELIMINARY LOCAL CLIMATOLOGICAL DATA (WS FORM: F-6)

                                          STATION:   MADERA CA AIRPORT
                                          MONTH:     SEPTEMBER
                                          YEAR:      2014
                                          LATITUDE:   36 58 N
                                          LONGITUDE: 120  7 W

  TEMPERATURE IN F:       :PCPN:    SNOW:  WIND      :SUNSHINE: SKY     :PK WND
================================================================================
1   2   3   4   5  6A  6B    7    8   9   10  11  12  13   14  15   16   17  18
                                     12Z  AVG MX 2MIN
DY MAX MIN AVG DEP HDD CDD  WTR  SNW DPTH SPD SPD DIR MIN PSBL S-S WX    SPD DR
================================================================================

 1  97  60  79   4   0  14 0.00  0.0    0  4.4 12 300   M    M   0 8      26  90
 2 102  65  84   9   0  19 0.00  0.0    0  4.9 14 290   M    M   0        20  80
 3  94  60  77   2   0  12 0.00  0.0    0  6.6 14 320   M    M   1        18 290
 4  96  60  78   3   0  13 0.00  0.0    0  5.6 10 320   M    M   1 8      15 300
 5  97  59  78   3   0  13 0.00  0.0    0  5.4 10 320   M    M   2 8       M  M
 6  98  59  79   4   0  14 0.00  0.0    0  4.7 10 290   M    M   2 8      13 340
 7  98  57  78   4   0  13 0.00  0.0    0  5.2 10 300   M    M   2 8      13 310
 8  94  61  78   4   0  13    T  0.0    0   M  12 310   M    M   2         M  M
 9  92  54  73  -1   0   8 0.00  0.0    0  6.0 13 310   M    M   0 8      16 320
10  96  57  77   3   0  12 0.00  0.0    0  3.8 10 300   M    M   0 8      14 310
11 102  58  80   6   0  15 0.00  0.0    0  4.7 14 330   M    M   0 8      18 310
12 102  61  82   8   0  17 0.00  0.0    0  4.2 14 330   M    M   0 8      17 310
13 102  62  82   9   0  17 0.00  0.0    0  4.3 12 140   M    M   0 8      14 150
14 102  64  83  10   0  18 0.00  0.0    0  6.0 14 320   M    M   0         M  M
15 101  66  84  11   0  19 0.00  0.0    0   M   M   M   M    M   0 8       M  M
16  95  62  79   6   0  14 0.00  0.0    0  5.7 13 320   M    M   0        15 320
17  97  60  79   6   0  14 0.00  0.0    0  4.0 13 320   M    M   0 8      18 300
18  88  65  77   5   0  12 0.00  0.0    0  8.7 17 320   M    M   0        22 320
19  89  62  76   4   0  11 0.00  0.0    0  7.1 14 290   M    M   0 8      18 330
20  93  61  77   5   0  12 0.00  0.0    0  7.3 16 320   M    M   0 8      20 340
21  89  62  76   4   0  11 0.00  0.0    0  8.0 15 330   M    M   0        20 330
22  90  58  74   3   0   9 0.00  0.0    0  5.5 10 310   M    M   0 18     13 310
23  94  58  76   5   0  11 0.00  0.0    0  4.8 10 340   M    M   0 18     12 360
24  92  61  77   6   0  12 0.00  0.0    0  5.4 13 290   M    M   0 1      20  80
25  78  61  70  -1   0   5 0.00  0.0    0 11.1 21 330   M    M   2 8      25 330
26  78  57  68  -2   0   3 0.00  0.0    0 10.0 17 330   M    M   4        23 290
27  79  56  68  -2   0   3 0.00  0.0    0  7.6 15 270   M    M   0        23 280
28  78  57  68  -2   0   3 0.03  0.0    0  5.5 16  10   M    M   7 3      20  30
29  82  52  67  -3   0   2 0.00  0.0    0  3.8 13 300   M    M   0 18     18 330
30  85  54  70   1   0   5 0.00  0.0    0  4.7 14 340   M    M   0        18 340
================================================================================
SM 2780 1789         0 344  0.03     0.0 165.0          M       23
================================================================================
AV 92.7 59.6                               5.9 FASTST   M    M   1    MAX(MPH)
                                 MISC ---->  # 21 330               # 26   90
================================================================================
NOTES:
# LAST OF SEVERAL OCCURRENCES

COLUMN 17 PEAK WIND IN M.P.H.

PRELIMINARY LOCAL CLIMATOLOGICAL DATA (WS FORM: F-6) , PAGE 2

                                          STATION:  MADERA CA AIRPORT
                                          MONTH:    SEPTEMBER
                                          YEAR:     2014
                                          LATITUDE:   36 58 N
                                          LONGITUDE: 120  7 W

[TEMPERATURE DATA]      [PRECIPITATION DATA]       SYMBOLS USED IN COLUMN 16

AVERAGE MONTHLY: 76.2   TOTAL FOR MONTH:   0.03    1 = FOG OR MIST
DPTR FM NORMAL:   3.5   DPTR FM NORMAL:   -0.22    2 = FOG REDUCING VISIBILITY
HIGHEST:   102 ON 14,13 GRTST 24HR  0.03 ON 28-28      TO 1/4 MILE OR LESS
LOWEST:     52 ON 29                               3 = THUNDER
                        SNOW, ICE PELLETS, HAIL    4 = ICE PELLETS
                        TOTAL MONTH:   0.0 INCH    5 = HAIL
                        GRTST 24HR     0.0         6 = FREEZING RAIN OR DRIZZLE
                        GRTST DEPTH:   0           7 = DUSTSTORM OR SANDSTORM:
                                                       VSBY 1/2 MILE OR LESS
                                                   8 = SMOKE OR HAZE
[NO. OF DAYS WITH]      [WEATHER - DAYS WITH]      9 = BLOWING SNOW
                                                   X = TORNADO
MAX 32 OR BELOW:   0    0.01 INCH OR MORE:   1
MAX 90 OR ABOVE:  21    0.10 INCH OR MORE:   0
MIN 32 OR BELOW:   0    0.50 INCH OR MORE:   0
MIN  0 OR BELOW:   0    1.00 INCH OR MORE:   0

[HDD (BASE 65) ]
TOTAL THIS MO.     0    CLEAR  (SCALE 0-3)  28
DPTR FM NORMAL    -7    PTCLDY (SCALE 4-7)   2
TOTAL FM JUL 1     0    CLOUDY (SCALE 8-10)  0
DPTR FM NORMAL    -7

[CDD (BASE 65) ]
TOTAL THIS MO.   344
DPTR FM NORMAL   106    [PRESSURE DATA]
TOTAL FM JAN 1  2830    HIGHEST SLP 30.01 ON 29
DPTR FM NORMAL  1368    LOWEST  SLP 29.62 ON  3

[REMARKS]
#FINAL-09-14#
