000
CXUS55 KABR 281400
CF6MBG
PRELIMINARY LOCAL CLIMATOLOGICAL DATA (WS FORM: F-6)

                                          STATION:   MOBRIDGE SD
                                          MONTH:     MAY
                                          YEAR:      2015
                                          LATITUDE:   45 32 N
                                          LONGITUDE: 100 25 W

  TEMPERATURE IN F:       :PCPN:    SNOW:  WIND      :SUNSHINE: SKY     :PK WND
================================================================================
1   2   3   4   5  6A  6B    7    8   9   10  11  12  13   14  15   16   17  18
                                     12Z  AVG MX 2MIN
DY MAX MIN AVG DEP HDD CDD  WTR  SNW DPTH SPD SPD DIR MIN PSBL S-S WX    SPD DR
================================================================================

 1  78  35  57   6   8   0 0.00  0.0    0  4.3 14 220   M    M   0        21 210
 2  90  49  70  18   0   5 0.00  0.0    0 12.4 23 280   M    M   0        38 280
 3  69  41  55   3  10   0    T  0.0    0 14.0 31  10   M    M   1        40  10
 4  67  35  51  -1  14   0 0.00  0.0    0  4.9 12 110   M    M   4        13 120
 5  79  50  65  12   0   0 0.08  0.0    0 15.8 28 150   M    M   3 1      32 140
 6  72  57  65  12   0   0 0.56  0.0    0 11.6 23 130   M    M   9 1      27 140
 7  59  43  51  -2  14   0 0.49  0.0    0 14.9 30 320   M    M   7 18     38 320
 8  59  41  50  -4  15   0 0.00  0.0    0  9.4 16  90   M    M   3        22  10
 9  44  35  40 -14  25   0 0.42    T    0 10.8 20  30   M    M   9 1      24  50
10  39  34  37 -17  28   0 2.48    T    0 20.7 30 350   M    M  10 13     40 350
11  59  35  47  -8  18   0 0.60    T    0 17.9 32 350   M    M   7 1      40 340
12  65  33  49  -6  16   0 0.00  0.0    0 18.7 36 100   M    M   1        45 110
13  76  49  63   8   2   0 0.23  0.0    0 15.7 36 110   M    M   4 13     44 100
14  60  51  56   0   9   0 0.02  0.0    0  9.3 18 350   M    M  10 1      22 350
15  61  49  55  -1  10   0    T  0.0    0 10.0 22  80   M    M  10 1      28  90
16  76  55  66  10   0   1 0.21  0.0    0 16.0 35 110   M    M   7 1      45 110
17  63  36  50  -6  15   0 3.21  0.0    0 21.5 37 330   M    M   8 13     49 330
18  55  34  45 -12  20   0 0.00  0.0    0 18.2 35 330   M    M   4        45 330
19  58  31  45 -12  20   0 0.00  0.0    0  5.9 13  70   M    M   0        18 310
20  66  34  50  -7  15   0 0.00  0.0    0  4.7 14 350   M    M   0        20 130
21  76  36  56  -2   9   0 0.00  0.0    0  5.6 13 320   M    M   0        17 300
22  77  42  60   2   5   0 0.00  0.0    0  9.3 24 150   M    M   1        30 150
23  64  45  55  -3  10   0 0.00  0.0    0  9.2 16 150   M    M   8        22 120
24  71  55  63   4   2   0 0.51  0.0    0 11.1 20  90   M    M  10 1      24  70
25  66  53  60   1   5   0 0.35  0.0    0  7.6 16  80   M    M   7 1      22  70
26  81  52  67   8   0   2 0.00  0.0    0  6.8 16 330   M    M   2 1      20 320
27  84  50  67   7   0   2 0.09  0.0    0  7.9 23 170   M    M   2 13     28 160
================================================================================
SM 1814 1160       270  10  9.25    T    314.2          M      127
================================================================================
AV 67.2 43.0                              11.6 FASTST   M    M   5    MAX(MPH)
                                 MISC ---->  # 37 330               # 49  330
================================================================================
NOTES:
# LAST OF SEVERAL OCCURRENCES

COLUMN 17 PEAK WIND IN M.P.H.

PRELIMINARY LOCAL CLIMATOLOGICAL DATA (WS FORM: F-6) , PAGE 2

                                          STATION:  MOBRIDGE SD
                                          MONTH:    MAY
                                          YEAR:     2015
                                          LATITUDE:   45 32 N
                                          LONGITUDE: 100 25 W

[TEMPERATURE DATA]      [PRECIPITATION DATA]       SYMBOLS USED IN COLUMN 16

AVERAGE MONTHLY: 55.1   TOTAL FOR MONTH:   9.25    1 = FOG OR MIST
DPTR FM NORMAL:  -0.4   DPTR FM NORMAL:    6.82    2 = FOG REDUCING VISIBILITY
HIGHEST:    90 ON  2    GRTST 24HR  3.21 ON 17-17      TO 1/4 MILE OR LESS
LOWEST:     31 ON 19                               3 = THUNDER
                        SNOW, ICE PELLETS, HAIL    4 = ICE PELLETS
                        TOTAL MONTH:    T          5 = HAIL
                        GRTST 24HR    T  ON 11-11  6 = FREEZING RAIN OR DRIZZLE
                        GRTST DEPTH:   0           7 = DUSTSTORM OR SANDSTORM:
                                                       VSBY 1/2 MILE OR LESS
                                                   8 = SMOKE OR HAZE
[NO. OF DAYS WITH]      [WEATHER - DAYS WITH]      9 = BLOWING SNOW
                                                   X = TORNADO
MAX 32 OR BELOW:   0    0.01 INCH OR MORE:  13
MAX 90 OR ABOVE:   1    0.10 INCH OR MORE:  10
MIN 32 OR BELOW:   1    0.50 INCH OR MORE:   5
MIN  0 OR BELOW:   0    1.00 INCH OR MORE:   2

[HDD (BASE 65) ]
TOTAL THIS MO.   270    CLEAR  (SCALE 0-3)  11
DPTR FM NORMAL     4    PTCLDY (SCALE 4-7)   9
TOTAL FM JUL 1  7319    CLOUDY (SCALE 8-10)  7
DPTR FM NORMAL  -542

[CDD (BASE 65) ]
TOTAL THIS MO.    10
DPTR FM NORMAL     1    [PRESSURE DATA]
TOTAL FM JAN 1    10    HIGHEST SLP M ON M
DPTR FM NORMAL     0    LOWEST  SLP 29.36 ON 17

[REMARKS]
