000
CXUS55 KEAX 280736
CF6MCI
PRELIMINARY LOCAL CLIMATOLOGICAL DATA (WS FORM: F-6)

                                          STATION:   Kansas City International MO
                                          MONTH:     MAY
                                          YEAR:      2017
                                          LATITUDE:   39 19 N
                                          LONGITUDE:  94 43 W

  TEMPERATURE IN F:       :PCPN:    SNOW:  WIND      :SUNSHINE: SKY     :PK WND
================================================================================
1   2   3   4   5  6A  6B    7    8   9   10  11  12  13   14  15   16   17  18
                                     12Z  AVG MX 2MIN
DY MAX MIN AVG DEP HDD CDD  WTR  SNW DPTH SPD SPD DIR MIN PSBL S-S WX    SPD DR
================================================================================

 1  60  39  50 -10  15   0 0.05  0.0    0 11.9 26 290   M    M   7 1      35 270
 2  66  47  57  -3   8   0 0.01  0.0    0  6.9 16 340   M    M   6        22 340
 3  54  42  48 -13  17   0 0.08  0.0    0  9.9 21 120   M    M  10        26 120
 4  68  38  53  -8  12   0 0.00  0.0    0 11.7 26 360   M    M   4        33 350
 5  74  42  58  -3   7   0 0.00  0.0    0  8.1 18 360   M    M   1        26 320
 6  78  54  66   4   0   1 0.00  0.0    0  9.4 17  70   M    M   0        24 330
 7  80  48  64   2   1   0 0.00  0.0    0  9.7 17 150   M    M   1        20 170
 8  84  58  71   9   0   6 0.00  0.0    0 11.4 22 210   M    M   3        27 210
 9  84  58  71   9   0   6 0.00  0.0    0  9.6 16 200   M    M   5 8      20 220
10  80  65  73  10   0   8 0.75  0.0    0 10.4 26 250   M    M   8 138    32 250
11  67  58  63   0   2   0    T  0.0    0 10.1 21  20   M    M  10 1      25  40
12  74  50  62  -1   3   0 0.00  0.0    0 10.4 17  30   M    M   1        25  30
13  79  49  64   0   1   0 0.00  0.0    0  6.9 18 200   M    M   1        24 170
14  83  53  68   4   0   3 0.00  0.0    0 15.3 28 180   M    M   1        35 190
15  88  64  76  12   0  11 0.00  0.0    0 16.4 25 170   M    M   4        32 180
16  85  68  77  13   0  12 0.00  0.0    0 19.9 33 200   M    M   5 8      41 180
17  79  65  72   7   0   7 0.02  0.0    0 20.7 38 190   M    M   7 8      49 210
18  79  54  67   2   0   2 3.05  0.0    0  9.4 39 270   M    M   5 135    61 330
19  69  59  64  -1   1   0 0.66  0.0    0 12.6 29 100   M    M  10 13     37 100
20  63  49  56 -10   9   0 0.07  0.0    0 11.9 23 260   M    M  10 1      30 110
21  70  44  57  -9   8   0 0.00  0.0    0  9.2 21 280   M    M   2        28 270
22  68  48  58  -8   7   0 0.16  0.0    0  8.0 20 240   M    M   7 13     23 240
23  66  51  59  -8   6   0 0.09  0.0    0  8.7 17 320   M    M   8 12     22 340
24  66  48  57 -10   8   0    T  0.0    0  8.6 20 350   M    M   6 1      25 360
25  76  46  61  -6   4   0 0.00  0.0    0 10.5 22 140   M    M   2        25 140
26  84  61  73   5   0   8 0.04  0.0    0  7.4 24 130   M    M   5 3      30 130
27  75  60  68   0   0   3 0.39  0.0    0  8.1 26 100   M    M   6 13     38 310
================================================================================
SM 1999 1418       109  67  5.37     0.0 293.1          M      135
================================================================================
AV 74.0 52.5                              10.9 FASTST   M    M   5    MAX(MPH)
                                 MISC ---->  # 39 270               # 61  330
================================================================================
NOTES:
# LAST OF SEVERAL OCCURRENCES

COLUMN 17 PEAK WIND IN M.P.H.

PRELIMINARY LOCAL CLIMATOLOGICAL DATA (WS FORM: F-6) , PAGE 2

                                          STATION:  Kansas City International MO
                                          MONTH:    MAY
                                          YEAR:     2017
                                          LATITUDE:   39 19 N
                                          LONGITUDE:  94 43 W

[TEMPERATURE DATA]      [PRECIPITATION DATA]       SYMBOLS USED IN COLUMN 16

AVERAGE MONTHLY: 63.3   TOTAL FOR MONTH:   5.37    1 = FOG OR MIST
DPTR FM NORMAL:  -0.6   DPTR FM NORMAL:    0.81    2 = FOG REDUCING VISIBILITY
HIGHEST:    88 ON 15    GRTST 24HR  3.05 ON 18-18      TO 1/4 MILE OR LESS
LOWEST:     38 ON  4                               3 = THUNDER
                        SNOW, ICE PELLETS, HAIL    4 = ICE PELLETS
                        TOTAL MONTH:   0.0 INCH    5 = HAIL
                        GRTST 24HR     0.0         6 = FREEZING RAIN OR DRIZZLE
                        GRTST DEPTH:   0           7 = DUSTSTORM OR SANDSTORM:
                                                       VSBY 1/2 MILE OR LESS
                                                   8 = SMOKE OR HAZE
[NO. OF DAYS WITH]      [WEATHER - DAYS WITH]      9 = BLOWING SNOW
                                                   X = TORNADO
MAX 32 OR BELOW:   0    0.01 INCH OR MORE:  12
MAX 90 OR ABOVE:   0    0.10 INCH OR MORE:   5
MIN 32 OR BELOW:   0    0.50 INCH OR MORE:   3
MIN  0 OR BELOW:   0    1.00 INCH OR MORE:   1

[HDD (BASE 65) ]
TOTAL THIS MO.   109    CLEAR  (SCALE 0-3)   9
DPTR FM NORMAL    10    PTCLDY (SCALE 4-7)  13
TOTAL FM JUL 1  4146    CLOUDY (SCALE 8-10)  5
DPTR FM NORMAL  -973

[CDD (BASE 65) ]
TOTAL THIS MO.    67
DPTR FM NORMAL     0    [PRESSURE DATA]
TOTAL FM JAN 1   100    HIGHEST SLP  0.00 ON M
DPTR FM NORMAL     5    LOWEST  SLP  0.00 ON M

[REMARKS]
