903
CXUS55 KEAX 220736
CF6MCI
PRELIMINARY LOCAL CLIMATOLOGICAL DATA (WS FORM: F-6)

                                          STATION:   Kansas City International MO
                                          MONTH:     NOVEMBER
                                          YEAR:      2017
                                          LATITUDE:   39 19 N
                                          LONGITUDE:  94 43 W

  TEMPERATURE IN F:       :PCPN:    SNOW:  WIND      :SUNSHINE: SKY     :PK WND
================================================================================
1   2   3   4   5  6A  6B    7    8   9   10  11  12  13   14  15   16   17  18
                                     12Z  AVG MX 2MIN
DY MAX MIN AVG DEP HDD CDD  WTR  SNW DPTH SPD SPD DIR MIN PSBL S-S WX    SPD DR
================================================================================

 1  50  32  41 -10  24   0    T  0.0    0  9.5 24 150   M    M   9 128    28 150
 2  52  41  47  -3  18   0 0.01  0.0    0 10.1 21  20   M    M   9 12     23  30
 3  53  34  44  -6  21   0 0.00  0.0    0 10.2 20  30   M    M   5 18     24  40
 4  51  45  48  -1  17   0 0.00  0.0    0  4.9 12 230   M    M  10 18     14 230
 5  53  36  45  -4  20   0 0.01  0.0    0  9.7 21 350   M    M   8 18     24 360
 6  45  30  38 -10  27   0 0.00  0.0    0 11.0 21  50   M    M   6        26  50
 7  47  31  39  -9  26   0 0.00  0.0    0 12.0 21  20   M    M   7        26  30
 8  51  27  39  -9  26   0 0.00  0.0    0  5.0  9 190   M    M   1 18     11 200
 9  47  27  37 -10  28   0 0.00  0.0    0 10.3 20  20   M    M   4 8      24  20
10  38  23  31 -16  34   0 0.00  0.0    0 12.8 18 130   M    M   7        25 100
11  50  34  42  -4  23   0 0.14  0.0    0  9.2 16 150   M    M  10 18     21 160
12  47  36  42  -4  23   0 0.01  0.0    0  6.2 13 340   M    M   8 1      15 350
13  49  37  43  -2  22   0 0.00  0.0    0  7.3 14 170   M    M  10 1      20 120
14  55  48  52   8  13   0 0.02  0.0    0 10.4 17 190   M    M  10 1      21 190
15  58  34  46   2  19   0 0.05  0.0    0 10.4 22 340   M    M   5 1      28 320
16  52  28  40  -4  25   0 0.00  0.0    0  8.8 17 130   M    M   4        21 120
17  69  47  58  15   7   0    T  0.0    0 12.5 23 170   M    M   9 18     29 170
18  60  33  47   5  18   0 0.03  0.0    0 15.9 31 350   M    M   5 12     41 330
19  52  26  39  -3  26   0 0.00  0.0    0  9.3 18 200   M    M   0        24 190
20  62  43  53  12  12   0 0.00  0.0    0 19.5 33 210   M    M   3        41 220
21  51  24  38  -3  27   0 0.00  0.0    0 13.8 28 350   M    M   3        35 350
================================================================================
SM 1092  716       456   0  0.27     0.0 218.8          M      133
================================================================================
AV 52.0 34.1                              10.4 FASTST   M    M   6    MAX(MPH)
                                 MISC ---->  # 33 210               # 41  330
================================================================================
NOTES:
# LAST OF SEVERAL OCCURRENCES

COLUMN 17 PEAK WIND IN M.P.H.

PRELIMINARY LOCAL CLIMATOLOGICAL DATA (WS FORM: F-6) , PAGE 2

                                          STATION:  Kansas City International MO
                                          MONTH:    NOVEMBER
                                          YEAR:     2017
                                          LATITUDE:   39 19 N
                                          LONGITUDE:  94 43 W

[TEMPERATURE DATA]      [PRECIPITATION DATA]       SYMBOLS USED IN COLUMN 16

AVERAGE MONTHLY: 43.1   TOTAL FOR MONTH:   0.27    1 = FOG OR MIST
DPTR FM NORMAL:  -2.9   DPTR FM NORMAL:   -1.28    2 = FOG REDUCING VISIBILITY
HIGHEST:    69 ON 17    GRTST 24HR  0.14 ON 11-11      TO 1/4 MILE OR LESS
LOWEST:     23 ON 10                               3 = THUNDER
                        SNOW, ICE PELLETS, HAIL    4 = ICE PELLETS
                        TOTAL MONTH:   0.0 INCH    5 = HAIL
                        GRTST 24HR     0.0         6 = FREEZING RAIN OR DRIZZLE
                        GRTST DEPTH:   0           7 = DUSTSTORM OR SANDSTORM:
                                                       VSBY 1/2 MILE OR LESS
                                                   8 = SMOKE OR HAZE
[NO. OF DAYS WITH]      [WEATHER - DAYS WITH]      9 = BLOWING SNOW
                                                   X = TORNADO
MAX 32 OR BELOW:   0    0.01 INCH OR MORE:   7
MAX 90 OR ABOVE:   0    0.10 INCH OR MORE:   1
MIN 32 OR BELOW:   9    0.50 INCH OR MORE:   0
MIN  0 OR BELOW:   0    1.00 INCH OR MORE:   0

[HDD (BASE 65) ]
TOTAL THIS MO.   456    CLEAR  (SCALE 0-3)   2
DPTR FM NORMAL    53    PTCLDY (SCALE 4-7)  12
TOTAL FM JUL 1   737    CLOUDY (SCALE 8-10)  7
DPTR FM NORMAL   -26

[CDD (BASE 65) ]
TOTAL THIS MO.     0
DPTR FM NORMAL     0    [PRESSURE DATA]
TOTAL FM JAN 1  1325    HIGHEST SLP  0.00 ON M
DPTR FM NORMAL   -33    LOWEST  SLP  0.00 ON M

[REMARKS]
