000
CXUS53 KGLD 310800
CF6MCK
PRELIMINARY LOCAL CLIMATOLOGICAL DATA (WS FORM: F-6)

                                          STATION:   MCCOOK NE
                                          MONTH:     AUGUST
                                          YEAR:      2015
                                          LATITUDE:   40 13 N
                                          LONGITUDE: 100 35 W

  TEMPERATURE IN F:       :PCPN:    SNOW:  WIND      :SUNSHINE: SKY     :PK WND
================================================================================
1   2   3   4   5  6A  6B    7    8   9   10  11  12  13   14  15   16   17  18
                                     12Z  AVG MX 2MIN
DY MAX MIN AVG DEP HDD CDD  WTR  SNW DPTH SPD SPD DIR MIN PSBL S-S WX    SPD DR
================================================================================

 1  95  67  81   5   0  16 0.00    M    M 10.8 28  70   M    M   1 3      33  70
 2 100  65  83   7   0  18    T    M    M  6.3 29  50   M    M   0 3      39  40
 3  91  60  76   1   0  11 0.00    M    M  8.4 17  90   M    M   0 1      21  70
 4  72  61  67  -8   0   2 1.70    M    M  6.0 24 340   M    M   7 123    31 100
 5  86  58  72  -3   0   7 0.00    M    M  5.2 13 110   M    M   0 1      23 190
 6  83  66  75   0   0  10    T    M    M  6.8 17 120   M    M   4 13     21 120
 7  92  61  77   2   0  12 0.07    M    M  7.7 29 270   M    M   4 123    36 260
 8  82  66  74  -1   0   9 0.09    M    M  4.7 21 110   M    M   5 13     27 100
 9  91  64  78   3   0  13 0.00    M    M  4.5 12 360   M    M   2 128    15  10
10  86  66  76   1   0  11 0.00    M    M  7.5 15  50   M    M   3        19  50
11  86  64  75   0   0  10 0.00    M    M  8.4 17 150   M    M   2        24 130
12  86  64  75   0   0  10 0.00    M    M  9.0 18 160   M    M   4        24 180
13  93  62  78   4   0  13 0.51    M    M 10.0 43  10   M    M   0 138    52  10
14  91  66  79   5   0  14 0.00    M    M  7.1 16 130   M    M   1 1      20 130
15  94  70  82   8   0  17 0.00    M    M 12.9 24 160   M    M   0        32 170
16  92  69  81   7   0  16 0.08    M    M  8.6 28  30   M    M   1 13     33  40
17  70  62  66  -8   0   1 0.00    M    M  9.4 16  50   M    M  10 1      25 350
18  76  54  65  -9   0   0 0.03    M    M 12.3 30 350   M    M   6 12     37 330
19  77  51  64 -10   1   0 0.00    M    M  9.3 18 330   M    M   2        24 330
20  89  50  70  -3   0   5 0.00    M    M 10.8 22 190   M    M   1 3      28 180
21  87  57  72  -1   0   7 0.00    M    M 12.3 35 180   M    M   0 8      43 200
22  89  59  74   1   0   9 0.00    M    M 12.1 29  10   M    M   1 138    35 340
23  75  47  61 -12   4   0 0.00    M    M  6.3 21  10   M    M   3        26  10
24  87  42  65  -8   0   0 0.00    M    M  5.0 16 170   M    M   0        20 170
25  92  55  74   2   0   9 0.00    M    M  7.3 17 120   M    M   0 18     28 130
26 101  60  81   9   0  16 0.00    M    M  7.5 18 130   M    M   0 18     25 140
27  95  66  81   9   0  16 0.00    M    M  8.3 17 340   M    M   0        22 340
28  88  63  76   4   0  11 0.00    M    M 11.9 21 360   M    M   0        27  10
29  92  54  73   2   0   8 0.00    M    M  5.8 13 100   M    M   0 18     17 160
30  97  53  75   4   0  10 0.00    M    M  8.8 23 180   M    M   0 8      28 180
================================================================================
SM 2635 1802         5 281  2.48    M    251.0          M       57
================================================================================
AV 87.8 60.1                               8.4 FASTST   M    M   2    MAX(MPH)
                                 MISC ---->  # 43  10               # 52   10
================================================================================
NOTES:
# LAST OF SEVERAL OCCURRENCES

COLUMN 17 PEAK WIND IN M.P.H.

PRELIMINARY LOCAL CLIMATOLOGICAL DATA (WS FORM: F-6) , PAGE 2

                                          STATION:  MCCOOK NE
                                          MONTH:    AUGUST
                                          YEAR:     2015
                                          LATITUDE:   40 13 N
                                          LONGITUDE: 100 35 W

[TEMPERATURE DATA]      [PRECIPITATION DATA]       SYMBOLS USED IN COLUMN 16

AVERAGE MONTHLY: 73.9   TOTAL FOR MONTH:   2.48    1 = FOG OR MIST
DPTR FM NORMAL:   0.1   DPTR FM NORMAL:   -0.59    2 = FOG REDUCING VISIBILITY
HIGHEST:   101 ON 26    GRTST 24HR  1.70 ON  4- 4      TO 1/4 MILE OR LESS
LOWEST:     42 ON 24                               3 = THUNDER
                        SNOW, ICE PELLETS, HAIL    4 = ICE PELLETS
                        TOTAL MONTH:    M          5 = HAIL
                        GRTST 24HR    M  ON   M    6 = FREEZING RAIN OR DRIZZLE
                        GRTST DEPTH:  M  ON   M    7 = DUSTSTORM OR SANDSTORM:
                                                       VSBY 1/2 MILE OR LESS
                                                   8 = SMOKE OR HAZE
[NO. OF DAYS WITH]      [WEATHER - DAYS WITH]      9 = BLOWING SNOW
                                                   X = TORNADO
MAX 32 OR BELOW:   0    0.01 INCH OR MORE:   6
MAX 90 OR ABOVE:  14    0.10 INCH OR MORE:   2
MIN 32 OR BELOW:   0    0.50 INCH OR MORE:   2
MIN  0 OR BELOW:   0    1.00 INCH OR MORE:   1

[HDD (BASE 65) ]
TOTAL THIS MO.     5    CLEAR  (SCALE 0-3)  22
DPTR FM NORMAL     1    PTCLDY (SCALE 4-7)   7
TOTAL FM JUL 1     5    CLOUDY (SCALE 8-10)  1
DPTR FM NORMAL    -2

[CDD (BASE 65) ]
TOTAL THIS MO.   281
DPTR FM NORMAL     8    [PRESSURE DATA]
TOTAL FM JAN 1   968    HIGHEST SLP M ON M
DPTR FM NORMAL   124    LOWEST  SLP 29.61 ON  7

[REMARKS]
