000
CXUS52 KFFC 201110
CF6MCN
PRELIMINARY LOCAL CLIMATOLOGICAL DATA (WS FORM: F-6)

                                          STATION:   MACON
                                          MONTH:     JANUARY
                                          YEAR:      2017
                                          LATITUDE:   32 42 N
                                          LONGITUDE:  83 39 W

  TEMPERATURE IN F:       :PCPN:    SNOW:  WIND      :SUNSHINE: SKY     :PK WND
================================================================================
1   2   3   4   5  6A  6B    7    8   9   10  11  12  13   14  15   16   17  18
                                     12Z  AVG MX 2MIN
DY MAX MIN AVG DEP HDD CDD  WTR  SNW DPTH SPD SPD DIR MIN PSBL S-S WX    SPD DR
================================================================================

 1  62  44  53   7  12   0 2.55    M    0  6.5 13 150   M    M  10 13     15 150
 2  65  61  63  17   2   0 4.05  0.0    0  5.8 17 210   M    M  10 123    23 200
 3  68  56  62  16   3   0 0.11  0.0    0  9.2 17 280   M    M   4 13     20 260
 4  62  46  54   8  11   0 0.00  0.0    0  8.6 18 320   M    M   2        26 340
 5  63  34  49   3  16   0 0.00  0.0    0  4.2 15 250   M    M   2        20 200
 6  52  37  45  -1  20   0 1.02  0.0    0  6.8 15 330   M    M  10 1      21 310
 7  41  27  34 -12  31   0 0.10    M    0 12.2 23 330   M    M   6 1      31 330
 8  43  21  32 -14  33   0 0.00  0.0    0  6.7 15 330   M    M   0        20 320
 9  48  27  38  -8  27   0 0.00  0.0    0  4.3 10 110   M    M   0        14 110
10  62  24  43  -3  22   0 0.00  0.0    0  4.9 20 180   M    M   1        31 160
11  72  43  58  12   7   0 0.00  0.0    0  6.2 16 180   M    M   1        23 200
12  75  43  59  13   6   0 0.00  0.0    0  4.9 15 240   M    M   1 1      26 200
13  78  44  61  15   4   0 0.00  0.0    0  0.8  8 330   M    M   0 1      11 270
14  77  45  61  15   4   0 0.00  0.0    0  0.6  5 240   M    M   0 1       M  30
15  75  47  61  15   4   0 0.00  0.0    0  0.9  8 200   M    M   1 1      11 220
16  76  50  63  17   2   0    T  0.0    0  2.3 14 240   M    M   5        18 150
17  77  48  63  17   2   0 0.00  0.0    0  5.6 17 240   M    M   3 12     23 240
18  76  55  66  20   0   1    T  0.0    0  8.0 17 280   M    M   5 1      22 260
19  76  48  62  16   3   0 0.00  0.0    0  5.4 15 190   M    M   4 12     19 190
================================================================================
SM 1248  800       209   1  7.83     0.0 103.9          M       65
================================================================================
AV 65.7 42.1                               5.5 FASTST   M    M   3    MAX(MPH)
                                 MISC ---->  # 23 330               # 31  330
================================================================================
NOTES:
# LAST OF SEVERAL OCCURRENCES

COLUMN 17 PEAK WIND IN M.P.H.

PRELIMINARY LOCAL CLIMATOLOGICAL DATA (WS FORM: F-6) , PAGE 2

                                          STATION:  MACON
                                          MONTH:    JANUARY
                                          YEAR:     2017
                                          LATITUDE:   32 42 N
                                          LONGITUDE:  83 39 W

[TEMPERATURE DATA]      [PRECIPITATION DATA]       SYMBOLS USED IN COLUMN 16

AVERAGE MONTHLY: 53.9   TOTAL FOR MONTH:   7.83    1 = FOG OR MIST
DPTR FM NORMAL:   7.9   DPTR FM NORMAL:    5.32    2 = FOG REDUCING VISIBILITY
HIGHEST:    78 ON 13    GRTST 24HR  4.29 ON  1- 2      TO 1/4 MILE OR LESS
LOWEST:     21 ON  8                               3 = THUNDER
                        SNOW, ICE PELLETS, HAIL    4 = ICE PELLETS
                        TOTAL MONTH:   0.0 INCH    5 = HAIL
                        GRTST 24HR     0.0         6 = FREEZING RAIN OR DRIZZLE
                        GRTST DEPTH:   0           7 = DUSTSTORM OR SANDSTORM:
                                                       VSBY 1/2 MILE OR LESS
                                                   8 = SMOKE OR HAZE
[NO. OF DAYS WITH]      [WEATHER - DAYS WITH]      9 = BLOWING SNOW
                                                   X = TORNADO
MAX 32 OR BELOW:   0    0.01 INCH OR MORE:   5
MAX 90 OR ABOVE:   0    0.10 INCH OR MORE:   5
MIN 32 OR BELOW:   4    0.50 INCH OR MORE:   3
MIN  0 OR BELOW:   0    1.00 INCH OR MORE:   3

[HDD (BASE 65) ]
TOTAL THIS MO.   209    CLEAR  (SCALE 0-3)  10
DPTR FM NORMAL  -152    PTCLDY (SCALE 4-7)   6
TOTAL FM JUL 1   842    CLOUDY (SCALE 8-10)  3
DPTR FM NORMAL  -444

[CDD (BASE 65) ]
TOTAL THIS MO.     1
DPTR FM NORMAL     1    [PRESSURE DATA]
TOTAL FM JAN 1     1    HIGHEST SLP M ON M
DPTR FM NORMAL     1    LOWEST  SLP 29.78 ON  3

[REMARKS]
