000
CXUS53 KDMX 230920
CF6MCW
PRELIMINARY LOCAL CLIMATOLOGICAL DATA (WS FORM: F-6)

                                          STATION:   MASON CITY IA
                                          MONTH:     AUGUST
                                          YEAR:      2014
                                          LATITUDE:   43  9 N
                                          LONGITUDE:  93 20 W

  TEMPERATURE IN F:       :PCPN:    SNOW:  WIND      :SUNSHINE: SKY     :PK WND
================================================================================
1   2   3   4   5  6A  6B    7    8   9   10  11  12  13   14  15   16   17  18
                                     12Z  AVG MX 2MIN
DY MAX MIN AVG DEP HDD CDD  WTR  SNW DPTH SPD SPD DIR MIN PSBL S-S WX    SPD DR
================================================================================

 1  83  54  69  -2   0   4 0.00  0.0    0  2.0  9 340   M    M   2 18     12 340
 2  84  57  71   0   0   6 0.00  0.0    0  4.4 12 210   M    M   1         M  M
 3  85  63  74   3   0   9 0.01  0.0    0  5.4 15 140   M    M   5 13     22 150
 4  85  62  74   3   0   9 0.00  0.0    0  3.1 12  10   M    M   2 13     14  20
 5  78  56  67  -4   0   2 0.00  0.0    0  3.5  8  60   M    M   5 12     17  60
 6  75  62  69  -1   0   4 0.00  0.0    0  4.9 12 140   M    M   4 1      15 130
 7  79  59  69  -1   0   4 0.00  0.0    0  8.2 21 120   M    M   6 1      26 120
 8  81  65  73   3   0   8 0.00  0.0    0  6.7 14 130   M    M   4        19 100
 9  82  62  72   2   0   7 0.00  0.0    0  6.7 13 150   M    M   3        17 140
10  80  57  69  -1   0   4 0.00  0.0    0  4.6 12 170   M    M   2 1      15 180
11  77  58  68  -2   0   3    T  0.0    0 13.8 26 350   M    M   7        32 350
12  79  50  65  -5   0   0 0.00  0.0    0 10.9 22 350   M    M   0        27 320
13  84  53  69  -1   0   4 0.00  0.0    0  7.3 14 300   M    M   1        18 280
14  79  53  66  -4   0   1 0.00  0.0    0  6.1 13 150   M    M   0 1      18 110
15  76  61  69  -1   0   4    T  0.0    0  7.1 17 200   M    M   4        20 210
16  83  66  75   5   0  10 0.00  0.0    0  3.5  9 160   M    M   7 1      12 140
17  88  61  75   5   0  10 0.00  0.0    0  5.8 16 210   M    M   4 123    20 210
18  89  66  78   9   0  13 0.01  0.0    0  9.1 18 350   M    M   3 13     24 230
19  84  62  73   4   0   8    T  0.0    0  7.0 17 320   M    M   4 1      21 320
20  79  59  69   0   0   4    T  0.0    0  5.5 14 170   M    M   1 1      17 170
21  89  69  79  10   0  14 0.36  0.0    0  9.2 23 200   M    M   4 13     28 180
22  88  68  78   9   0  13 0.00  0.0    0  4.6 13  20   M    M   4 12     15  10
================================================================================
SM 1807 1323         0 141  0.38     0.0 139.4          M       73
================================================================================
AV 82.1 60.1                               6.3 FASTST   M    M   3    MAX(MPH)
                                 MISC ---->  # 26 350               # 32  350
================================================================================
NOTES:
# LAST OF SEVERAL OCCURRENCES

COLUMN 17 PEAK WIND IN M.P.H.

PRELIMINARY LOCAL CLIMATOLOGICAL DATA (WS FORM: F-6) , PAGE 2

                                          STATION:  MASON CITY IA
                                          MONTH:    AUGUST
                                          YEAR:     2014
                                          LATITUDE:   43  9 N
                                          LONGITUDE:  93 20 W

[TEMPERATURE DATA]      [PRECIPITATION DATA]       SYMBOLS USED IN COLUMN 16

AVERAGE MONTHLY: 71.1   TOTAL FOR MONTH:   0.38    1 = FOG OR MIST
DPTR FM NORMAL:   1.1   DPTR FM NORMAL:   -2.54    2 = FOG REDUCING VISIBILITY
HIGHEST:    89 ON 21,18 GRTST 24HR  0.36 ON 21-21      TO 1/4 MILE OR LESS
LOWEST:     50 ON 12                               3 = THUNDER
                        SNOW, ICE PELLETS, HAIL    4 = ICE PELLETS
                        TOTAL MONTH:   0.0 INCH    5 = HAIL
                        GRTST 24HR     0.0         6 = FREEZING RAIN OR DRIZZLE
                        GRTST DEPTH:   0           7 = DUSTSTORM OR SANDSTORM:
                                                       VSBY 1/2 MILE OR LESS
                                                   8 = SMOKE OR HAZE
[NO. OF DAYS WITH]      [WEATHER - DAYS WITH]      9 = BLOWING SNOW
                                                   X = TORNADO
MAX 32 OR BELOW:   0    0.01 INCH OR MORE:   3
MAX 90 OR ABOVE:   0    0.10 INCH OR MORE:   1
MIN 32 OR BELOW:   0    0.50 INCH OR MORE:   0
MIN  0 OR BELOW:   0    1.00 INCH OR MORE:   0

[HDD (BASE 65) ]
TOTAL THIS MO.     0    CLEAR  (SCALE 0-3)   9
DPTR FM NORMAL   -17    PTCLDY (SCALE 4-7)  13
TOTAL FM JUL 1    21    CLOUDY (SCALE 8-10)  0
DPTR FM NORMAL    -5

[CDD (BASE 65) ]
TOTAL THIS MO.   141
DPTR FM NORMAL    17    [PRESSURE DATA]
TOTAL FM JAN 1   450    HIGHEST SLP M ON M
DPTR FM NORMAL   -68    LOWEST  SLP 29.70 ON 19

[REMARKS]
