000
CXUS54 KMEG 250742
CF6MEG
PRELIMINARY LOCAL CLIMATOLOGICAL DATA (WS FORM: F-6)

                                          STATION:   MEMPHIS/GERMANTOWN WFO
                                          MONTH:     DECEMBER
                                          YEAR:      2014
                                          LATITUDE:   35  7 N
                                          LONGITUDE:  89 48 W

  TEMPERATURE IN F:       :PCPN:    SNOW:  WIND      :SUNSHINE: SKY     :PK WND
================================================================================
1   2   3   4   5  6A  6B    7    8   9   10  11  12  13   14  15   16   17  18
                                     12Z  AVG MX 2MIN
DY MAX MIN AVG DEP HDD CDD  WTR  SNW DPTH SPD SPD DIR MIN PSBL S-S WX    SPD DR
================================================================================

 1  65  36  51   5  14   0 0.15  0.0    0   M   M   M   M    M   M         M  M
 2  39  34  37  -8  28   0    T  0.0    0   M   M   M   M    M   M         M  M
 3  48  38  43  -2  22   0 0.07  0.0    0   M   M   M   M    M   M         M  M
 4  61  45  53   8  12   0 0.00  0.0    0   M   M   M   M    M   M         M  M
 5  66  52  59  15   6   0 1.10  0.0    0   M   M   M   M    M   M 1       M  M
 6  66  43  55  11  10   0 0.01  0.0    0   M   M   M   M    M   M         M  M
 7  47  41  44   0  21   0 0.00  0.0    0   M   M   M   M    M   M         M  M
 8  57  37  47   4  18   0 0.00  0.0    0   M   M   M   M    M   M         M  M
 9  49  32  41  -2  24   0 0.00  0.0    0   M   M   M   M    M   M         M  M
10  49  29  39  -4  26   0 0.00  0.0    0   M   M   M   M    M   M         M  M
11  43  36  40  -2  25   0 0.00  0.0    0   M   M   M   M    M   M         M  M
12  60  41  51   9  14   0 0.00  0.0    0   M   M   M   M    M   M         M  M
13  55  47  51   9  14   0 0.00  0.0    0   M   M   M   M    M   M         M  M
14  67  40  54  12  11   0 0.00  0.0    0   M   M   M   M    M   M         M  M
15  62  47  55  13  10   0 0.35  0.0    0   M   M   M   M    M   M         M  M
16  50  34  42   1  23   0 0.00  0.0    0   M   M   M   M    M   M         M  M
17  42  30  36  -5  29   0    T  0.0    0   M   M   M   M    M   M         M  M
18  45  36  41   0  24   0 0.10    T    0   M   M   M   M    M   M 4       M  M
19  44  38  41   0  24   0    T  0.0    0   M   M   M   M    M   M         M  M
20  50  32  41   1  24   0 0.00  0.0    0   M   M   M   M    M   M         M  M
21  57  28  43   3  22   0 0.00  0.0    0   M   M   M   M    M   M         M  M
22  57  45  51  11  14   0 0.24  0.0    0   M   M   M   M    M   M         M  M
23  55  48  52  12  13   0 0.11  0.0    0   M   M   M   M    M   M         M  M
24  48  41  45   5  20   0 0.02  0.0    0   M   M   M   M    M   M         M  M
================================================================================
SM 1282  930       448   0  2.15    T        M          M        M
================================================================================
AV 53.4 38.8                                 M FASTST   M    M   6    MAX(MPH)
                                 MISC ---->     M   M                  M    M
================================================================================
NOTES:
# LAST OF SEVERAL OCCURRENCES

COLUMN 17 PEAK WIND IN M.P.H.

PRELIMINARY LOCAL CLIMATOLOGICAL DATA (WS FORM: F-6) , PAGE 2

                                          STATION:  MEMPHIS/GERMANTOWN WFO
                                          MONTH:    DECEMBER
                                          YEAR:     2014
                                          LATITUDE:   35  7 N
                                          LONGITUDE:  89 48 W

[TEMPERATURE DATA]      [PRECIPITATION DATA]       SYMBOLS USED IN COLUMN 16

AVERAGE MONTHLY: 46.1   TOTAL FOR MONTH:   2.15    1 = FOG OR MIST
DPTR FM NORMAL:   3.8   DPTR FM NORMAL:   -2.57    2 = FOG REDUCING VISIBILITY
HIGHEST:    67 ON 14    GRTST 24HR  1.10 ON  5- 5      TO 1/4 MILE OR LESS
LOWEST:     28 ON 21                               3 = THUNDER
                        SNOW, ICE PELLETS, HAIL    4 = ICE PELLETS
                        TOTAL MONTH:    T          5 = HAIL
                        GRTST 24HR    T  ON 18-18  6 = FREEZING RAIN OR DRIZZLE
                        GRTST DEPTH:   0           7 = DUSTSTORM OR SANDSTORM:
                                                       VSBY 1/2 MILE OR LESS
                                                   8 = SMOKE OR HAZE
[NO. OF DAYS WITH]      [WEATHER - DAYS WITH]      9 = BLOWING SNOW
                                                   X = TORNADO
MAX 32 OR BELOW:   0    0.01 INCH OR MORE:   9
MAX 90 OR ABOVE:   0    0.10 INCH OR MORE:   6
MIN 32 OR BELOW:   5    0.50 INCH OR MORE:   1
MIN  0 OR BELOW:   0    1.00 INCH OR MORE:   1

[HDD (BASE 65) ]
TOTAL THIS MO.   448    CLEAR  (SCALE 0-3)   0
DPTR FM NORMAL   -97    PTCLDY (SCALE 4-7)   0
TOTAL FM JUL 1  1127    CLOUDY (SCALE 8-10)  0
DPTR FM NORMAL   -17

[CDD (BASE 65) ]
TOTAL THIS MO.     0
DPTR FM NORMAL     0    [PRESSURE DATA]
TOTAL FM JAN 1  1967    HIGHEST SLP M ON M
DPTR FM NORMAL    41    LOWEST  SLP M ON M

[REMARKS]
