000
CXUS54 KJAN 200800
CF6MEI
PRELIMINARY LOCAL CLIMATOLOGICAL DATA (WS FORM: F-6)

                                          STATION:   MERIDIAN
                                          MONTH:     NOVEMBER
                                          YEAR:      2017
                                          LATITUDE:   32 19 N
                                          LONGITUDE:  88 45 W

  TEMPERATURE IN F:       :PCPN:    SNOW:  WIND      :SUNSHINE: SKY     :PK WND
================================================================================
1   2   3   4   5  6A  6B    7    8   9   10  11  12  13   14  15   16   17  18
                                     12Z  AVG MX 2MIN
DY MAX MIN AVG DEP HDD CDD  WTR  SNW DPTH SPD SPD DIR MIN PSBL S-S WX    SPD DR
================================================================================

 1  69  54  62   3   3   0 0.09  0.0    0  7.4 14 180   M    M   6        19 180
 2  82  64  73  14   0   8 0.00  0.0    0  8.2 17 180   M    M   8        22 180
 3  87  65  76  18   0  11 0.05  0.0    0  4.8 22 350   M    M   6 123    29 350
 4  79  61  70  12   0   5 0.55  0.0    0  3.0 21 330   M    M   6 123    27 340
 5  80  61  71  13   0   6 0.00  0.0    0  6.8 16 180   M    M   4 12     20 200
 6  83  65  74  17   0   9 0.00  0.0    0  5.5 12 220   M    M   6 1      15 220
 7  83  65  74  17   0   9 0.00  0.0    0  4.6 13 240   M    M   7 1      15 230
 8  70  52  61   4   4   0 0.07  0.0    0  9.2 15 360   M    M  10 1      19 360
 9  67  44  56   0   9   0 0.30  0.0    0  6.5 15  20   M    M   5 1      21  10
10  67  40  54  -2  11   0 0.00  0.0    0  5.5 20  60   M    M   0        24  60
11  70  38  54  -2  11   0 0.00  0.0    0  4.7 15 100   M    M   1        20 100
12  62  54  58   2   7   0 0.00  0.0    0  3.3  9  70   M    M   9 1      13 120
13  71  45  58   3   7   0 0.00  0.0    0  5.9 14  10   M    M   3 1      23  20
14  71  40  56   1   9   0 0.00  0.0    0  3.3  8  80   M    M   0 1      10  10
15  70  40  55   0  10   0 0.00  0.0    0  3.5 15 150   M    M   2 1      20 160
16  72  47  60   6   5   0 0.00  0.0    0  2.7 12  30   M    M   5        14  30
17  76  49  63   9   2   0 0.00  0.0    0  5.1 13 180   M    M   1 1      20 180
18  80  51  66  12   0   1 0.31  0.0    0 13.7 29 320   M    M   7 18     43 320
19   M   M   M   M   M   M    M    M    M   M   M   M   M    M   M 18      M  M
================================================================================
SM 1339  935        78  49  1.37     0.0 103.7          M       86
================================================================================
AV 74.4 51.9                               5.8 FASTST   M    M   5    MAX(MPH)
                                 MISC ---->  # 29 320               # 43  320
================================================================================
NOTES:
# LAST OF SEVERAL OCCURRENCES

COLUMN 17 PEAK WIND IN M.P.H.

PRELIMINARY LOCAL CLIMATOLOGICAL DATA (WS FORM: F-6) , PAGE 2

                                          STATION:  MERIDIAN
                                          MONTH:    NOVEMBER
                                          YEAR:     2017
                                          LATITUDE:   32 19 N
                                          LONGITUDE:  88 45 W

[TEMPERATURE DATA]      [PRECIPITATION DATA]       SYMBOLS USED IN COLUMN 16

AVERAGE MONTHLY: 63.2   TOTAL FOR MONTH:   1.37    1 = FOG OR MIST
DPTR FM NORMAL:   7.0   DPTR FM NORMAL:   -1.59    2 = FOG REDUCING VISIBILITY
HIGHEST:    87 ON  3    GRTST 24HR  0.55 ON  4- 4      TO 1/4 MILE OR LESS
LOWEST:     38 ON 11                               3 = THUNDER
                        SNOW, ICE PELLETS, HAIL    4 = ICE PELLETS
                        TOTAL MONTH:   0.0 INCH    5 = HAIL
                        GRTST 24HR     0.0         6 = FREEZING RAIN OR DRIZZLE
                        GRTST DEPTH:   0           7 = DUSTSTORM OR SANDSTORM:
                                                       VSBY 1/2 MILE OR LESS
                                                   8 = SMOKE OR HAZE
[NO. OF DAYS WITH]      [WEATHER - DAYS WITH]      9 = BLOWING SNOW
                                                   X = TORNADO
MAX 32 OR BELOW:   0    0.01 INCH OR MORE:   6
MAX 90 OR ABOVE:   0    0.10 INCH OR MORE:   3
MIN 32 OR BELOW:   0    0.50 INCH OR MORE:   1
MIN  0 OR BELOW:   0    1.00 INCH OR MORE:   0

[HDD (BASE 65) ]
TOTAL THIS MO.    78    CLEAR  (SCALE 0-3)   6
DPTR FM NORMAL  -100    PTCLDY (SCALE 4-7)  10
TOTAL FM JUL 1   172    CLOUDY (SCALE 8-10)  2
DPTR FM NORMAL  -130

[CDD (BASE 65) ]
TOTAL THIS MO.    49
DPTR FM NORMAL    36    [PRESSURE DATA]
TOTAL FM JAN 1  2542    HIGHEST SLP M ON M
DPTR FM NORMAL   516    LOWEST  SLP 29.71 ON 18

[REMARKS]
