000
CXUS54 KMEG 160826
CF6MEM
PRELIMINARY LOCAL CLIMATOLOGICAL DATA (WS FORM: F-6)

                                          STATION:   MEMPHIS
                                          MONTH:     DECEMBER
                                          YEAR:      2017
                                          LATITUDE:   35  3 N
                                          LONGITUDE:  89 59 W

  TEMPERATURE IN F:       :PCPN:    SNOW:  WIND      :SUNSHINE: SKY     :PK WND
================================================================================
1   2   3   4   5  6A  6B    7    8   9   10  11  12  13   14  15   16   17  18
                                     12Z  AVG MX 2MIN
DY MAX MIN AVG DEP HDD CDD  WTR  SNW DPTH SPD SPD DIR MIN PSBL S-S WX    SPD DR
================================================================================

 1  63  40  52   5  13   0 0.00  0.0    0  5.6 13  80   M    M   6        19  70
 2  69  42  56   9   9   0 0.00  0.0    0  1.1  9 330   M    M   4        11 330
 3  70  44  57  10   8   0 0.00  0.0    0  4.3 14 180   M    M   6        16 190
 4  71  50  61  15   4   0 0.03  0.0    0 14.0 29 170   M    M   5 1      33 170
 5  65  39  52   6  13   0 1.08  0.0    0  9.9 26 300   M    M  10 13     37 300
 6  49  37  43  -3  22   0 0.00  0.0    0  4.2 10 220   M    M   8        15 240
 7  44  32  38  -7  27   0 0.00  0.0    0  8.5 15  10   M    M   8        21 340
 8  41  25  33 -12  32   0 0.00  0.0    0  5.4 12 340   M    M   7        21  30
 9  47  24  36  -9  29   0 0.00  0.0    0  7.3 22 310   M    M   1        27 310
10  54  25  40  -5  25   0 0.00  0.0    0  7.2 20 210   M    M   0        27 200
11  65  34  50   6  15   0 0.00  0.0    0  7.6 21 210   M    M   1        27 230
12  51  29  40  -4  25   0 0.00  0.0    0  9.5 21 330   M    M   2        29 320
13  58  28  43  -1  22   0 0.00  0.0    0  9.2 24 220   M    M   1        34 200
14  51  34  43  -1  22   0 0.00  0.0    0  7.1 15 360   M    M   2        18 360
15  47  28  38  -5  27   0 0.00  0.0    0  5.6 14 200   M    M   2        23 230
================================================================================
SM  845  511       293   0  1.11     0.0 106.5          M       63
================================================================================
AV 56.3 34.1                               7.1 FASTST   M    M   4    MAX(MPH)
                                 MISC ---->  # 29 170               # 37  300
================================================================================
NOTES:
# LAST OF SEVERAL OCCURRENCES

COLUMN 17 PEAK WIND IN M.P.H.

PRELIMINARY LOCAL CLIMATOLOGICAL DATA (WS FORM: F-6) , PAGE 2

                                          STATION:  MEMPHIS
                                          MONTH:    DECEMBER
                                          YEAR:     2017
                                          LATITUDE:   35  3 N
                                          LONGITUDE:  89 59 W

[TEMPERATURE DATA]      [PRECIPITATION DATA]       SYMBOLS USED IN COLUMN 16

AVERAGE MONTHLY: 45.2   TOTAL FOR MONTH:   1.11    1 = FOG OR MIST
DPTR FM NORMAL:  -0.0   DPTR FM NORMAL:   -1.84    2 = FOG REDUCING VISIBILITY
HIGHEST:    71 ON  4    GRTST 24HR  1.08 ON  5- 5      TO 1/4 MILE OR LESS
LOWEST:     24 ON  9                               3 = THUNDER
                        SNOW, ICE PELLETS, HAIL    4 = ICE PELLETS
                        TOTAL MONTH:   0.0 INCH    5 = HAIL
                        GRTST 24HR     0.0         6 = FREEZING RAIN OR DRIZZLE
                        GRTST DEPTH:   0           7 = DUSTSTORM OR SANDSTORM:
                                                       VSBY 1/2 MILE OR LESS
                                                   8 = SMOKE OR HAZE
[NO. OF DAYS WITH]      [WEATHER - DAYS WITH]      9 = BLOWING SNOW
                                                   X = TORNADO
MAX 32 OR BELOW:   0    0.01 INCH OR MORE:   2
MAX 90 OR ABOVE:   0    0.10 INCH OR MORE:   1
MIN 32 OR BELOW:   7    0.50 INCH OR MORE:   1
MIN  0 OR BELOW:   0    1.00 INCH OR MORE:   1

[HDD (BASE 65) ]
TOTAL THIS MO.   293    CLEAR  (SCALE 0-3)   7
DPTR FM NORMAL    -6    PTCLDY (SCALE 4-7)   6
TOTAL FM JUL 1   739    CLOUDY (SCALE 8-10)  2
DPTR FM NORMAL   -59

[CDD (BASE 65) ]
TOTAL THIS MO.     0
DPTR FM NORMAL     0    [PRESSURE DATA]
TOTAL FM JAN 1  2302    HIGHEST SLP M ON M
DPTR FM NORMAL    46    LOWEST  SLP 29.78 ON 13

[REMARKS]
