000
CXUS54 KLZK 231130
CF6MEZ
PRELIMINARY LOCAL CLIMATOLOGICAL DATA (WS FORM: F-6)

                                          STATION:   Mena Airport
                                          MONTH:     SEPTEMBER
                                          YEAR:      2017
                                          LATITUDE:   34  9 N
                                          LONGITUDE:  94 15 W

  TEMPERATURE IN F:       :PCPN:    SNOW:  WIND      :SUNSHINE: SKY     :PK WND
================================================================================
1   2   3   4   5  6A  6B    7    8   9   10  11  12  13   14  15   16   17  18
                                     12Z  AVG MX 2MIN
DY MAX MIN AVG DEP HDD CDD  WTR  SNW DPTH SPD SPD DIR MIN PSBL S-S WX    SPD DR
================================================================================

 1  88  61  75  -1   0  10    M    M    M  1.4  7 340   M    M   0         M  M
 2  86  61  74  -2   0   9    M    M    M  0.0  M   M   M    M   1         M  M
 3  91  64  78   3   0  13    M    M    M  1.2  6 290   M    M   3         M  M
 4  91  70  81   6   0  16    M    M    M  3.1 12 260   M    M   1        17 250
 5  82  57  70  -5   0   5    M    M    M  3.5 12 360   M    M   4 3       M  M
 6  77  50  64 -10   1   0    M    M    M  2.6 12  50   M    M   0        23 360
 7  81  46  64 -10   1   0    M    M    M  0.9  6 320   M    M   0         M  M
 8  84  52  68  -6   0   3    M    M    M  1.1  6  50   M    M   0         M  M
 9  86  54  70  -3   0   5    M    M    M  3.4 12  80   M    M   0        16  90
10  82  52  67  -6   0   2    M    M    M  3.9 14  70   M    M   2        18  90
11  82  52  67  -6   0   2    M    M    M  3.8 13  30   M    M   1        20  30
12  73  54  64  -8   1   0    M    M    M  2.7 12 290   M    M   1         M  M
13  86  55  71  -1   0   6    M    M    M  1.8  8 290   M    M   1         M  M
14  90  54  72   0   0   7    M    M    M  0.9  5 160   M    M   0         M  M
15  90  61  76   5   0  11    M    M    M  2.0  9 100   M    M   1         M  M
16  91  61  76   5   0  11    M    M    M  1.2  7 220   M    M   1         M  M
17  91  64  78   8   0  13 0.00  0.0    0  1.0  6  70   M    M   1         M  M
18  93  66  80  10   0  15 0.00  0.0    0  0.9  7 200   M    M   1         M  M
19  91  64  78   8   0  13 0.00  0.0    0  1.2  7 240   M    M   2         M  M
20  93  79  86  17   0  21 0.00  0.0    0  3.1  8 200   M    M   2         M  M
21  91  77  84  15   0  19 0.00  0.0    0  1.3  7 120   M    M   5         M  M
22  93  68  81  13   0  16 0.00  0.0    0  0.9  5 240   M    M   1         M  M
================================================================================
SM 1912 1322         3 197  0.00     0.0  41.9          M       28
================================================================================
AV 86.9 60.1                               1.9 FASTST   M    M   1    MAX(MPH)
                                 MISC ---->  # 14  70               # 23  360
================================================================================
NOTES:
# LAST OF SEVERAL OCCURRENCES

COLUMN 17 PEAK WIND IN M.P.H.

PRELIMINARY LOCAL CLIMATOLOGICAL DATA (WS FORM: F-6) , PAGE 2

                                          STATION:  Mena Airport
                                          MONTH:    SEPTEMBER
                                          YEAR:     2017
                                          LATITUDE:   34  9 N
                                          LONGITUDE:  94 15 W

[TEMPERATURE DATA]      [PRECIPITATION DATA]       SYMBOLS USED IN COLUMN 16

AVERAGE MONTHLY: 73.5   TOTAL FOR MONTH:   0.00    1 = FOG OR MIST
DPTR FM NORMAL:   1.1   DPTR FM NORMAL:   -3.36    2 = FOG REDUCING VISIBILITY
HIGHEST:    93 ON 22,20 GRTST 24HR  0.00 ON 22-22      TO 1/4 MILE OR LESS
LOWEST:     46 ON  7                               3 = THUNDER
                        SNOW, ICE PELLETS, HAIL    4 = ICE PELLETS
                        TOTAL MONTH:   0.0 INCH    5 = HAIL
                        GRTST 24HR     0.0         6 = FREEZING RAIN OR DRIZZLE
                        GRTST DEPTH:   0           7 = DUSTSTORM OR SANDSTORM:
                                                       VSBY 1/2 MILE OR LESS
                                                   8 = SMOKE OR HAZE
[NO. OF DAYS WITH]      [WEATHER - DAYS WITH]      9 = BLOWING SNOW
                                                   X = TORNADO
MAX 32 OR BELOW:   0    0.01 INCH OR MORE:   0
MAX 90 OR ABOVE:  11    0.10 INCH OR MORE:   0
MIN 32 OR BELOW:   0    0.50 INCH OR MORE:   0
MIN  0 OR BELOW:   0    1.00 INCH OR MORE:   0

[HDD (BASE 65) ]
TOTAL THIS MO.     3    CLEAR  (SCALE 0-3)  20
DPTR FM NORMAL    -6    PTCLDY (SCALE 4-7)   2
TOTAL FM JUL 1     3    CLOUDY (SCALE 8-10)  0
DPTR FM NORMAL    -7

[CDD (BASE 65) ]
TOTAL THIS MO.   197
DPTR FM NORMAL    24    [PRESSURE DATA]
TOTAL FM JAN 1  1801    HIGHEST SLP M ON M
DPTR FM NORMAL   367    LOWEST  SLP M ON M

[REMARKS]
