000
CXUS54 KBRO 260900
CF6MFE
PRELIMINARY LOCAL CLIMATOLOGICAL DATA (WS FORM: F-6)

                                          STATION:   MCALLEN
                                          MONTH:     MAY
                                          YEAR:      2015
                                          LATITUDE:   26 10 N
                                          LONGITUDE:  98 14 W

  TEMPERATURE IN F:       :PCPN:    SNOW:  WIND      :SUNSHINE: SKY     :PK WND
================================================================================
1   2   3   4   5  6A  6B    7    8   9   10  11  12  13   14  15   16   17  18
                                     12Z  AVG MX 2MIN
DY MAX MIN AVG DEP HDD CDD  WTR  SNW DPTH SPD SPD DIR MIN PSBL S-S WX    SPD DR
================================================================================

 1  87  62  75  -4   0  10 0.00  0.0    0  6.1 17 110   M    M   2        21 120
 2  87  65  76  -3   0  11 0.00  0.0    0  8.5 18 130   M    M   1        23 130
 3  87  71  79   0   0  14    T  0.0    0 13.0 22 130   M    M   5        27 130
 4  87  74  81   1   0  16 0.00  0.0    0 14.8 24 120   M    M   9        30 140
 5  87  76  82   2   0  17 0.00  0.0    0 16.0 24 130   M    M  10        31 150
 6  89  77  83   3   0  18    T  0.0    0 14.1 23 140   M    M  10        29 130
 7  91  77  84   4   0  19    T  0.0    0 12.8 20 130   M    M   9 18     24 130
 8  95  80  88   8   0  23    T  0.0    0 16.3 29 120   M    M   6 8      37 130
 9  96  80  88   7   0  23    T  0.0    0 18.9 29 140   M    M   3 8      37 140
10  93  80  87   6   0  22 0.00  0.0    0 18.1 28 140   M    M   6 8      36 140
11  91  71  81   0   0  16 1.69  0.0    0 13.9 23  10   M    M   8 138    34 270
12  89  71  80  -1   0  15 0.39  0.0    0  7.4 21 140   M    M   4 138    28 140
13  88  78  83   2   0  18    T  0.0    0 11.5 21 140   M    M   8 18     28 120
14  91  78  85   3   0  20 0.00  0.0    0 12.5 23 140   M    M   6 18     28 150
15  90  74  82   0   0  17 0.51  0.0    0 10.7 24 160   M    M   7 138    31 150
16  93  77  85   3   0  20 0.00  0.0    0 15.1 28 140   M    M   8 18     35 150
17  92  79  86   4   0  21 0.00  0.0    0 13.0 21 150   M    M   9 18     29 150
18  94  79  87   5   0  22 0.00  0.0    0 11.9 20 140   M    M   7 18     26 140
19  92  78  85   3   0  20 0.00  0.0    0 13.3 25 140   M    M   4 18     33 140
20  92  79  86   3   0  21 0.00  0.0    0 12.3 22 130   M    M   7 18     28 140
21  85  75  80  -3   0  15 0.11  0.0    0  8.7 28 110   M    M   7 138    34 120
22  92  76  84   1   0  19 0.00  0.0    0  9.2 20 140   M    M   3 1      24 150
23  90  73  82  -1   0  17 0.61  0.0    0 13.8 26 140   M    M   4 138    35 170
24  91  72  82  -1   0  17 0.45  0.0    0 12.4 25 130   M    M   2 13     31 140
25  93  76  85   1   0  20 0.00  0.0    0 14.4 25 150   M    M   7        33 150
================================================================================
SM 2262 1878         0 451  3.76     0.0 318.7          M      152
================================================================================
AV 90.5 75.1                              12.7 FASTST   M    M   6    MAX(MPH)
                                 MISC ---->  # 29 120               # 37  130
================================================================================
NOTES:
# LAST OF SEVERAL OCCURRENCES

COLUMN 17 PEAK WIND IN M.P.H.

PRELIMINARY LOCAL CLIMATOLOGICAL DATA (WS FORM: F-6) , PAGE 2

                                          STATION:  MCALLEN
                                          MONTH:    MAY
                                          YEAR:     2015
                                          LATITUDE:   26 10 N
                                          LONGITUDE:  98 14 W

[TEMPERATURE DATA]      [PRECIPITATION DATA]       SYMBOLS USED IN COLUMN 16

AVERAGE MONTHLY: 82.8   TOTAL FOR MONTH:   3.76    1 = FOG OR MIST
DPTR FM NORMAL:   1.5   DPTR FM NORMAL:    1.97    2 = FOG REDUCING VISIBILITY
HIGHEST:    96 ON  9    GRTST 24HR  2.08 ON 11-12      TO 1/4 MILE OR LESS
LOWEST:     62 ON  1                               3 = THUNDER
                        SNOW, ICE PELLETS, HAIL    4 = ICE PELLETS
                        TOTAL MONTH:   0.0 INCH    5 = HAIL
                        GRTST 24HR     0.0         6 = FREEZING RAIN OR DRIZZLE
                        GRTST DEPTH:   0           7 = DUSTSTORM OR SANDSTORM:
                                                       VSBY 1/2 MILE OR LESS
                                                   8 = SMOKE OR HAZE
[NO. OF DAYS WITH]      [WEATHER - DAYS WITH]      9 = BLOWING SNOW
                                                   X = TORNADO
MAX 32 OR BELOW:   0    0.01 INCH OR MORE:   6
MAX 90 OR ABOVE:  16    0.10 INCH OR MORE:   6
MIN 32 OR BELOW:   0    0.50 INCH OR MORE:   3
MIN  0 OR BELOW:   0    1.00 INCH OR MORE:   1

[HDD (BASE 65) ]
TOTAL THIS MO.     0    CLEAR  (SCALE 0-3)   5
DPTR FM NORMAL     0    PTCLDY (SCALE 4-7)  15
TOTAL FM JUL 1   756    CLOUDY (SCALE 8-10)  5
DPTR FM NORMAL   177

[CDD (BASE 65) ]
TOTAL THIS MO.   451
DPTR FM NORMAL    42    [PRESSURE DATA]
TOTAL FM JAN 1  1132    HIGHEST SLP M ON M
DPTR FM NORMAL    -8    LOWEST  SLP 29.73 ON  9

[REMARKS]
