000
CXUS54 KBRO 270900
CF6MFE
PRELIMINARY LOCAL CLIMATOLOGICAL DATA (WS FORM: F-6)

                                          STATION:   MCALLEN
                                          MONTH:     JULY
                                          YEAR:      2015
                                          LATITUDE:   26 10 N
                                          LONGITUDE:  98 14 W

  TEMPERATURE IN F:       :PCPN:    SNOW:  WIND      :SUNSHINE: SKY     :PK WND
================================================================================
1   2   3   4   5  6A  6B    7    8   9   10  11  12  13   14  15   16   17  18
                                     12Z  AVG MX 2MIN
DY MAX MIN AVG DEP HDD CDD  WTR  SNW DPTH SPD SPD DIR MIN PSBL S-S WX    SPD DR
================================================================================

 1  84  73  79  -7   0  14 0.25  0.0    0 10.0 26 150   M    M   6 1      36 160
 2  94  75  85  -1   0  20    T    M    M 10.7 25 130   M    M   M 8      30 130
 3  95  75  85  -1   0  20 0.00  0.0    0 12.4 25 130   M    M   3 18     32 130
 4  95  79  87   1   0  22 0.00  0.0    0 14.7 28 140   M    M   2        35 140
 5  95  78  87   1   0  22 0.00  0.0    0 15.5 26 140   M    M   4 18     36 150
 6  96  80  88   2   0  23 0.00  0.0    0 17.2 29 140   M    M   4 8      37 150
 7  96  81  89   3   0  24 0.00  0.0    0 17.6 29 140   M    M   3 8      37 150
 8  97  80  89   3   0  24 0.00  0.0    0 15.6 28 140   M    M   6 18     34 160
 9  96  80  88   2   0  23 0.00  0.0    0 14.0 29 130   M    M   5 18     33 130
10  98  76  87   1   0  22 0.00  0.0    0 12.3 22 130   M    M   2 18     29 140
11  98  78  88   2   0  23 0.00  0.0    0 10.9 20 140   M    M   1 18     25 130
12 100  78  89   3   0  24 0.00  0.0    0  9.3 20 130   M    M   3 18     25 150
13 102  78  90   4   0  25 0.00  0.0    0 11.9 20 130   M    M   1 18     24 140
14 101  79  90   3   0  25 0.00  0.0    0 14.1 22 140   M    M   1        27 140
15  99  79  89   2   0  24 0.00  0.0    0 14.3 23 140   M    M   0        29 140
16 101  77  89   2   0  24    T  0.0    0 12.2 23 130   M    M   2 8      35 130
17 101  79  90   3   0  25 0.00  0.0    0 14.6 25 130   M    M   1        35 140
18 101  82  92   5   0  27 0.00  0.0    0 15.9 24 130   M    M   4        31 140
19 102  82  92   5   0  27 0.00  0.0    0 14.7 26 130   M    M   3        35 120
20 102  78  90   3   0  25 0.00  0.0    0 12.4 21 130   M    M   2        29 130
21 101  80  91   4   0  26 0.00  0.0    0 14.3 24 130   M    M   1        30 140
22 100  81  91   4   0  26 0.00  0.0    0 16.3 26 140   M    M   2 8      36 150
23 100  82  91   4   0  26 0.00  0.0    0 15.7 26 140   M    M   4 8      32 120
24 101  83  92   5   0  27 0.00  0.0    0 13.4 23 130   M    M   6 8      28 140
25 102  81  92   5   0  27 0.00  0.0    0 12.7 22 130   M    M   3        29 120
26 105  81  93   6   0  28 0.00  0.0    0 14.5 24 130   M    M   2        28 130
================================================================================
SM 2562 2055         0 623  0.25     0.0 357.2          M       71
================================================================================
AV 98.5 79.0                              13.7 FASTST   M    M   3    MAX(MPH)
                                 MISC ---->  # 29 140               # 37  150
================================================================================
NOTES:
# LAST OF SEVERAL OCCURRENCES

COLUMN 17 PEAK WIND IN M.P.H.

PRELIMINARY LOCAL CLIMATOLOGICAL DATA (WS FORM: F-6) , PAGE 2

                                          STATION:  MCALLEN
                                          MONTH:    JULY
                                          YEAR:     2015
                                          LATITUDE:   26 10 N
                                          LONGITUDE:  98 14 W

[TEMPERATURE DATA]      [PRECIPITATION DATA]       SYMBOLS USED IN COLUMN 16

AVERAGE MONTHLY: 88.8   TOTAL FOR MONTH:   0.25    1 = FOG OR MIST
DPTR FM NORMAL:   2.3   DPTR FM NORMAL:   -1.51    2 = FOG REDUCING VISIBILITY
HIGHEST:   105 ON 26    GRTST 24HR  0.26 ON 30- 1      TO 1/4 MILE OR LESS
LOWEST:     73 ON  1                               3 = THUNDER
                        SNOW, ICE PELLETS, HAIL    4 = ICE PELLETS
                        TOTAL MONTH:   0.0 INCH    5 = HAIL
                        GRTST 24HR     0.0         6 = FREEZING RAIN OR DRIZZLE
                        GRTST DEPTH:   0           7 = DUSTSTORM OR SANDSTORM:
                                                       VSBY 1/2 MILE OR LESS
                                                   8 = SMOKE OR HAZE
[NO. OF DAYS WITH]      [WEATHER - DAYS WITH]      9 = BLOWING SNOW
                                                   X = TORNADO
MAX 32 OR BELOW:   0    0.01 INCH OR MORE:   1
MAX 90 OR ABOVE:  25    0.10 INCH OR MORE:   1
MIN 32 OR BELOW:   0    0.50 INCH OR MORE:   0
MIN  0 OR BELOW:   0    1.00 INCH OR MORE:   0

[HDD (BASE 65) ]
TOTAL THIS MO.     0    CLEAR  (SCALE 0-3)  16
DPTR FM NORMAL     0    PTCLDY (SCALE 4-7)   9
TOTAL FM JUL 1     0    CLOUDY (SCALE 8-10)  0
DPTR FM NORMAL     0

[CDD (BASE 65) ]
TOTAL THIS MO.   623
DPTR FM NORMAL    61    [PRESSURE DATA]
TOTAL FM JAN 1  2509    HIGHEST SLP M ON M
DPTR FM NORMAL    64    LOWEST  SLP 29.82 ON 21

[REMARKS]
