000
CXUS56 KMFR 010843
CF6MFR

PRELIMINARY LOCAL CLIMATOLOGICAL DATA (WS FORM: F-6)

                                          STATION:   MEDFORD OR
                                          MONTH:     APRIL
                                          YEAR:      2016
                                          LATITUDE:   42 22 N
                                          LONGITUDE: 122 52 W

  TEMPERATURE IN F:       :PCPN:    SNOW:  WIND      :SUNSHINE: SKY     :PK WND
================================================================================
1   2   3   4   5  6A  6B    7    8   9   10  11  12  13   14  15   16   17  18
                                     12Z  AVG MX 2MIN
DY MAX MIN AVG DEP HDD CDD  WTR  SNW DPTH SPD SPD DIR MIN PSBL S-S WX    SPD DR
================================================================================

 1  79  42  61  11   4   0 0.00  0.0    0  2.9 13 290   M    M   0        16 290
 2  78  46  62  12   3   0 0.00  0.0    0  3.6 15 290   M    M   0        20 300
 3  75  44  60   9   5   0    T  0.0    0  5.4 22 290   M    M   2        28 300
 4  63  41  52   1  13   0    T  0.0    0  5.2 21 300   M    M   4        26 290
 5  73  38  56   5   9   0 0.00  0.0    0  2.8 12  10   M    M   0        13  10
 6  89  41  65  14   0   0 0.00  0.0    0  1.9  9 180   M    M   0        14 210
 7  91  46  69  18   0   4 0.00  0.0    0  2.7  9 310   M    M   0        13 330
 8  83  52  68  17   0   3 0.00  0.0    0  3.5 13 280   M    M   0        16 320
 9  79  50  65  13   0   0 0.00  0.0    0  4.7 16 350   M    M   0        21 350
10  74  49  62  10   3   0    T  0.0    0  6.0 15 280   M    M   1        22 300
11  76  43  60   8   5   0 0.21  0.0    0  4.1 18 150   M    M   4 1      24 160
12  65  50  58   6   7   0 0.00  0.0    0  7.3 16 270   M    M   6        21 260
13  68  40  54   2  11   0 0.16  0.0    0  7.8 35 250   M    M   6 1      47 250
14  48  39  44  -8  21   0 0.21  0.0    0  4.4 15 210   M    M  10 1      19 210
15  64  39  52  -1  13   0    T  0.0    0  2.7  9 160   M    M   4        12 330
16  76  39  58   5   7   0 0.00  0.0    0  2.3  8 200   M    M   0        12 300
17  87  44  66  13   0   1 0.00  0.0    0  5.5 25 140   M    M   0        30 130
18  91  45  68  15   0   3 0.00  0.0    0  2.4  9 310   M    M   0        11 320
19  85  51  68  15   0   3 0.00  0.0    0  3.0 14 320   M    M   1        16 330
20  80  55  68  14   0   3    T  0.0    0  5.0 17 270   M    M   2        21 270
21  74  46  60   6   5   0 0.05  0.0    0  3.9 20 300   M    M   3        26 300
22  60  48  54   0  11   0 0.17  0.0    0  4.5 16 320   M    M   8 1      21 290
23  63  46  55   1  10   0    T  0.0    0  5.5 16 280   M    M   9        21 280
24  56  43  50  -4  15   0 0.05  0.0    0  6.8 21 280   M    M   9        28 280
25  59  40  50  -5  15   0    T  0.0    0  5.5 16 340   M    M   5        22 300
26  60  34  47  -8  18   0 0.00  0.0    0  2.8 12 310   M    M   5        15 330
27  62  46  54  -1  11   0 0.05  0.0    0  5.1 16  10   M    M   9        21 360
28  69  47  58   3   7   0 0.00  0.0    0  5.2 16 350   M    M   4        20  10
29  64  45  55  -1  10   0 0.06  0.0    0  6.7 21 350   M    M   7        27 340
30  71  44  58   2   7   0    T  0.0    0  4.3 13 340   M    M   2        16  20
================================================================================
SM 2162 1333       210  17  0.96     0.0 133.5          M      101
================================================================================
AV 72.1 44.4                               4.4 FASTST   M    M   3    MAX(MPH)
                                 MISC ---->  # 35 250               # 47  250
================================================================================
NOTES:
# LAST OF SEVERAL OCCURRENCES

COLUMN 17 PEAK WIND IN M.P.H.

PRELIMINARY LOCAL CLIMATOLOGICAL DATA (WS FORM: F-6) , PAGE 2

                                          STATION:  MEDFORD OR
                                          MONTH:    APRIL
                                          YEAR:     2016
                                          LATITUDE:   42 22 N
                                          LONGITUDE: 122 52 W

[TEMPERATURE DATA]      [PRECIPITATION DATA]       SYMBOLS USED IN COLUMN 16

AVERAGE MONTHLY: 58.2   TOTAL FOR MONTH:   0.96    1 = FOG OR MIST
DPTR FM NORMAL:   5.5   DPTR FM NORMAL:   -0.42    2 = FOG REDUCING VISIBILITY
HIGHEST:    91 ON 18, 7 GRTST 24HR  0.37 ON 13-14      TO 1/4 MILE OR LESS
LOWEST:     34 ON 26                               3 = THUNDER
                        SNOW, ICE PELLETS, HAIL    4 = ICE PELLETS
                        TOTAL MONTH:   0.0 INCH    5 = HAIL
                        GRTST 24HR     0.0         6 = FREEZING RAIN OR DRIZZLE
                        GRTST DEPTH:   0           7 = DUSTSTORM OR SANDSTORM:
                                                       VSBY 1/2 MILE OR LESS
                                                   8 = SMOKE OR HAZE
[NO. OF DAYS WITH]      [WEATHER - DAYS WITH]      9 = BLOWING SNOW
                                                   X = TORNADO
MAX 32 OR BELOW:   0    0.01 INCH OR MORE:   8
MAX 90 OR ABOVE:   2    0.10 INCH OR MORE:   4
MIN 32 OR BELOW:   0    0.50 INCH OR MORE:   0
MIN  0 OR BELOW:   0    1.00 INCH OR MORE:   0

[HDD (BASE 65) ]
TOTAL THIS MO.   210    CLEAR  (SCALE 0-3)  16
DPTR FM NORMAL  -157    PTCLDY (SCALE 4-7)  10
TOTAL FM JUL 1  3329    CLOUDY (SCALE 8-10)  4
DPTR FM NORMAL  -670

[CDD (BASE 65) ]
TOTAL THIS MO.    17
DPTR FM NORMAL    14    [PRESSURE DATA]
TOTAL FM JAN 1    17    HIGHEST SLP  30.56 ON  05
DPTR FM NORMAL    14    LOWEST  SLP  29.57 ON  22

[REMARKS]
