000
CXUS55 KFSD 250905
CF6MHE
PRELIMINARY LOCAL CLIMATOLOGICAL DATA (WS FORM: F-6)

                                          STATION:   MITCHELL SD
                                          MONTH:     MAY
                                          YEAR:      2015
                                          LATITUDE:   43 46 N
                                          LONGITUDE:  98  2 W

  TEMPERATURE IN F:       :PCPN:    SNOW:  WIND      :SUNSHINE: SKY     :PK WND
================================================================================
1   2   3   4   5  6A  6B    7    8   9   10  11  12  13   14  15   16   17  18
                                     12Z  AVG MX 2MIN
DY MAX MIN AVG DEP HDD CDD  WTR  SNW DPTH SPD SPD DIR MIN PSBL S-S WX    SPD DR
================================================================================

 1  76  52  64   9   1   0 0.03  0.0    0  7.0 16 160   M    M   1 1      20 360
 2  85  48  67  12   0   2 0.00  0.0    0 10.2 22 160   M    M   0 18     26 160
 3  81  48  65  10   0   0 0.00  0.0    0 13.8 32  10   M    M   0        42  30
 4  75  38  57   1   8   0 0.00  0.0    0  8.4 17  60   M    M   0        25  70
 5  72  44  58   2   7   0    T  0.0    0  9.4 20 150   M    M   3 1      24 140
 6  74  62  68  12   0   3 1.37  0.0    0 16.5 31 170   M    M   8 138    37 160
 7  68  50  59   2   6   0 0.03  0.0    0 13.4 26 310   M    M   9 1      31 310
 8  62  42  52  -5  13   0 0.00  0.0    0 11.3 18  20   M    M   5        25  10
 9  56  37  47 -10  18   0 0.06  0.0    0 12.7 28  20   M    M   6        33  30
10  73  42  58   0   7   0 1.45  0.0    0 15.5 29 130   M    M   8 13     36 260
11  49  39  44 -14  21   0    T  0.0    0 20.6 35 310   M    M   8 1      42 310
12  68  33  51  -7  14   0 0.00  0.0    0 11.5 25 140   M    M   2        32 130
13  76  51  64   5   1   0 0.00  0.0    0 23.4 37 160   M    M   2        47 160
14  65  53  59   0   6   0 0.08  0.0    0  8.5 29 170   M    M  10 1      38 170
15  69  54  62   3   3   0 0.02  0.0    0  9.6 20 100   M    M   8 13     24 110
16  81  60  71  11   0   6 0.25  0.0    0 15.9 25 120   M    M   5 13     32 120
17  66  42  54  -6  11   0 0.72  0.0    0 20.0 38 290   M    M   9 1      49 280
18  53  37  45 -15  20   0    T  0.0    0 20.1 35 320   M    M   9 1      42 320
19  55  39  47 -13  18   0 0.00  0.0    0  8.5 20  30   M    M   8        28 340
20  63  44  54  -7  11   0 0.00  0.0    0  5.3 12 360   M    M   7        16 330
21  76  43  60  -1   5   0 0.00  0.0    0 11.0 18 280   M    M   0        26 290
22  75  43  59  -2   6   0 0.00  0.0    0  7.6 25 210   M    M   1        32 210
23  66  52  59  -3   6   0 0.02  0.0    0  9.0 20 140   M    M  10 1      24 150
24  64  57  61  -1   4   0 0.42  0.0    0  7.0 17  70   M    M  10 1      21  70
================================================================================
SM 1648 1110       186  11  4.45     0.0 296.2          M      129
================================================================================
AV 68.7 46.2                              12.3 FASTST   M    M   5    MAX(MPH)
                                 MISC ---->  # 38 290               # 49  280
================================================================================
NOTES:
# LAST OF SEVERAL OCCURRENCES

COLUMN 17 PEAK WIND IN M.P.H.

PRELIMINARY LOCAL CLIMATOLOGICAL DATA (WS FORM: F-6) , PAGE 2

                                          STATION:  MITCHELL SD
                                          MONTH:    MAY
                                          YEAR:     2015
                                          LATITUDE:   43 46 N
                                          LONGITUDE:  98  2 W

[TEMPERATURE DATA]      [PRECIPITATION DATA]       SYMBOLS USED IN COLUMN 16

AVERAGE MONTHLY: 57.5   TOTAL FOR MONTH:   4.45    1 = FOG OR MIST
DPTR FM NORMAL:  -1.0   DPTR FM NORMAL:    2.53    2 = FOG REDUCING VISIBILITY
HIGHEST:    85 ON  2    GRTST 24HR  1.50 ON  9-10      TO 1/4 MILE OR LESS
LOWEST:     33 ON 12                               3 = THUNDER
                        SNOW, ICE PELLETS, HAIL    4 = ICE PELLETS
                        TOTAL MONTH:   0.0 INCH    5 = HAIL
                        GRTST 24HR     0.0         6 = FREEZING RAIN OR DRIZZLE
                        GRTST DEPTH:   0           7 = DUSTSTORM OR SANDSTORM:
                                                       VSBY 1/2 MILE OR LESS
                                                   8 = SMOKE OR HAZE
[NO. OF DAYS WITH]      [WEATHER - DAYS WITH]      9 = BLOWING SNOW
                                                   X = TORNADO
MAX 32 OR BELOW:   0    0.01 INCH OR MORE:  11
MAX 90 OR ABOVE:   0    0.10 INCH OR MORE:   5
MIN 32 OR BELOW:   0    0.50 INCH OR MORE:   3
MIN  0 OR BELOW:   0    1.00 INCH OR MORE:   2

[HDD (BASE 65) ]
TOTAL THIS MO.   186    CLEAR  (SCALE 0-3)   9
DPTR FM NORMAL     3    PTCLDY (SCALE 4-7)   7
TOTAL FM JUL 1  6840    CLOUDY (SCALE 8-10)  8
DPTR FM NORMAL  -343

[CDD (BASE 65) ]
TOTAL THIS MO.    11
DPTR FM NORMAL   -11    [PRESSURE DATA]
TOTAL FM JAN 1    17    HIGHEST SLP M ON M
DPTR FM NORMAL    -7    LOWEST  SLP 29.47 ON 17

[REMARKS]
