000
CXUS55 KFSD 270905
CF6MHE
PRELIMINARY LOCAL CLIMATOLOGICAL DATA (WS FORM: F-6)

                                          STATION:   MITCHELL SD
                                          MONTH:     FEBRUARY
                                          YEAR:      2015
                                          LATITUDE:   43 46 N
                                          LONGITUDE:  98  2 W

  TEMPERATURE IN F:       :PCPN:    SNOW:  WIND      :SUNSHINE: SKY     :PK WND
================================================================================
1   2   3   4   5  6A  6B    7    8   9   10  11  12  13   14  15   16   17  18
                                     12Z  AVG MX 2MIN
DY MAX MIN AVG DEP HDD CDD  WTR  SNW DPTH SPD SPD DIR MIN PSBL S-S WX    SPD DR
================================================================================

 1  16  -6   5 -15  60   0 0.18  2.6    2 18.6 28 360   M    M   7 19     35 340
 2  21  -7   7 -13  58   0 0.00  0.0    3  8.7 20 160   M    M   2        23 160
 3  22   7  15  -6  50   0    T    T    3  8.0 16 330   M    M   8        19 340
 4  16  -1   8 -13  57   0 0.00  0.0    3 12.4 24 340   M    M   1        30 330
 5  33  -1  16  -5  49   0 0.00  0.0    3  9.8 17 160   M    M   0        20 160
 6  46  18  32  11  33   0 0.00  0.0    3  7.3 15 140   M    M   0 1      19 150
 7  56  25  41  19  24   0    T  0.0    2  5.7 15 320   M    M   1        18 330
 8  41  26  34  12  31   0 0.04  0.0    T  7.9 15 350   M    M   8 1      21 150
 9  33  28  31   9  34   0 0.00  0.0    0  9.6 30 150   M    M  10 1      36 150
10  44  24  34  12  31   0 0.01    T    0 19.5 36 330   M    M  10 1      43 330
11  26   4  15  -7  50   0    T    T    0 20.8 32 330   M    M   9        42 330
12  22   1  12 -11  53   0    T    T    0 12.0 22 150   M    M   3        26 150
13  47  14  31   8  34   0 0.00  0.0    0  7.7 22 320   M    M   3        26 320
14  31   5  18  -5  47   0    T    T    0 14.7 28  30   M    M   8 1      36  40
15  25  10  18  -6  47   0 0.00  0.0    0 14.1 22 160   M    M   9        28 160
16  31  16  24   0  41   0    T    T    0  7.9 23 340   M    M  10        28 330
17  21   3  12 -12  53   0    T    T    0 18.9 32 310   M    M   6 1      39 310
18  14  -5   5 -20  60   0    T    T    0 11.2 23 360   M    M   2        30 320
19  29  -1  14 -11  51   0 0.00  0.0    0 14.6 25 160   M    M   4        32 150
20  51  14  33   8  32   0 0.00  0.0    0  9.1 22 320   M    M   7        26 180
21  30   5  18  -8  47   0 0.01  0.1    0 13.5 23 330   M    M   7 1      28 350
22   8  -4   2 -24  63   0 0.00  0.0    T  9.8 18 320   M    M   2        25 330
23  37  -5  16 -10  49   0 0.00  0.0    0 12.1 23 220   M    M   1        31 210
24  46  28  37  10  28   0    T    T    0 14.9 28 320   M    M   6        33 340
25  30   0  15 -12  50   0    T  0.1    T 17.6 24 350   M    M   7 18     30 360
26   9  -8   1 -26  64   0 0.00  0.0    T 11.6 21 350   M    M   0        26 330
================================================================================
SM  785  190      1196   0  0.24     2.8 318.0          M      131
================================================================================
AV 30.2  7.3                              12.2 FASTST   M    M   5    MAX(MPH)
                                 MISC ---->  # 36 330               # 43  330
================================================================================
NOTES:
# LAST OF SEVERAL OCCURRENCES

COLUMN 17 PEAK WIND IN M.P.H.

PRELIMINARY LOCAL CLIMATOLOGICAL DATA (WS FORM: F-6) , PAGE 2

                                          STATION:  MITCHELL SD
                                          MONTH:    FEBRUARY
                                          YEAR:     2015
                                          LATITUDE:   43 46 N
                                          LONGITUDE:  98  2 W

[TEMPERATURE DATA]      [PRECIPITATION DATA]       SYMBOLS USED IN COLUMN 16

AVERAGE MONTHLY: 18.8   TOTAL FOR MONTH:   0.24    1 = FOG OR MIST
DPTR FM NORMAL:  -4.7   DPTR FM NORMAL:   -0.08    2 = FOG REDUCING VISIBILITY
HIGHEST:    56 ON  7    GRTST 24HR  0.18 ON  1- 1      TO 1/4 MILE OR LESS
LOWEST:     -8 ON 26                               3 = THUNDER
                        SNOW, ICE PELLETS, HAIL    4 = ICE PELLETS
                        TOTAL MONTH:   2.8 INCHES  5 = HAIL
                        GRTST 24HR   2.6 ON   M    6 = FREEZING RAIN OR DRIZZLE
                        GRTST DEPTH:   3 ON  6, 5  7 = DUSTSTORM OR SANDSTORM:
                                                       VSBY 1/2 MILE OR LESS
                                                   8 = SMOKE OR HAZE
[NO. OF DAYS WITH]      [WEATHER - DAYS WITH]      9 = BLOWING SNOW
                                                   X = TORNADO
MAX 32 OR BELOW:  16    0.01 INCH OR MORE:   4
MAX 90 OR ABOVE:   0    0.10 INCH OR MORE:   1
MIN 32 OR BELOW:  26    0.50 INCH OR MORE:   0
MIN  0 OR BELOW:  10    1.00 INCH OR MORE:   0

[HDD (BASE 65) ]
TOTAL THIS MO.  1196    CLEAR  (SCALE 0-3)  11
DPTR FM NORMAL   115    PTCLDY (SCALE 4-7)   9
TOTAL FM JUL 1  5390    CLOUDY (SCALE 8-10)  6
DPTR FM NORMAL   -58

[CDD (BASE 65) ]
TOTAL THIS MO.     0
DPTR FM NORMAL     0    [PRESSURE DATA]
TOTAL FM JAN 1     0    HIGHEST SLP M ON M
DPTR FM NORMAL     0    LOWEST  SLP 29.55 ON  7

[REMARKS]
