000
CXUS56 KMFR 221000
CF6MHS
PRELIMINARY LOCAL CLIMATOLOGICAL DATA (WS FORM: F-6)

                                          STATION:   MT SHASTA CITY CA
                                          MONTH:     NOVEMBER
                                          YEAR:      2017
                                          LATITUDE:   41 19 N
                                          LONGITUDE: 122 19 W

  TEMPERATURE IN F:       :PCPN:    SNOW:  WIND      :SUNSHINE: SKY     :PK WND
================================================================================
1   2   3   4   5  6A  6B    7    8   9   10  11  12  13   14  15   16   17  18
                                     12Z  AVG MX 2MIN
DY MAX MIN AVG DEP HDD CDD  WTR  SNW DPTH SPD SPD DIR MIN PSBL S-S WX    SPD DR
================================================================================

 1  64  30  47   2  18   0 0.00    M    M  0.4  6  60   M    M   1 8       8 150
 2  50  42  46   1  19   0 0.07    M    M  3.0  7  90   M    M   9 1      13 130
 3  46  35  41  -3  24   0 0.56    M    M  2.8  8 340   M    M   9 1      15  70
 4  46  29  38  -6  27   0 0.05    M    M  2.5  9 290   M    M   5 1      16 310
 5  38  27  33 -11  32   0    T    M    M  1.2  7 100   M    M   9 1      14  80
 6  48  27  38  -5  27   0 0.00    M    M  0.7  6 220   M    M   4 18     11 240
 7  51  25  38  -5  27   0 0.00    M    M  0.8  6 130   M    M   0        11 140
 8  45  39  42  -1  23   0 0.95    M    M  4.1 12  90   M    M   9 1      22  90
 9  50  43  47   5  18   0 0.11    M    M  3.6 12  90   M    M   8 1      18  80
10  48  35  42   0  23   0 0.15    M    M  2.4 10  90   M    M   9 1      17  90
11  51  30  41  -1  24   0 0.00    M    M  0.9  6 100   M    M   7 12     12 140
12  49  39  44   3  21   0 0.06    M    M  2.7  8 130   M    M   9 1      17 140
13  51  32  42   1  23   0 0.45    M    M  3.0  8 120   M    M   8 1      17 130
14  48  28  38  -3  27   0 0.00    M    M  2.3  9  90   M    M   2        15  90
15  42  33  38  -2  27   0 0.78    M    M  4.7 12 100   M    M   9 1      19 100
16  48  34  41   1  24   0 0.05    M    M  1.5  6 130   M    M  10 1      11 150
17  44  25  35  -5  30   0 0.00    M    M  3.2 10 290   M    M   2 1      16  50
18  51  21  36  -4  29   0 0.00    M    M  0.6  5  50   M    M   0 18      8 140
19  49  26  38  -1  27   0 0.00    M    M  3.1 16  90   M    M   2 1      25  70
20  45  39  42   3  23   0 0.35    M    M  4.2 13  90   M    M  10 1      21  80
21  60  43  52  13  13   0 0.03    M    M  0.8  8 100   M    M   8 12     14  80
================================================================================
SM 1024  682       506   0  3.61    M     48.5          M      130
================================================================================
AV 48.8 32.5                               2.3 FASTST   M    M   6    MAX(MPH)
                                 MISC ---->  # 16  90               # 25   70
================================================================================
NOTES:
# LAST OF SEVERAL OCCURRENCES

COLUMN 17 PEAK WIND IN M.P.H.

PRELIMINARY LOCAL CLIMATOLOGICAL DATA (WS FORM: F-6) , PAGE 2

                                          STATION:  MT SHASTA CITY CA
                                          MONTH:    NOVEMBER
                                          YEAR:     2017
                                          LATITUDE:   41 19 N
                                          LONGITUDE: 122 19 W

[TEMPERATURE DATA]      [PRECIPITATION DATA]       SYMBOLS USED IN COLUMN 16

AVERAGE MONTHLY: 40.6   TOTAL FOR MONTH:   3.61    1 = FOG OR MIST
DPTR FM NORMAL:  -1.1   DPTR FM NORMAL:    0.28    2 = FOG REDUCING VISIBILITY
HIGHEST:    64 ON  1    GRTST 24HR  0.95 ON  8- 8      TO 1/4 MILE OR LESS
LOWEST:     21 ON 18                               3 = THUNDER
                        SNOW, ICE PELLETS, HAIL    4 = ICE PELLETS
                        TOTAL MONTH:    M          5 = HAIL
                        GRTST 24HR    M  ON   M    6 = FREEZING RAIN OR DRIZZLE
                        GRTST DEPTH:  M  ON   M    7 = DUSTSTORM OR SANDSTORM:
                                                       VSBY 1/2 MILE OR LESS
                                                   8 = SMOKE OR HAZE
[NO. OF DAYS WITH]      [WEATHER - DAYS WITH]      9 = BLOWING SNOW
                                                   X = TORNADO
MAX 32 OR BELOW:   0    0.01 INCH OR MORE:  12
MAX 90 OR ABOVE:   0    0.10 INCH OR MORE:   7
MIN 32 OR BELOW:  11    0.50 INCH OR MORE:   3
MIN  0 OR BELOW:   0    1.00 INCH OR MORE:   0

[HDD (BASE 65) ]
TOTAL THIS MO.   506    CLEAR  (SCALE 0-3)   6
DPTR FM NORMAL    19    PTCLDY (SCALE 4-7)   6
TOTAL FM JUL 1  1057    CLOUDY (SCALE 8-10)  9
DPTR FM NORMAL   -94

[CDD (BASE 65) ]
TOTAL THIS MO.     0
DPTR FM NORMAL     0    [PRESSURE DATA]
TOTAL FM JAN 1   700    HIGHEST SLP  0.00 ON M
DPTR FM NORMAL   412    LOWEST  SLP  0.00 ON 15

[REMARKS]
