000
CXUS56 KMFR 290916
CF6MHS
PRELIMINARY LOCAL CLIMATOLOGICAL DATA (WS FORM: F-6)

                                          STATION:   MT SHASTA CITY CA
                                          MONTH:     DECEMBER
                                          YEAR:      2014
                                          LATITUDE:   41 19 N
                                          LONGITUDE: 122 19 W

  TEMPERATURE IN F:       :PCPN:    SNOW:  WIND      :SUNSHINE: SKY     :PK WND
================================================================================
1   2   3   4   5  6A  6B    7    8   9   10  11  12  13   14  15   16   17  18
                                     12Z  AVG MX 2MIN
DY MAX MIN AVG DEP HDD CDD  WTR  SNW DPTH SPD SPD DIR MIN PSBL S-S WX    SPD DR
================================================================================

 1  51  38  45   9  20   0    T    M    M  1.9  8 100   M    M   9 128    15 130
 2  49  41  45   9  20   0 0.18    M    M  0.8  9 210   M    M   8 1      15 220
 3  46  41  44   8  21   0 1.15    M    M  0.8  6 130   M    M  10 12     11 140
 4  54  41  48  12  17   0 0.15    M    M  2.8  9  90   M    M   8 12     16  80
 5  51  47  49  13  16   0 1.72    M    M  3.9  9  90   M    M  10 1      21 140
 6  50  39  45   9  20   0    T    M    M  1.2 14  90   M    M   6 1      19  90
 7  54  40  47  11  18   0 0.20    M    M  1.8  8  90   M    M   9 1      14 150
 8  50  47  49  13  16   0 0.37    M    M  3.2  8  90   M    M  10 1      14 150
 9  52  47  50  15  15   0    T    M    M  1.8  9  90   M    M   9 18     14  80
10  51  44  48  13  17   0 1.74    M    M  4.0 12  90   M    M  10 18     23 140
11  47  36  42   7  23   0 4.06    M    M  3.1 10 140   M    M  10 1      23 150
12  46  37  42   7  23   0 0.21    M    M  0.5  6 140   M    M  10 1      11 140
13  46  31  39   4  26   0 0.01    M    M  0.1  5  50   M    M   6 1       7 310
14  42  29  36   1  29   0 0.07    M    M  0.4  7 140   M    M   5 1      14 150
15  38  34  36   1  29   0 0.33    M    M  0.8  6 100   M    M  10 1      13 140
16  41  33  37   2  28   0 0.86    M    M  2.3  8 130   M    M  10 1      15 140
17  42  36  39   4  26   0 0.20    M    M  2.0  9  90   M    M  10 1      14 100
18  44  36  40   5  25   0 0.32    M    M  3.0  8 140   M    M  10 1      16  80
19  46  40  43   8  22   0 0.60    M    M  3.5  8  90   M    M   9 1      17  90
20  45  41  43   8  22   0 0.18    M    M  4.6 10  90   M    M  10        16  90
21  55  45  50  15  15   0 0.00    M    M  1.5 13 350   M    M   9 128    27 350
22  59  38  49  14  16   0 0.00    M    M  5.7 16 330   M    M   6 12     29 340
23  51  34  43   8  22   0 0.00    M    M  3.3 10 300   M    M   3 1      17 280
24  47  33  40   5  25   0 0.42    M    M  6.4 18 340   M    M  10 128    33 320
25  40  32  36   1  29   0 0.02    M    M  9.4 18 330   M    M   7 1      30 330
26  42  25  34  -1  31   0 0.00    M    M  3.0 14 350   M    M   5 18     27 330
27  44  22  33  -2  32   0 0.00    M    M  1.4  9 310   M    M   3 18     16 320
28  49  26  38   3  27   0 0.00    M    M  3.3 12 330   M    M   3 18     23 290
================================================================================
SM 1332 1033       630   0 12.79    M     76.5          M      225
================================================================================
AV 47.6 36.9                               2.7 FASTST   M    M   8    MAX(MPH)
                                 MISC ---->  # 18 340               # 33  320
================================================================================
NOTES:
# LAST OF SEVERAL OCCURRENCES

COLUMN 17 PEAK WIND IN M.P.H.

PRELIMINARY LOCAL CLIMATOLOGICAL DATA (WS FORM: F-6) , PAGE 2

                                          STATION:  MT SHASTA CITY CA
                                          MONTH:    DECEMBER
                                          YEAR:     2014
                                          LATITUDE:   41 19 N
                                          LONGITUDE: 122 19 W

[TEMPERATURE DATA]      [PRECIPITATION DATA]       SYMBOLS USED IN COLUMN 16

AVERAGE MONTHLY: 42.2   TOTAL FOR MONTH:  12.79    1 = FOG OR MIST
DPTR FM NORMAL:   6.9   DPTR FM NORMAL:    5.70    2 = FOG REDUCING VISIBILITY
HIGHEST:    59 ON 22    GRTST 24HR  5.23 ON 10-11      TO 1/4 MILE OR LESS
LOWEST:     22 ON 27                               3 = THUNDER
                        SNOW, ICE PELLETS, HAIL    4 = ICE PELLETS
                        TOTAL MONTH:    M          5 = HAIL
                        GRTST 24HR    M  ON   M    6 = FREEZING RAIN OR DRIZZLE
                        GRTST DEPTH:  M  ON   M    7 = DUSTSTORM OR SANDSTORM:
                                                       VSBY 1/2 MILE OR LESS
                                                   8 = SMOKE OR HAZE
[NO. OF DAYS WITH]      [WEATHER - DAYS WITH]      9 = BLOWING SNOW
                                                   X = TORNADO
MAX 32 OR BELOW:   0    0.01 INCH OR MORE:  19
MAX 90 OR ABOVE:   0    0.10 INCH OR MORE:  16
MIN 32 OR BELOW:   6    0.50 INCH OR MORE:   6
MIN  0 OR BELOW:   0    1.00 INCH OR MORE:   4

[HDD (BASE 65) ]
TOTAL THIS MO.   630    CLEAR  (SCALE 0-3)   3
DPTR FM NORMAL  -202    PTCLDY (SCALE 4-7)   6
TOTAL FM JUL 1  1640    CLOUDY (SCALE 8-10) 19
DPTR FM NORMAL  -589

[CDD (BASE 65) ]
TOTAL THIS MO.     0
DPTR FM NORMAL     0    [PRESSURE DATA]
TOTAL FM JAN 1   547    HIGHEST SLP M ON M
DPTR FM NORMAL   259    LOWEST  SLP  0.00 ON 11

[REMARKS]
