000
CXUS56 KMFR 241000
CF6MHS
PRELIMINARY LOCAL CLIMATOLOGICAL DATA (WS FORM: F-6)

                                          STATION:   MT SHASTA CITY CA
                                          MONTH:     OCTOBER
                                          YEAR:      2014
                                          LATITUDE:   41 19 N
                                          LONGITUDE: 122 19 W

  TEMPERATURE IN F:       :PCPN:    SNOW:  WIND      :SUNSHINE: SKY     :PK WND
================================================================================
1   2   3   4   5  6A  6B    7    8   9   10  11  12  13   14  15   16   17  18
                                     12Z  AVG MX 2MIN
DY MAX MIN AVG DEP HDD CDD  WTR  SNW DPTH SPD SPD DIR MIN PSBL S-S WX    SPD DR
================================================================================

 1  67  38  53  -4  12   0 0.00    M    M  3.1 12 300   M    M   0        18 290
 2  76  36  56   0   9   0 0.00    M    M  2.6  9 300   M    M   0        16 310
 3  82  39  61   5   4   0 0.00    M    M  2.5  8 300   M    M   0        12 280
 4  83  46  65   9   0   0 0.00    M    M  3.5  9 300   M    M   0        17 280
 5  84  42  63   8   2   0 0.00    M    M  1.5  8 290   M    M   0        13 300
 6  87  42  65  10   0   0 0.00    M    M  1.4  7 290   M    M   0        11 290
 7  85  41  63   8   2   0 0.00    M    M  1.2  7 320   M    M   0        14 320
 8  80  42  61   7   4   0 0.00    M    M  1.8  8 320   M    M   0        15  20
 9  75  43  59   5   6   0 0.00    M    M  2.2  9 290   M    M   0        15 300
10  77  42  60   6   5   0 0.00    M    M  3.2 10 290   M    M   0        17 290
11  74  44  59   6   6   0 0.00    M    M  5.2 13 290   M    M   0        23 290
12  70  40  55   2  10   0 0.00    M    M  2.3 12 290   M    M   0        23 300
13  76  37  57   5   8   0 0.00    M    M  1.2  9  90   M    M   0        17  70
14  63  49  56   4   9   0 0.75    M    M  3.2 10  80   M    M   5 1      18  70
15  59  42  51  -1  14   0 0.59    M    M  0.9  8  90   M    M   7 1      16  80
16  62  43  53   2  12   0 0.00    M    M  0.5  8 130   M    M   6        14 140
17  60  50  55   4  10   0 0.00    M    M  1.7 12  70   M    M   8        17  70
18  70  42  56   5   9   0 0.00    M    M  0.0  7 220   M    M   4        12 220
19  67  43  55   5  10   0 0.00    M    M  1.2  9  90   M    M   4        16  80
20  58  36  47  -3  18   0 0.17    M    M  3.5 10  80   M    M   8 1      17  90
21  56  34  45  -4  20   0 0.00    M    M  0.4  5  60   M    M   4         9 130
22  59  41  50   1  15   0 0.08    M    M  1.6  8  90   M    M   8        16  80
23  53  45  49   0  16   0 0.76    M    M  1.0  9  80   M    M  10 1      15  90
================================================================================
SM 1623  957       201   0  2.35    M     45.7          M       64
================================================================================
AV 70.6 41.6                               2.0 FASTST   M    M   3    MAX(MPH)
                                 MISC ---->  # 13 290               # 23  290
================================================================================
NOTES:
# LAST OF SEVERAL OCCURRENCES

COLUMN 17 PEAK WIND IN M.P.H.

PRELIMINARY LOCAL CLIMATOLOGICAL DATA (WS FORM: F-6) , PAGE 2

                                          STATION:  MT SHASTA CITY CA
                                          MONTH:    OCTOBER
                                          YEAR:     2014
                                          LATITUDE:   41 19 N
                                          LONGITUDE: 122 19 W

[TEMPERATURE DATA]      [PRECIPITATION DATA]       SYMBOLS USED IN COLUMN 16

AVERAGE MONTHLY: 56.1   TOTAL FOR MONTH:   2.35    1 = FOG OR MIST
DPTR FM NORMAL:   3.3   DPTR FM NORMAL:    1.00    2 = FOG REDUCING VISIBILITY
HIGHEST:    87 ON  6    GRTST 24HR  1.34 ON 14-15      TO 1/4 MILE OR LESS
LOWEST:     34 ON 21                               3 = THUNDER
                        SNOW, ICE PELLETS, HAIL    4 = ICE PELLETS
                        TOTAL MONTH:    M          5 = HAIL
                        GRTST 24HR    M  ON   M    6 = FREEZING RAIN OR DRIZZLE
                        GRTST DEPTH:  M  ON   M    7 = DUSTSTORM OR SANDSTORM:
                                                       VSBY 1/2 MILE OR LESS
                                                   8 = SMOKE OR HAZE
[NO. OF DAYS WITH]      [WEATHER - DAYS WITH]      9 = BLOWING SNOW
                                                   X = TORNADO
MAX 32 OR BELOW:   0    0.01 INCH OR MORE:   5
MAX 90 OR ABOVE:   0    0.10 INCH OR MORE:   4
MIN 32 OR BELOW:   0    0.50 INCH OR MORE:   3
MIN  0 OR BELOW:   0    1.00 INCH OR MORE:   0

[HDD (BASE 65) ]
TOTAL THIS MO.   201    CLEAR  (SCALE 0-3)  13
DPTR FM NORMAL   -82    PTCLDY (SCALE 4-7)   7
TOTAL FM JUL 1   281    CLOUDY (SCALE 8-10)  3
DPTR FM NORMAL  -239

[CDD (BASE 65) ]
TOTAL THIS MO.     0
DPTR FM NORMAL     0    [PRESSURE DATA]
TOTAL FM JAN 1   547    HIGHEST SLP M ON M
DPTR FM NORMAL   260    LOWEST  SLP  0.00 ON 14

[REMARKS]
