000
CXUS53 KMPX 211000
CF6MIC
PRELIMINARY LOCAL CLIMATOLOGICAL DATA (WS FORM: F-6)

                                          STATION:   MINNEAPOLIS CRYSTAL MN
                                          MONTH:     DECEMBER
                                          YEAR:      2014
                                          LATITUDE:   45  4 N
                                          LONGITUDE:  93 21 W

  TEMPERATURE IN F:       :PCPN:    SNOW:  WIND      :SUNSHINE: SKY     :PK WND
================================================================================
1   2   3   4   5  6A  6B    7    8   9   10  11  12  13   14  15   16   17  18
                                     12Z  AVG MX 2MIN
DY MAX MIN AVG DEP HDD CDD  WTR  SNW DPTH SPD SPD DIR MIN PSBL S-S WX    SPD DR
================================================================================

 1   9  -2   4 -21  61   0    M    M    M  8.4 21 320   M    M   0        29 320
 2  23   5  14 -10  51   0    M    M    M  9.5 20 190   M    M   6 8      25 180
 3  23  10  17  -7  48   0    M    M    M  7.5 18 310   M    M   0        23 290
 4  33  15  24   1  41   0    M    M    M  9.7 18 160   M    M   6        23 160
 5  33  20  27   4  38   0    M    M    M  5.7 14 170   M    M   8 128    17 180
 6  33  16  25   3  40   0    M    M    M  4.5 14 150   M    M   2 8      19 160
 7  37  27  32  10  33   0    M    M    M 13.0 25 160   M    M   6 18     31 150
 8  36  22  29   7  36   0    M    M    M 12.3 22 310   M    M  10 18     28 320
 9  24  16  20  -1  45   0    M    M    M  4.1 14 340   M    M   9 18     17 340
10  29  23  26   5  39   0    M    M    M  6.9 14 120   M    M  10 18     18 120
11  33  28  31  10  34   0    M    M    M  6.4 12 190   M    M  10 18     13 190
12  38  33  36  16  29   0    M    M    M  8.7 15 190   M    M  10 128    19 200
13  49  35  42  22  23   0    M    M    M  6.5 14 210   M    M  10 128    19 220
14  50  46  48  28  17   0    M    M    M  6.5 12 150   M    M  10 12     14 140
15  50  28  39  20  26   0    M    M    M  8.3 23 340   M    M  10 12     31 330
16  28  15  22   3  43   0    M    M    M 13.8 26 340   M    M  10 1      36 350
17  20   9  15  -4  50   0    M    M    M  5.0 12 310   M    M   4 18     14 310
18  23   9  16  -2  49   0    M    M    M  2.4  8 160   M    M   9 18     10 170
19  30  22  26   8  39   0    M    M    M  7.7 13 150   M    M  10 18     16 150
20  33  30  32  14  33   0    T    M    0  9.3 16 170   M    M  10 18     23 180
================================================================================
SM  634  407       775   0    T     M    156.2          M      150
================================================================================
AV 31.7 20.4                               7.8 FASTST   M    M   8    MAX(MPH)
                                 MISC ---->  # 26 340               # 36  350
================================================================================
NOTES:
# LAST OF SEVERAL OCCURRENCES

COLUMN 17 PEAK WIND IN M.P.H.

PRELIMINARY LOCAL CLIMATOLOGICAL DATA (WS FORM: F-6) , PAGE 2

                                          STATION:  MINNEAPOLIS CRYSTAL MN
                                          MONTH:    DECEMBER
                                          YEAR:     2014
                                          LATITUDE:   45  4 N
                                          LONGITUDE:  93 21 W

[TEMPERATURE DATA]      [PRECIPITATION DATA]       SYMBOLS USED IN COLUMN 16

AVERAGE MONTHLY: 26.0   TOTAL FOR MONTH:      T    1 = FOG OR MIST
DPTR FM NORMAL:   5.1   DPTR FM NORMAL:   -0.37    2 = FOG REDUCING VISIBILITY
HIGHEST:    50 ON 15,14 GRTST 24HR  0.17 ON 15-15      TO 1/4 MILE OR LESS
LOWEST:     -2 ON  1                               3 = THUNDER
                        SNOW, ICE PELLETS, HAIL    4 = ICE PELLETS
                        TOTAL MONTH:    M          5 = HAIL
                        GRTST 24HR    M  ON   M    6 = FREEZING RAIN OR DRIZZLE
                        GRTST DEPTH:   0           7 = DUSTSTORM OR SANDSTORM:
                                                       VSBY 1/2 MILE OR LESS
                                                   8 = SMOKE OR HAZE
[NO. OF DAYS WITH]      [WEATHER - DAYS WITH]      9 = BLOWING SNOW
                                                   X = TORNADO
MAX 32 OR BELOW:   9    0.01 INCH OR MORE:   0
MAX 90 OR ABOVE:   0    0.10 INCH OR MORE:   0
MIN 32 OR BELOW:  17    0.50 INCH OR MORE:   0
MIN  0 OR BELOW:   1    1.00 INCH OR MORE:   0

[HDD (BASE 65) ]
TOTAL THIS MO.   775    CLEAR  (SCALE 0-3)   3
DPTR FM NORMAL  -105    PTCLDY (SCALE 4-7)   4
TOTAL FM JUL 1  2566    CLOUDY (SCALE 8-10) 13
DPTR FM NORMAL    22

[CDD (BASE 65) ]
TOTAL THIS MO.     0
DPTR FM NORMAL     0    [PRESSURE DATA]
TOTAL FM JAN 1   744    HIGHEST SLP M ON M
DPTR FM NORMAL    52    LOWEST  SLP 29.73 ON 15

[REMARKS]
