613
CXUS55 KEAX 300736
CF6MKC
PRELIMINARY LOCAL CLIMATOLOGICAL DATA (WS FORM: F-6)

                                          STATION:   Downtown Kansas City MO
                                          MONTH:     JULY
                                          YEAR:      2016
                                          LATITUDE:   39  7 N
                                          LONGITUDE:  94 36 W

  TEMPERATURE IN F:       :PCPN:    SNOW:  WIND      :SUNSHINE: SKY     :PK WND
================================================================================
1   2   3   4   5  6A  6B    7    8   9   10  11  12  13   14  15   16   17  18
                                     12Z  AVG MX 2MIN
DY MAX MIN AVG DEP HDD CDD  WTR  SNW DPTH SPD SPD DIR MIN PSBL S-S WX    SPD DR
================================================================================

 1  85  68  77  -3   0  12    T    M    M  6.9 13  70   M    M   1        18  20
 2  74  66  70 -10   0   5 2.17    M    M  8.9 18  80   M    M  10 13     25  70
 3  73  63  68 -12   0   3 0.63    M    M  8.2 16  80   M    M   9 13     20  80
 4  86  66  76  -4   0  11    T    M    M  4.3 10 120   M    M   7 18     13 120
 5  97  73  85   5   0  20 0.00  0.0    0  9.8 20 200   M    M   1 18     26 220
 6  93  74  84   3   0  19 0.10    M    M  9.3 18 360   M    M   0 38     24 350
 7  91  69  80  -1   0  15 0.65    M    M  9.0 36 320   M    M   6 138    55 320
 8  93  73  83   2   0  18 0.00    M    M  5.2 18 190   M    M   2        20 200
 9  92  73  83   2   0  18 0.14    M    M  6.9 16 140   M    M   5 3      21 140
10  93  74  84   3   0  19 0.00    M    M  9.5 18 170   M    M   0        24 170
11  93  77  85   4   0  20 0.00    M    M 14.7 26 190   M    M   0        35 170
12  89  67  78  -3   0  13 0.85    M    M  9.1 36  20   M    M   6 13     46  20
13  87  71  79  -2   0  14 0.40    M    M  9.2 31 290   M    M   5 13     42 270
14  85  71  78  -3   0  13 0.00    M    M  4.2 15 280   M    M   2 12     19 280
15  88  69  79  -2   0  14 0.00    M    M  5.5 14  20   M    M   2        19  20
16  90  69  80  -1   0  15 0.00    M    M  7.5 17 180   M    M   2        23 170
17  95  78  87   6   0  22 0.00    M    M 12.2 23 180   M    M   1        28 170
18  92  77  85   4   0  20 0.00    M    M  8.7 21  90   M    M   0        24 100
19  95  79  87   6   0  22 0.00    M    M  7.8 16 200   M    M   1        22 200
20  97  80  89   8   0  24 0.00    M    M 10.0 18 190   M    M   0        24 180
21  98  81  90   9   0  25 0.00    M    M 12.5 22 210   M    M   0        28 190
22  96  84  90   9   0  25 0.00    M    M 11.6 24  80   M    M   0        31 110
23  96  80  88   7   0  23 0.00    M    M  8.8 16 200   M    M   0        21 250
24  97  82  90   9   0  25 0.00    M    M  7.8 17  40   M    M   1 3      23  20
25  89  75  82   1   0  17 0.28    M    M  7.2 16  20   M    M   2 3      21  40
26  89  71  80  -1   0  15 0.00    M    M  6.1 16  70   M    M   0        20  70
27  94  72  83   2   0  18 0.00    M    M  4.2 15 130   M    M   0        20 130
28  92  74  83   2   0  18 0.00    M    M  6.2 14  10   M    M   1        17  20
29  87  71  79  -2   0  14 0.00    M    M  6.6 15  10   M    M   2        18 280
================================================================================
SM 2626 2127         0 497  5.22     0.0 237.9          M       66
================================================================================
AV 90.6 73.3                               8.2 FASTST   M    M   2    MAX(MPH)
                                 MISC ---->  # 36 320               # 55  320
================================================================================
NOTES:
# LAST OF SEVERAL OCCURRENCES

COLUMN 17 PEAK WIND IN M.P.H.

PRELIMINARY LOCAL CLIMATOLOGICAL DATA (WS FORM: F-6) , PAGE 2

                                          STATION:  Downtown Kansas City MO
                                          MONTH:    JULY
                                          YEAR:     2016
                                          LATITUDE:   39  7 N
                                          LONGITUDE:  94 36 W

[TEMPERATURE DATA]      [PRECIPITATION DATA]       SYMBOLS USED IN COLUMN 16

AVERAGE MONTHLY: 81.9   TOTAL FOR MONTH:   5.22    1 = FOG OR MIST
DPTR FM NORMAL:   1.1   DPTR FM NORMAL:    1.47    2 = FOG REDUCING VISIBILITY
HIGHEST:    98 ON 21    GRTST 24HR  2.78 ON  2- 3      TO 1/4 MILE OR LESS
LOWEST:     63 ON  3                               3 = THUNDER
                        SNOW, ICE PELLETS, HAIL    4 = ICE PELLETS
                        TOTAL MONTH:   0.0 INCH    5 = HAIL
                        GRTST 24HR     0.0         6 = FREEZING RAIN OR DRIZZLE
                        GRTST DEPTH:   0           7 = DUSTSTORM OR SANDSTORM:
                                                       VSBY 1/2 MILE OR LESS
                                                   8 = SMOKE OR HAZE
[NO. OF DAYS WITH]      [WEATHER - DAYS WITH]      9 = BLOWING SNOW
                                                   X = TORNADO
MAX 32 OR BELOW:   0    0.01 INCH OR MORE:   8
MAX 90 OR ABOVE:  18    0.10 INCH OR MORE:   8
MIN 32 OR BELOW:   0    0.50 INCH OR MORE:   4
MIN  0 OR BELOW:   0    1.00 INCH OR MORE:   1

[HDD (BASE 65) ]
TOTAL THIS MO.     0    CLEAR  (SCALE 0-3)  22
DPTR FM NORMAL     0    PTCLDY (SCALE 4-7)   5
TOTAL FM JUL 1     0    CLOUDY (SCALE 8-10)  2
DPTR FM NORMAL     0

[CDD (BASE 65) ]
TOTAL THIS MO.   497
DPTR FM NORMAL    38    [PRESSURE DATA]
TOTAL FM JAN 1  1073    HIGHEST SLP  0.00 ON M
DPTR FM NORMAL   126    LOWEST  SLP  0.00 ON M

[REMARKS]
