724
CXUS55 KEAX 180736
CF6MKC
PRELIMINARY LOCAL CLIMATOLOGICAL DATA (WS FORM: F-6)

                                          STATION:   Downtown Kansas City MO
                                          MONTH:     DECEMBER
                                          YEAR:      2017
                                          LATITUDE:   39  7 N
                                          LONGITUDE:  94 36 W

  TEMPERATURE IN F:       :PCPN:    SNOW:  WIND      :SUNSHINE: SKY     :PK WND
================================================================================
1   2   3   4   5  6A  6B    7    8   9   10  11  12  13   14  15   16   17  18
                                     12Z  AVG MX 2MIN
DY MAX MIN AVG DEP HDD CDD  WTR  SNW DPTH SPD SPD DIR MIN PSBL S-S WX    SPD DR
================================================================================

 1  61  32  47   9  18   0 0.00    M    M  4.4 16 190   M    M   0        21 150
 2  63  35  49  11  16   0 0.00    M    M  0.7  7 160   M    M   0         9 320
 3  70  37  54  17  11   0 0.00    M    M  7.6 22 170   M    M   0        29 200
 4  73  35  54  17  11   0    T    M    M 20.7 33 300   M    M   5        48 290
 5  48  30  39   3  26   0 0.00    M    M 12.9 26 260   M    M   1        35 260
 6  49  26  38   2  27   0    T    M    M 11.3 25 330   M    M   3        32 340
 7  31  19  25 -11  40   0 0.00    M    M  9.2 18 330   M    M   2        24 330
 8  41  18  30  -5  35   0 0.00    M    M  7.9 17 290   M    M   2        22 290
 9  41  26  34  -1  31   0 0.00    M    M  7.9 17 330   M    M   0        24 310
10  58  27  43   8  22   0 0.00    M    M  6.0 16 280   M    M   0        21 280
11  58  31  45  11  20   0 0.00    M    M 13.0 30 320   M    M   2        42 320
12  41  23  32  -2  33   0 0.00    M    M  7.6 18 330   M    M   0        24 330
13  60  36  48  14  17   0 0.00    M    M 12.3 32 320   M    M   0        42 320
14  42  36  39   5  26   0 0.00    M    M  5.0 16 360   M    M  10        20  20
15  47  32  40   7  25   0 0.00    M    M 10.1 20 220   M    M   3        26 210
16  62  38  50  17  15   0 0.00    M    M 10.7 24 210   M    M   0        32 220
17  50  42  46  13  19   0 0.05    M    M  7.5 15 220   M    M   8 1      20 230
================================================================================
SM  895  523       392   0  0.05    M    154.8          M       36
================================================================================
AV 52.7 30.8                               9.1 FASTST   M    M   2    MAX(MPH)
                                 MISC ---->  # 33 300               # 48  290
================================================================================
NOTES:
# LAST OF SEVERAL OCCURRENCES

COLUMN 17 PEAK WIND IN M.P.H.

PRELIMINARY LOCAL CLIMATOLOGICAL DATA (WS FORM: F-6) , PAGE 2

                                          STATION:  Downtown Kansas City MO
                                          MONTH:    DECEMBER
                                          YEAR:     2017
                                          LATITUDE:   39  7 N
                                          LONGITUDE:  94 36 W

[TEMPERATURE DATA]      [PRECIPITATION DATA]       SYMBOLS USED IN COLUMN 16

AVERAGE MONTHLY: 41.7   TOTAL FOR MONTH:   0.05    1 = FOG OR MIST
DPTR FM NORMAL:   6.5   DPTR FM NORMAL:   -1.00    2 = FOG REDUCING VISIBILITY
HIGHEST:    73 ON  4    GRTST 24HR  0.05 ON 17-17      TO 1/4 MILE OR LESS
LOWEST:     18 ON  8                               3 = THUNDER
                        SNOW, ICE PELLETS, HAIL    4 = ICE PELLETS
                        TOTAL MONTH:    M          5 = HAIL
                        GRTST 24HR    M  ON   M    6 = FREEZING RAIN OR DRIZZLE
                        GRTST DEPTH:  M  ON   M    7 = DUSTSTORM OR SANDSTORM:
                                                       VSBY 1/2 MILE OR LESS
                                                   8 = SMOKE OR HAZE
[NO. OF DAYS WITH]      [WEATHER - DAYS WITH]      9 = BLOWING SNOW
                                                   X = TORNADO
MAX 32 OR BELOW:   1    0.01 INCH OR MORE:   1
MAX 90 OR ABOVE:   0    0.10 INCH OR MORE:   0
MIN 32 OR BELOW:  10    0.50 INCH OR MORE:   0
MIN  0 OR BELOW:   0    1.00 INCH OR MORE:   0

[HDD (BASE 65) ]
TOTAL THIS MO.   392    CLEAR  (SCALE 0-3)  13
DPTR FM NORMAL  -115    PTCLDY (SCALE 4-7)   2
TOTAL FM JUL 1  1119    CLOUDY (SCALE 8-10)  2
DPTR FM NORMAL  -265

[CDD (BASE 65) ]
TOTAL THIS MO.     0
DPTR FM NORMAL     0    [PRESSURE DATA]
TOTAL FM JAN 1  1699    HIGHEST SLP  0.00 ON M
DPTR FM NORMAL    28    LOWEST  SLP  0.00 ON M

[REMARKS]
