000
CXUS55 KEAX 270736
CF6MKC
PRELIMINARY LOCAL CLIMATOLOGICAL DATA (WS FORM: F-6)

                                          STATION:   Downtown Kansas City MO
                                          MONTH:     JULY
                                          YEAR:      2017
                                          LATITUDE:   39  7 N
                                          LONGITUDE:  94 36 W

  TEMPERATURE IN F:       :PCPN:    SNOW:  WIND      :SUNSHINE: SKY     :PK WND
================================================================================
1   2   3   4   5  6A  6B    7    8   9   10  11  12  13   14  15   16   17  18
                                     12Z  AVG MX 2MIN
DY MAX MIN AVG DEP HDD CDD  WTR  SNW DPTH SPD SPD DIR MIN PSBL S-S WX    SPD DR
================================================================================

 1  87  63  75  -5   0  10 0.00    M    M  3.9 13 320   M    M   0        16 330
 2  92  69  81   1   0  16 0.00    M    M  7.2 15 140   M    M   1        23 110
 3  91  72  82   2   0  17 0.24    M    M  5.2 21  80   M    M   1 3      29  70
 4  79  70  75  -5   0  10 1.91    M    M  4.2 32 230   M    M   5 138    39 230
 5  86  71  79  -1   0  14    T    M    M  7.0 18  80   M    M   3 18     24  50
 6  91  68  80  -1   0  15 0.00    M    M  4.5 12 210   M    M   0        20 240
 7  92  71  82   1   0  17 0.00    M    M  7.7 18  10   M    M   1        31 360
 8  90  66  78  -3   0  13 0.00    M    M  4.2 12 190   M    M   0        21 190
 9  92  73  83   2   0  18 0.00    M    M  9.9 24 200   M    M   0        31 200
10  95  78  87   6   0  22 0.00    M    M 13.7 22 210   M    M   0        31 250
11  96  78  87   6   0  22 0.00    M    M 13.3 22 180   M    M   0        30 180
12  96  82  89   8   0  24 0.00    M    M 12.5 21 220   M    M   0        34 210
13  91  72  82   1   0  17 1.25    M    M  9.4 26 360   M    M   5 13     37 350
14  90  74  82   1   0  17 0.00    M    M  4.6 14  70   M    M   4        16  70
15  92  74  83   2   0  18 0.00    M    M  4.9 12  70   M    M   1        17 120
16  93  72  83   2   0  18 0.00    M    M  3.5 10 200   M    M   0        12 260
17  94  74  84   3   0  19 0.00    M    M  5.1 13 160   M    M   0        19 190
18  92  77  85   4   0  20 0.00    M    M  8.1 16 200   M    M   0        21 190
19  94  78  86   5   0  21 0.00    M    M  7.6 18 180   M    M   2 3      24 180
20  98  80  89   8   0  24 0.00    M    M 11.2 17 220   M    M   0        22 230
21  98  83  91  10   0  26 0.00    M    M 13.6 22 200   M    M   0        28 190
22  99  69  84   3   0  19 0.66    M    M 10.6 38 240   M    M   1 13     61 240
23  94  72  83   2   0  18 0.22    M    M  4.5 10  30   M    M   1        13  30
24  89  72  81   0   0  16 0.00    M    M  6.9 12  90   M    M   1        15 100
25  95  74  85   4   0  20 0.00    M    M  6.5 14 140   M    M   0        19 150
26  85  74  80  -1   0  15 1.78    M    M  6.7 17  70   M    M   5 13     22 270
================================================================================
SM 2391 1906         0 466  6.06    M    196.5          M       31
================================================================================
AV 92.0 73.3                               7.6 FASTST   M    M   1    MAX(MPH)
                                 MISC ---->  # 38 240               # 61  240
================================================================================
NOTES:
# LAST OF SEVERAL OCCURRENCES

COLUMN 17 PEAK WIND IN M.P.H.

PRELIMINARY LOCAL CLIMATOLOGICAL DATA (WS FORM: F-6) , PAGE 2

                                          STATION:  Downtown Kansas City MO
                                          MONTH:    JULY
                                          YEAR:     2017
                                          LATITUDE:   39  7 N
                                          LONGITUDE:  94 36 W

[TEMPERATURE DATA]      [PRECIPITATION DATA]       SYMBOLS USED IN COLUMN 16

AVERAGE MONTHLY: 82.6   TOTAL FOR MONTH:   6.06    1 = FOG OR MIST
DPTR FM NORMAL:   1.8   DPTR FM NORMAL:    2.61    2 = FOG REDUCING VISIBILITY
HIGHEST:    99 ON 22    GRTST 24HR  1.91 ON  4- 4      TO 1/4 MILE OR LESS
LOWEST:     63 ON  1                               3 = THUNDER
                        SNOW, ICE PELLETS, HAIL    4 = ICE PELLETS
                        TOTAL MONTH:    M          5 = HAIL
                        GRTST 24HR    M  ON   M    6 = FREEZING RAIN OR DRIZZLE
                        GRTST DEPTH:  M  ON   M    7 = DUSTSTORM OR SANDSTORM:
                                                       VSBY 1/2 MILE OR LESS
                                                   8 = SMOKE OR HAZE
[NO. OF DAYS WITH]      [WEATHER - DAYS WITH]      9 = BLOWING SNOW
                                                   X = TORNADO
MAX 32 OR BELOW:   0    0.01 INCH OR MORE:   6
MAX 90 OR ABOVE:  21    0.10 INCH OR MORE:   6
MIN 32 OR BELOW:   0    0.50 INCH OR MORE:   4
MIN  0 OR BELOW:   0    1.00 INCH OR MORE:   3

[HDD (BASE 65) ]
TOTAL THIS MO.     0    CLEAR  (SCALE 0-3)  21
DPTR FM NORMAL     0    PTCLDY (SCALE 4-7)   5
TOTAL FM JUL 1     0    CLOUDY (SCALE 8-10)  0
DPTR FM NORMAL     0

[CDD (BASE 65) ]
TOTAL THIS MO.   466
DPTR FM NORMAL    55    [PRESSURE DATA]
TOTAL FM JAN 1  1001    HIGHEST SLP  0.00 ON M
DPTR FM NORMAL   102    LOWEST  SLP  0.00 ON M

[REMARKS]
