093
CXUS54 KTSA 240940
CF6MKO
PRELIMINARY LOCAL CLIMATOLOGICAL DATA (WS FORM: F-6)

                                          STATION:   MUSKOGEE OKLAHOMA
                                          MONTH:     JANUARY
                                          YEAR:      2018
                                          LATITUDE:   35 40 N
                                          LONGITUDE:  95 22 W

  TEMPERATURE IN F:       :PCPN:    SNOW:  WIND      :SUNSHINE: SKY     :PK WND
================================================================================
1   2   3   4   5  6A  6B    7    8   9   10  11  12  13   14  15   16   17  18
                                     12Z  AVG MX 2MIN
DY MAX MIN AVG DEP HDD CDD  WTR  SNW DPTH SPD SPD DIR MIN PSBL S-S WX    SPD DR
================================================================================

 1  20   5  13 -25  52   0 0.00  0.0    0  9.3 18 350   M    M   1        22 350
 2  25  13  19 -19  46   0 0.00  0.0    0  4.2  9 360   M    M   3        12 150
 3  37   9  23 -15  42   0 0.00  0.0    0  6.8 17 330   M    M   0        21 340
 4  39  16  28 -10  37   0 0.00  0.0    0  4.2  9 360   M    M   0        10 350
 5  54  18  36  -2  29   0 0.00  0.0    0  4.5 10 210   M    M   0        15 230
 6  47  22  35  -3  30   0 0.00  0.0    0  9.8 21 140   M    M   0        27 140
 7  43  34  39   1  26   0 0.50  0.0    0 10.0 21 140   M    M   7 1      28 140
 8  52  32  42   4  23   0 0.00  0.0    0  8.1 17 360   M    M   2 1      21 350
 9  44  27  36  -2  29   0 0.00  0.0    0 11.0 20 140   M    M   9 12     26 140
10  63  41  52  14  13   0 0.00  0.0    0 14.2 25 170   M    M   6        34 170
11  60  20  40   2  25   0    T  0.0    0 17.7 32 340   M    M   7        42 360
12  32  15  24 -14  41   0    T    M    0 14.1 24 350   M    M   0        31 340
13  34  20  27 -11  38   0 0.00  0.0    0  8.8 18 340   M    M   7        23 350
14  44  26  35  -3  30   0 0.00  0.0    0  7.3 17 200   M    M   5        25 210
15  39  15  27 -11  38   0 0.00  0.0    0 14.2 28 360   M    M   7        36  20
16  18   5  12 -26  53   0 0.00  0.0    0 11.1 25 350   M    M   1        31 340
17  31   2  17 -21  48   0 0.00  0.0    0  3.3 10 150   M    M   0        13 140
18  47  13  30  -8  35   0 0.00  0.0    0  8.8 17 190   M    M   0        22 180
19  57  25  41   3  24   0 0.00  0.0    0 12.0 21 200   M    M   1        27 190
20  68  49  59  21   6   0 0.00  0.0    0 13.0 26 180   M    M   5        34 170
21  73  52  63  25   2   0 0.86  0.0    0 15.4 32 240   M    M   7 13     41 230
22  54  39  47   9  18   0    T    M    0 16.5 31 270   M    M   3        41 270
23  51  26  39   1  26   0 0.00  0.0    0  6.2 14 330   M    M   0        18 300
================================================================================
SM 1032  524       711   0  1.36     0.0 230.5          M       71
================================================================================
AV 44.9 22.8                              10.0 FASTST   M    M   3    MAX(MPH)
                                 MISC ---->  # 32 340               # 42  360
================================================================================
NOTES:
# LAST OF SEVERAL OCCURRENCES

COLUMN 17 PEAK WIND IN M.P.H.

PRELIMINARY LOCAL CLIMATOLOGICAL DATA (WS FORM: F-6) , PAGE 2

                                          STATION:  MUSKOGEE OKLAHOMA
                                          MONTH:    JANUARY
                                          YEAR:     2018
                                          LATITUDE:   35 40 N
                                          LONGITUDE:  95 22 W

[TEMPERATURE DATA]      [PRECIPITATION DATA]       SYMBOLS USED IN COLUMN 16

AVERAGE MONTHLY: 33.8   TOTAL FOR MONTH:   1.36    1 = FOG OR MIST
DPTR FM NORMAL:  -4.2   DPTR FM NORMAL:   -0.32    2 = FOG REDUCING VISIBILITY
HIGHEST:    73 ON 21    GRTST 24HR  0.86 ON 21-21      TO 1/4 MILE OR LESS
LOWEST:      2 ON 17                               3 = THUNDER
                        SNOW, ICE PELLETS, HAIL    4 = ICE PELLETS
                        TOTAL MONTH:   0.0 INCH    5 = HAIL
                        GRTST 24HR     0.0         6 = FREEZING RAIN OR DRIZZLE
                        GRTST DEPTH:   0           7 = DUSTSTORM OR SANDSTORM:
                                                       VSBY 1/2 MILE OR LESS
                                                   8 = SMOKE OR HAZE
[NO. OF DAYS WITH]      [WEATHER - DAYS WITH]      9 = BLOWING SNOW
                                                   X = TORNADO
MAX 32 OR BELOW:   5    0.01 INCH OR MORE:   2
MAX 90 OR ABOVE:   0    0.10 INCH OR MORE:   2
MIN 32 OR BELOW:  18    0.50 INCH OR MORE:   2
MIN  0 OR BELOW:   0    1.00 INCH OR MORE:   0

[HDD (BASE 65) ]
TOTAL THIS MO.   711    CLEAR  (SCALE 0-3)  13
DPTR FM NORMAL    83    PTCLDY (SCALE 4-7)   9
TOTAL FM JUL 1  1958    CLOUDY (SCALE 8-10)  1
DPTR FM NORMAL   -65

[CDD (BASE 65) ]
TOTAL THIS MO.     0
DPTR FM NORMAL     0    [PRESSURE DATA]
TOTAL FM JAN 1     0    HIGHEST SLP M ON M
DPTR FM NORMAL     0    LOWEST  SLP 29.61 ON 21

[REMARKS]
