000
CXUS53 KMPX 180700
CF6MKT
PRELIMINARY LOCAL CLIMATOLOGICAL DATA (WS FORM: F-6)

                                          STATION:   MANKATO MN
                                          MONTH:     DECEMBER
                                          YEAR:      2017
                                          LATITUDE:   44 13 N
                                          LONGITUDE:  93 55 W

  TEMPERATURE IN F:       :PCPN:    SNOW:  WIND      :SUNSHINE: SKY     :PK WND
================================================================================
1   2   3   4   5  6A  6B    7    8   9   10  11  12  13   14  15   16   17  18
                                     12Z  AVG MX 2MIN
DY MAX MIN AVG DEP HDD CDD  WTR  SNW DPTH SPD SPD DIR MIN PSBL S-S WX    SPD DR
================================================================================

 1  53  27  40  15  25   0    M    M    M 10.7 25 210   M    M   2        35 210
 2  46  26  36  11  29   0    M    M    M  4.5  8 150   M    M   0         M  M
 3  54  31  43  19  22   0    M    M    M 10.7 14 160   M    M   2        18 170
 4  59  26  43  19  22   0    M    M    M 15.4 37 310   M    M   9 128    47 310
 5  23  15  19  -4  46   0    M    M    M 20.5 33 290   M    M   3 1      48 290
 6  21  16  19  -4  46   0    M    M    M 17.9 25 290   M    M   4 1      35 310
 7  21   6  14  -8  51   0    M    M    M 13.0 18 310   M    M   2         M  M
 8  31  18  25   3  40   0    M    M    M 12.1 21 310   M    M   7        24 300
 9  29  19  24   3  41   0    M    M    M 12.9 24 330   M    M   9        32 330
10  31  23  27   6  38   0    M    M    M  9.4 16 320   M    M   5         M  M
11  37  14  26   5  39   0    M    M    M 13.6 23 330   M    M   8 1      38 350
12  32   8  20   0  45   0    M    M    M  8.8 15 320   M    M   5         M  M
13  39  17  28   8  37   0    M    M    M 17.3 30 320   M    M   6 1      40 320
14  25  10  18  -2  47   0    M    M    M  5.4 15 310   M    M   7         M  M
15  36  23  30  11  35   0    M    M    M  5.2 12 290   M    M  10 1       M  M
16  35  25  30  11  35   0    M    M    M  6.2 12  20   M    M   6 1       M  M
17   M   M   M   M   M   M    M    M    M   M   M   M   M    M   M 1       M  M
================================================================================
SM  572  304       598   0    M     M    183.6          M       85
================================================================================
AV 35.8 19.0                              11.5 FASTST   M    M   5    MAX(MPH)
                                 MISC ---->  # 37 310               # 48  290
================================================================================
NOTES:
# LAST OF SEVERAL OCCURRENCES

COLUMN 17 PEAK WIND IN M.P.H.

PRELIMINARY LOCAL CLIMATOLOGICAL DATA (WS FORM: F-6) , PAGE 2

                                          STATION:  MANKATO MN
                                          MONTH:    DECEMBER
                                          YEAR:     2017
                                          LATITUDE:   44 13 N
                                          LONGITUDE:  93 55 W

[TEMPERATURE DATA]      [PRECIPITATION DATA]       SYMBOLS USED IN COLUMN 16

AVERAGE MONTHLY: 27.4   TOTAL FOR MONTH:      M    1 = FOG OR MIST
DPTR FM NORMAL:   5.8   DPTR FM NORMAL:       M    2 = FOG REDUCING VISIBILITY
HIGHEST:    59 ON  4    GRTST 24HR    M  ON   M        TO 1/4 MILE OR LESS
LOWEST:      6 ON  7                               3 = THUNDER
                        SNOW, ICE PELLETS, HAIL    4 = ICE PELLETS
                        TOTAL MONTH:    M          5 = HAIL
                        GRTST 24HR    M  ON   M    6 = FREEZING RAIN OR DRIZZLE
                        GRTST DEPTH:  M  ON   M    7 = DUSTSTORM OR SANDSTORM:
                                                       VSBY 1/2 MILE OR LESS
                                                   8 = SMOKE OR HAZE
[NO. OF DAYS WITH]      [WEATHER - DAYS WITH]      9 = BLOWING SNOW
                                                   X = TORNADO
MAX 32 OR BELOW:   8    0.01 INCH OR MORE:   0
MAX 90 OR ABOVE:   0    0.10 INCH OR MORE:   0
MIN 32 OR BELOW:  16    0.50 INCH OR MORE:   0
MIN  0 OR BELOW:   0    1.00 INCH OR MORE:   0

[HDD (BASE 65) ]
TOTAL THIS MO.   598    CLEAR  (SCALE 0-3)   4
DPTR FM NORMAL  -141    PTCLDY (SCALE 4-7)   9
TOTAL FM JUL 1  2096    CLOUDY (SCALE 8-10)  3
DPTR FM NORMAL  -315

[CDD (BASE 65) ]
TOTAL THIS MO.     0
DPTR FM NORMAL     0    [PRESSURE DATA]
TOTAL FM JAN 1   620    HIGHEST SLP M ON M
DPTR FM NORMAL   -34    LOWEST  SLP M ON M

[REMARKS]
