000
CXUS52 KMLB 270627
CF6MLB
PRELIMINARY LOCAL CLIMATOLOGICAL DATA (WS FORM: F-6)

                                          STATION:   MELBOURNE
                                          MONTH:     SEPTEMBER
                                          YEAR:      2016
                                          LATITUDE:   28  6 N
                                          LONGITUDE:  80 39 W

  TEMPERATURE IN F:       :PCPN:    SNOW:  WIND      :SUNSHINE: SKY     :PK WND
================================================================================
1   2   3   4   5  6A  6B    7    8   9   10  11  12  13   14  15   16   17  18
                                     12Z  AVG MX 2MIN
DY MAX MIN AVG DEP HDD CDD  WTR  SNW DPTH SPD SPD DIR MIN PSBL S-S WX    SPD DR
================================================================================

 1  88  73  81   0   0  16 0.43  0.0    0  9.8 24 140   M    M   2 138    34 140
 2  86  74  80  -1   0  15 0.25  0.0    0 12.3 36 240   M    M   4 138    48 230
 3  92  74  83   2   0  18 0.60  0.0    0  5.2 13 240   M    M   3 13     17 120
 4  88  75  82   1   0  17 1.23  0.0    0  6.5 14  70   M    M   3 13     18  70
 5  87  74  81   0   0  16 0.07  0.0    0  9.5 21  40   M    M   6 13     27  30
 6  88  79  84   3   0  19 0.00  0.0    0 11.9 17  60   M    M   5        21  70
 7  87  79  83   2   0  18 0.00  0.0    0 11.4 16  60   M    M   2        20  60
 8  88  79  84   3   0  19 0.02  0.0    0 10.7 17  60   M    M   3 1      21  60
 9  88  78  83   2   0  18    T  0.0    0  8.8 16  90   M    M   3        20  80
10  88  76  82   1   0  17 0.15  0.0    0  7.0 15  90   M    M   2 13     19 100
11  88  75  82   1   0  17    T  0.0    0  7.5 17 100   M    M   2 3      20 100
12  89  78  84   3   0  19 0.10  0.0    0 11.5 20  90   M    M   3 13     27 100
13  85  76  81   0   0  16 3.51  0.0    0 11.6 24  90   M    M   8 138    33 100
14  91  76  84   3   0  19 0.01  0.0    0  7.1 18 240   M    M   3 13     26 260
15  89  75  82   1   0  17 0.18  0.0    0  4.9 18 330   M    M   3 13     21 320
16  88  76  82   1   0  17 0.00  0.0    0  7.5 16  50   M    M   3        19  30
17  89  76  83   2   0  18 0.00  0.0    0  7.3 14  30   M    M   4 1      18  30
18  91  76  84   4   0  19    T  0.0    0  4.6 13  90   M    M   5 12     16  70
19  91  72  82   2   0  17 3.58  0.0    0  5.4 23 330   M    M   3 123    29 330
20  88  73  81   1   0  16 0.04  0.0    0  5.1 13 120   M    M   2 13     17 110
21  88  77  83   3   0  18 0.04  0.0    0  4.6 14  70   M    M   5 13     16  70
22  88  74  81   1   0  16    T  0.0    0  5.3 15  90   M    M   4 3      18 100
23  90  74  82   2   0  17 1.02  0.0    0  4.8 18  40   M    M   2 13     23  20
24  88  76  82   2   0  17    T  0.0    0  4.8 15  60   M    M   2 3      19  60
25  87  75  81   1   0  16    T  0.0    0  5.1 13  70   M    M   3 3      15  70
26  87  72  80   0   0  15    T  0.0    0  4.5 21 270   M    M   2 3      27 270
================================================================================
SM 2297 1962         0 447 11.23     0.0 194.7          M       87
================================================================================
AV 88.3 75.5                               7.5 FASTST   M    M   3    MAX(MPH)
                                 MISC ---->  # 36 240               # 48  230
================================================================================
NOTES:
# LAST OF SEVERAL OCCURRENCES

COLUMN 17 PEAK WIND IN M.P.H.

PRELIMINARY LOCAL CLIMATOLOGICAL DATA (WS FORM: F-6) , PAGE 2

                                          STATION:  MELBOURNE
                                          MONTH:    SEPTEMBER
                                          YEAR:     2016
                                          LATITUDE:   28  6 N
                                          LONGITUDE:  80 39 W

[TEMPERATURE DATA]      [PRECIPITATION DATA]       SYMBOLS USED IN COLUMN 16

AVERAGE MONTHLY: 81.9   TOTAL FOR MONTH:  11.23    1 = FOG OR MIST
DPTR FM NORMAL:   1.2   DPTR FM NORMAL:    4.61    2 = FOG REDUCING VISIBILITY
HIGHEST:    92 ON  3    GRTST 24HR  3.58 ON 19-19      TO 1/4 MILE OR LESS
LOWEST:     72 ON 26,19                            3 = THUNDER
                        SNOW, ICE PELLETS, HAIL    4 = ICE PELLETS
                        TOTAL MONTH:   0.0 INCH    5 = HAIL
                        GRTST 24HR     0.0         6 = FREEZING RAIN OR DRIZZLE
                        GRTST DEPTH:   0           7 = DUSTSTORM OR SANDSTORM:
                                                       VSBY 1/2 MILE OR LESS
                                                   8 = SMOKE OR HAZE
[NO. OF DAYS WITH]      [WEATHER - DAYS WITH]      9 = BLOWING SNOW
                                                   X = TORNADO
MAX 32 OR BELOW:   0    0.01 INCH OR MORE:  15
MAX 90 OR ABOVE:   5    0.10 INCH OR MORE:  10
MIN 32 OR BELOW:   0    0.50 INCH OR MORE:   5
MIN  0 OR BELOW:   0    1.00 INCH OR MORE:   4

[HDD (BASE 65) ]
TOTAL THIS MO.     0    CLEAR  (SCALE 0-3)  16
DPTR FM NORMAL     0    PTCLDY (SCALE 4-7)  10
TOTAL FM JUL 1     0    CLOUDY (SCALE 8-10)  0
DPTR FM NORMAL     0

[CDD (BASE 65) ]
TOTAL THIS MO.   447
DPTR FM NORMAL    39    [PRESSURE DATA]
TOTAL FM JAN 1  3095    HIGHEST SLP M ON M
DPTR FM NORMAL   461    LOWEST  SLP 29.79 ON  2

[REMARKS]
