709
CXUS54 KTSA 210940
CF6MLC
PRELIMINARY LOCAL CLIMATOLOGICAL DATA (WS FORM: F-6)

                                          STATION:   MCALESTER OKLAHOMA
                                          MONTH:     JANUARY
                                          YEAR:      2017
                                          LATITUDE:   34 52 N
                                          LONGITUDE:  95 47 W

  TEMPERATURE IN F:       :PCPN:    SNOW:  WIND      :SUNSHINE: SKY     :PK WND
================================================================================
1   2   3   4   5  6A  6B    7    8   9   10  11  12  13   14  15   16   17  18
                                     12Z  AVG MX 2MIN
DY MAX MIN AVG DEP HDD CDD  WTR  SNW DPTH SPD SPD DIR MIN PSBL S-S WX    SPD DR
================================================================================

 1  55  32  44   4  21   0    T  0.0    0  3.6 10 140   M    M   8 128    20 140
 2  67  44  56  16   9   0 0.02  0.0    0  4.0 14 240   M    M   7 1      18 240
 3  51  31  41   1  24   0    T  0.0    0  9.7 23 340   M    M   7 12     29 340
 4  39  24  32  -8  33   0 0.00  0.0    0  7.4 18 360   M    M   3        26 360
 5  36  22  29 -11  36   0    T  0.0    0 14.2 23  10   M    M  10        28 340
 6  22   2  12 -28  53   0 0.01  0.0    0 10.6 22  10   M    M   8 18     28  20
 7  35  -3  16 -24  49   0 0.00  0.0    0  1.8  8 200   M    M   2        12 240
 8  43  13  28 -12  37   0 0.00  0.0    0  7.0 18 190   M    M   2        27 190
 9  58  35  47   7  18   0 0.00  0.0    0 11.7 25 180   M    M   4        43 170
10  73  45  59  19   6   0 0.00  0.0    0 11.5 31 210   M    M   3        42 220
11  78  40  59  19   6   0 0.00  0.0    0 14.7 33 210   M    M   5        45 210
12  69  39  54  14  11   0    T    M    0 12.1 24 210   M    M  10 8      34 210
13  41  36  39  -1  26   0 0.26    M    0  8.8 14  10   M    M  10 18     17  30
14  39  34  37  -3  28   0 0.28    M    0  8.3 13 360   M    M   9 1      15  20
15  61  36  49   9  16   0 0.63    M    0  5.3 13 130   M    M   9 123    22 120
16  62  38  50  10  15   0 0.35    M    0  9.8 21 220   M    M   5 1      31 160
17  50  30  40   0  25   0 0.02    M    0  2.6 13 360   M    M   4        16  10
18  50  43  47   7  18   0    T  0.0    0  3.0 10 320   M    M  10 18     13 320
19  59  48  54  14  11   0    T    M    0  6.5 16 190   M    M   8 1      23 200
20  75  51  63  23   2   0 0.00  0.0    0 11.5 28 220   M    M   3        37 230
================================================================================
SM 1063  640       444   0  1.57     0.0 164.1          M      127
================================================================================
AV 53.2 32.0                               8.2 FASTST   M    M   6    MAX(MPH)
                                 MISC ---->  # 33 210               # 45  210
================================================================================
NOTES:
# LAST OF SEVERAL OCCURRENCES

COLUMN 17 PEAK WIND IN M.P.H.

PRELIMINARY LOCAL CLIMATOLOGICAL DATA (WS FORM: F-6) , PAGE 2

                                          STATION:  MCALESTER OKLAHOMA
                                          MONTH:    JANUARY
                                          YEAR:     2017
                                          LATITUDE:   34 52 N
                                          LONGITUDE:  95 47 W

[TEMPERATURE DATA]      [PRECIPITATION DATA]       SYMBOLS USED IN COLUMN 16

AVERAGE MONTHLY: 42.6   TOTAL FOR MONTH:   1.57    1 = FOG OR MIST
DPTR FM NORMAL:   2.6   DPTR FM NORMAL:    0.09    2 = FOG REDUCING VISIBILITY
HIGHEST:    78 ON 11    GRTST 24HR  0.97 ON 15-16      TO 1/4 MILE OR LESS
LOWEST:     -3 ON  7                               3 = THUNDER
                        SNOW, ICE PELLETS, HAIL    4 = ICE PELLETS
                        TOTAL MONTH:   0.0 INCH    5 = HAIL
                        GRTST 24HR     0.0         6 = FREEZING RAIN OR DRIZZLE
                        GRTST DEPTH:   0           7 = DUSTSTORM OR SANDSTORM:
                                                       VSBY 1/2 MILE OR LESS
                                                   8 = SMOKE OR HAZE
[NO. OF DAYS WITH]      [WEATHER - DAYS WITH]      9 = BLOWING SNOW
                                                   X = TORNADO
MAX 32 OR BELOW:   1    0.01 INCH OR MORE:   7
MAX 90 OR ABOVE:   0    0.10 INCH OR MORE:   4
MIN 32 OR BELOW:   8    0.50 INCH OR MORE:   1
MIN  0 OR BELOW:   1    1.00 INCH OR MORE:   0

[HDD (BASE 65) ]
TOTAL THIS MO.   444    CLEAR  (SCALE 0-3)   3
DPTR FM NORMAL   -56    PTCLDY (SCALE 4-7)  10
TOTAL FM JUL 1  1394    CLOUDY (SCALE 8-10)  7
DPTR FM NORMAL  -377

[CDD (BASE 65) ]
TOTAL THIS MO.     0
DPTR FM NORMAL     0    [PRESSURE DATA]
TOTAL FM JAN 1     0    HIGHEST SLP M ON M
DPTR FM NORMAL     0    LOWEST  SLP 29.43 ON 20

[REMARKS]
