000
CXUS55 KDVN 251100
CF6MLI
PRELIMINARY LOCAL CLIMATOLOGICAL DATA (WS FORM: F-6)

                                          STATION:   MOLINE IL
                                          MONTH:     NOVEMBER
                                          YEAR:      2014
                                          LATITUDE:   41 27 N
                                          LONGITUDE:  90 31 W

  TEMPERATURE IN F:       :PCPN:    SNOW:  WIND      :SUNSHINE: SKY     :PK WND
================================================================================
1   2   3   4   5  6A  6B    7    8   9   10  11  12  13   14  15   16   17  18
                                     12Z  AVG MX 2MIN
DY MAX MIN AVG DEP HDD CDD  WTR  SNW DPTH SPD SPD DIR MIN PSBL S-S WX    SPD DR
================================================================================

 1  46  22  34 -13  31   0 0.00  0.0    0  2.9 10  80   M    M   0        13  90
 2  51  23  37 -10  28   0 0.00  0.0    0 10.8 21 170   M    M   6        28 170
 3  68  44  56  10   9   0 0.08  0.0    0 12.7 21 200   M    M   4 1      29 210
 4  60  40  50   4  15   0 0.15  0.0    0 12.9 29 280   M    M   3 1      34 280
 5  61  32  47   1  18   0 0.04  0.0    0  9.1 24 260   M    M   4 1      34 250
 6  51  28  40  -5  25   0    T  0.0    0 14.7 29 320   M    M   5 18     37 310
 7  48  24  36  -9  29   0 0.00  0.0    0  6.0 18 150   M    M   1        22 140
 8  49  34  42  -2  23   0 0.00  0.0    0 13.1 30 310   M    M   4        39 300
 9  56  32  44   0  21   0 0.00  0.0    0  6.5 21 260   M    M   5 8      24 260
10  67  39  53  10  12   0 0.00  0.0    0 10.7 23 170   M    M   1        29 160
11  48  28  38  -5  27   0 0.11  0.1    0 18.0 26 310   M    M  10 18     34 300
12  28  23  26 -16  39   0    T    T    0 13.6 22 310   M    M  10        26 310
13  29  22  26 -16  39   0    T    T    T 12.3 20 300   M    M   8 8      27 300
14  28  14  21 -20  44   0 0.00  0.0    0  6.3 14 300   M    M   2        18 300
15  30  13  22 -18  43   0 0.06  1.8    0  2.4  8 270   M    M   5 18     10 220
16  30  12  21 -19  44   0 0.01    T    2  6.8 16 270   M    M   8 18     20 280
17  19  10  15 -24  50   0    T  0.2    1 16.8 29 270   M    M   5 1      38 300
18  21   8  15 -24  50   0    T    T    1 11.9 24 270   M    M   4 8      29 270
19  28  18  23 -15  42   0    T    T    1 14.5 29 280   M    M   8 8      39 300
20  29  10  20 -18  45   0 0.00  0.0    1 10.6 22 310   M    M   1        26 310
21  37   5  21 -16  44   0 0.02  0.0    T  8.2 16 160   M    M   3        21 180
22  56  34  45   8  20   0 0.09  0.0    0 10.1 20 200   M    M   9 1      25 200
23  53  45  49  13  16   0 0.74  0.0    0  9.2 22 300   M    M  10 1      29 300
24  45  24  35  -1  30   0 0.27  2.3    T 21.5 33 270   M    M  10 128    43 260
================================================================================
SM 1038  584       744   0  1.57     4.4 261.6          M      126
================================================================================
AV 43.2 24.3                              10.9 FASTST   M    M   5    MAX(MPH)
                                 MISC ---->  # 33 270               # 43  260
================================================================================
NOTES:
# LAST OF SEVERAL OCCURRENCES

COLUMN 17 PEAK WIND IN M.P.H.

PRELIMINARY LOCAL CLIMATOLOGICAL DATA (WS FORM: F-6) , PAGE 2

                                          STATION:  MOLINE IL
                                          MONTH:    NOVEMBER
                                          YEAR:     2014
                                          LATITUDE:   41 27 N
                                          LONGITUDE:  90 31 W

[TEMPERATURE DATA]      [PRECIPITATION DATA]       SYMBOLS USED IN COLUMN 16

AVERAGE MONTHLY: 33.8   TOTAL FOR MONTH:   1.57    1 = FOG OR MIST
DPTR FM NORMAL:  -7.9   DPTR FM NORMAL:   -0.50    2 = FOG REDUCING VISIBILITY
HIGHEST:    68 ON  3    GRTST 24HR  0.95 ON 23-24      TO 1/4 MILE OR LESS
LOWEST:      5 ON 21                               3 = THUNDER
                        SNOW, ICE PELLETS, HAIL    4 = ICE PELLETS
                        TOTAL MONTH:   4.4 INCHES  5 = HAIL
                        GRTST 24HR   2.3 ON   M    6 = FREEZING RAIN OR DRIZZLE
                        GRTST DEPTH:   2 ON 16     7 = DUSTSTORM OR SANDSTORM:
                                                       VSBY 1/2 MILE OR LESS
                                                   8 = SMOKE OR HAZE
[NO. OF DAYS WITH]      [WEATHER - DAYS WITH]      9 = BLOWING SNOW
                                                   X = TORNADO
MAX 32 OR BELOW:   9    0.01 INCH OR MORE:  10
MAX 90 OR ABOVE:   0    0.10 INCH OR MORE:   4
MIN 32 OR BELOW:  18    0.50 INCH OR MORE:   1
MIN  0 OR BELOW:   0    1.00 INCH OR MORE:   0

[HDD (BASE 65) ]
TOTAL THIS MO.   744    CLEAR  (SCALE 0-3)   7
DPTR FM NORMAL   184    PTCLDY (SCALE 4-7)  11
TOTAL FM JUL 1  1274    CLOUDY (SCALE 8-10)  6
DPTR FM NORMAL   232

[CDD (BASE 65) ]
TOTAL THIS MO.     0
DPTR FM NORMAL     0    [PRESSURE DATA]
TOTAL FM JAN 1   839    HIGHEST SLP M ON M
DPTR FM NORMAL  -164    LOWEST  SLP 29.15 ON M

[REMARKS]
