000
CXUS55 KBYZ 291055
CF6MLS
PRELIMINARY LOCAL CLIMATOLOGICAL DATA (WS FORM: F-6)

                                          STATION:   MILES CITY MT
                                          MONTH:     JUNE
                                          YEAR:      2015
                                          LATITUDE:   46 25 N
                                          LONGITUDE: 105 53 W

  TEMPERATURE IN F:       :PCPN:    SNOW:  WIND      :SUNSHINE: SKY     :PK WND
================================================================================
1   2   3   4   5  6A  6B    7    8   9   10  11  12  13   14  15   16   17  18
                                     12Z  AVG MX 2MIN
DY MAX MIN AVG DEP HDD CDD  WTR  SNW DPTH SPD SPD DIR MIN PSBL S-S WX    SPD DR
================================================================================

 1  87  60  74  13   0   9 0.44    M    M  8.2 32 300   M    M   0 13     42 300
 2  68  54  61   0   4   0 0.11    M    M 11.6 22 330   M    M   8 13     26 330
 3  74  50  62   1   3   0 0.00    M    M  9.4 16  90   M    M   2 1      21 100
 4  72  56  64   2   1   0 0.00    M    M 12.9 20  50   M    M   6        24  50
 5  82  55  69   7   0   4 0.41    M    M 11.6 21 160   M    M   4 13     24 170
 6  78  58  68   6   0   3 0.08    M    M  6.4 18 120   M    M   5 13     21 120
 7  85  52  69   6   0   4 0.00    M    M  8.0 22 350   M    M   1        28 330
 8  92  56  74  11   0   9 0.00    M    M  9.9 20 240   M    M   1        24 240
 9  88  62  75  12   0  10    T    M    M  8.3 18 320   M    M   0 13     23 320
10  76  60  68   4   0   3 0.30    M    M 12.7 31 350   M    M   3 13     39 340
11  76  55  66   2   0   1    T    M    M  9.3 18 150   M    M   4        24 150
12  89  56  73   9   0   8    T    M    M  9.5 22 200   M    M   1        31 190
13  77  55  66   1   0   1 0.06    M    M 11.9 22 340   M    M   1 3      28 350
14  73  51  62  -3   3   0 0.03    M    M  8.6 17 350   M    M   7 3      22 360
15  62  48  55 -10  10   0 0.01    M    M  9.5 17  40   M    M   8        22  50
16  68  54  61  -5   4   0 0.00    M    M  8.5 15  50   M    M   9         M  M
17  83  47  65  -1   0   0 0.01    M    M  5.2 35 320   M    M   1 1      43 310
18  77  52  65  -1   0   0    T    M    M 10.0 23 140   M    M   4 1      33 140
19  86  56  71   4   0   6 0.69    M    M 10.1 45 280   M    M   0 13     60 280
20  84  58  71   4   0   6 0.00    M    M  9.8 21 360   M    M   3        27 350
21  91  55  73   5   0   8 0.24    M    M 13.6 45 320   M    M   2 13     59 320
22  78  53  66  -2   0   1    T    M    M 10.8 29 140   M    M   1        34 140
23  87  55  71   3   0   6 0.12    M    M 13.5 39 140   M    M   0 38     47 140
24  81  58  70   2   0   5 0.18    M    M 11.5 31 140   M    M   2 13     43 330
25  81  60  71   2   0   6    T    M    M  7.0 20  30   M    M   2        22 320
26  89  56  73   4   0   8 0.00    M    M  6.1 13 160   M    M   0        18 210
27  94  62  78   9   0  13 0.00    M    M  7.6 17  50   M    M   0        25  80
28  98  62  80  10   0  15 0.00    M    M  7.5 16  60   M    M   0        21  60
================================================================================
SM 2276 1556        25 126  2.68    M    269.0          M       75
================================================================================
AV 81.3 55.6                               9.6 FASTST   M    M   3    MAX(MPH)
                                 MISC ---->  # 45 280               # 60  280
================================================================================
NOTES:
# LAST OF SEVERAL OCCURRENCES

COLUMN 17 PEAK WIND IN M.P.H.

PRELIMINARY LOCAL CLIMATOLOGICAL DATA (WS FORM: F-6) , PAGE 2

                                          STATION:  MILES CITY MT
                                          MONTH:    JUNE
                                          YEAR:     2015
                                          LATITUDE:   46 25 N
                                          LONGITUDE: 105 53 W

[TEMPERATURE DATA]      [PRECIPITATION DATA]       SYMBOLS USED IN COLUMN 16

AVERAGE MONTHLY: 68.4   TOTAL FOR MONTH:   2.68    1 = FOG OR MIST
DPTR FM NORMAL:   3.2   DPTR FM NORMAL:    0.30    2 = FOG REDUCING VISIBILITY
HIGHEST:    98 ON 28    GRTST 24HR  0.69 ON 19-19      TO 1/4 MILE OR LESS
LOWEST:     47 ON 17                               3 = THUNDER
                        SNOW, ICE PELLETS, HAIL    4 = ICE PELLETS
                        TOTAL MONTH:    M          5 = HAIL
                        GRTST 24HR    M  ON   M    6 = FREEZING RAIN OR DRIZZLE
                        GRTST DEPTH:  M  ON   M    7 = DUSTSTORM OR SANDSTORM:
                                                       VSBY 1/2 MILE OR LESS
                                                   8 = SMOKE OR HAZE
[NO. OF DAYS WITH]      [WEATHER - DAYS WITH]      9 = BLOWING SNOW
                                                   X = TORNADO
MAX 32 OR BELOW:   0    0.01 INCH OR MORE:  13
MAX 90 OR ABOVE:   4    0.10 INCH OR MORE:   8
MIN 32 OR BELOW:   0    0.50 INCH OR MORE:   1
MIN  0 OR BELOW:   0    1.00 INCH OR MORE:   0

[HDD (BASE 65) ]
TOTAL THIS MO.    25    CLEAR  (SCALE 0-3)  19
DPTR FM NORMAL   -61    PTCLDY (SCALE 4-7)   8
TOTAL FM JUL 1  7010    CLOUDY (SCALE 8-10)  1
DPTR FM NORMAL  -625

[CDD (BASE 65) ]
TOTAL THIS MO.   126
DPTR FM NORMAL    31    [PRESSURE DATA]
TOTAL FM JAN 1   127    HIGHEST SLP M ON M
DPTR FM NORMAL    12    LOWEST  SLP 29.59 ON 12

[REMARKS]
