084
CXUS53 KBIS 220830
CF6MOT
PRELIMINARY LOCAL CLIMATOLOGICAL DATA (WS FORM: F-6)

                                          STATION:   MINOT ND
                                          MONTH:     SEPTEMBER
                                          YEAR:      2017
                                          LATITUDE:   48 15 N
                                          LONGITUDE: 101 16 W

  TEMPERATURE IN F:       :PCPN:    SNOW:  WIND      :SUNSHINE: SKY     :PK WND
================================================================================
1   2   3   4   5  6A  6B    7    8   9   10  11  12  13   14  15   16   17  18
                                     12Z  AVG MX 2MIN
DY MAX MIN AVG DEP HDD CDD  WTR  SNW DPTH SPD SPD DIR MIN PSBL S-S WX    SPD DR
================================================================================

 1  83  66  75  11   0  10 0.03    M    M 12.5 23 120   M    M   1 8      32 160
 2  88  55  72   8   0   7 0.00    M    M  8.5 21 280   M    M   2 8      27 260
 3  85  63  74  11   0   9 0.00    M    M 13.7 25 350   M    M   0        33 300
 4  74  54  64   1   1   0 0.01    M    M 18.8 36 310   M    M   4        48 310
 5  71  49  60  -2   5   0 0.00    M    M 12.2 23 330   M    M   3        37 310
 6  80  52  66   4   0   1 0.00    M    M  6.4 13 270   M    M   2        19 280
 7  84  49  67   5   0   2 0.00    M    M  9.9 18  20   M    M   1        23  10
 8  80  41  61   0   4   0 0.00    M    M 10.0 20 120   M    M   0 1      24 130
 9  91  47  69   8   0   4 0.00    M    M 11.2 25 160   M    M   0        31 160
10  91  59  75  15   0  10 0.00    M    M 12.5 21 300   M    M   0 8      26 270
11  85  52  69   9   0   4 0.00    M    M  8.0 18 170   M    M   0        24 160
12  98  61  80  21   0  15 0.00    M    M 10.9 20 320   M    M   3 8      25 210
13  79  49  64   5   1   0 0.00    M    M  8.6 16 110   M    M   2 8      21  80
14  68  53  61   3   4   0 0.00    M    M 11.5 22 320   M    M   6 8      31 320
15  53  43  48 -10  17   0 1.08    M    M 16.1 29  10   M    M  10 1      38  10
16  50  44  47 -11  18   0 0.36    M    M 14.2 23 350   M    M   9 1      31 340
17  62  39  51  -6  14   0 0.00    M    M  9.1 17 180   M    M   3        22 190
18  72  42  57   0   8   0 0.00    M    M  5.8 14 100   M    M   0        19 110
19  71  50  61   5   4   0 0.02    M    M 13.7 29 110   M    M   5 1      35 120
20  70  46  58   2   7   0 0.00    M    M 12.4 26 210   M    M   1        33 220
21  73  50  62   7   3   0    T    M    M  7.9 17 310   M    M   2        21 320
================================================================================
SM 1608 1064        86  62  1.50    M    233.9          M       54
================================================================================
AV 76.6 50.7                              11.1 FASTST   M    M   3    MAX(MPH)
                                 MISC ---->  # 36 310               # 48  310
================================================================================
NOTES:
# LAST OF SEVERAL OCCURRENCES

COLUMN 17 PEAK WIND IN M.P.H.

PRELIMINARY LOCAL CLIMATOLOGICAL DATA (WS FORM: F-6) , PAGE 2

                                          STATION:  MINOT ND
                                          MONTH:    SEPTEMBER
                                          YEAR:     2017
                                          LATITUDE:   48 15 N
                                          LONGITUDE: 101 16 W

[TEMPERATURE DATA]      [PRECIPITATION DATA]       SYMBOLS USED IN COLUMN 16

AVERAGE MONTHLY: 63.6   TOTAL FOR MONTH:   1.50    1 = FOG OR MIST
DPTR FM NORMAL:   3.9   DPTR FM NORMAL:    0.47    2 = FOG REDUCING VISIBILITY
HIGHEST:    98 ON 12    GRTST 24HR  1.08 ON 15-15      TO 1/4 MILE OR LESS
LOWEST:     39 ON 17                               3 = THUNDER
                        SNOW, ICE PELLETS, HAIL    4 = ICE PELLETS
                        TOTAL MONTH:    M          5 = HAIL
                        GRTST 24HR    M  ON   M    6 = FREEZING RAIN OR DRIZZLE
                        GRTST DEPTH:  M  ON   M    7 = DUSTSTORM OR SANDSTORM:
                                                       VSBY 1/2 MILE OR LESS
                                                   8 = SMOKE OR HAZE
[NO. OF DAYS WITH]      [WEATHER - DAYS WITH]      9 = BLOWING SNOW
                                                   X = TORNADO
MAX 32 OR BELOW:   0    0.01 INCH OR MORE:   5
MAX 90 OR ABOVE:   3    0.10 INCH OR MORE:   2
MIN 32 OR BELOW:   0    0.50 INCH OR MORE:   1
MIN  0 OR BELOW:   0    1.00 INCH OR MORE:   1

[HDD (BASE 65) ]
TOTAL THIS MO.    86    CLEAR  (SCALE 0-3)  16
DPTR FM NORMAL   -55    PTCLDY (SCALE 4-7)   3
TOTAL FM JUL 1    96    CLOUDY (SCALE 8-10)  2
DPTR FM NORMAL  -116

[CDD (BASE 65) ]
TOTAL THIS MO.    62
DPTR FM NORMAL    32    [PRESSURE DATA]
TOTAL FM JAN 1   580    HIGHEST SLP M ON M
DPTR FM NORMAL   139    LOWEST  SLP 29.42 ON 19

[REMARKS]
