000
CXUS51 KPHI 280800
CF6MPO
PRELIMINARY LOCAL CLIMATOLOGICAL DATA (WS FORM: F-6)

                                          STATION:   MOUNT POCONO PA
                                          MONTH:     DECEMBER
                                          YEAR:      2014
                                          LATITUDE:   41  8 N
                                          LONGITUDE:  75 24 W

  TEMPERATURE IN F:       :PCPN:    SNOW:  WIND      :SUNSHINE: SKY     :PK WND
================================================================================
1   2   3   4   5  6A  6B    7    8   9   10  11  12  13   14  15   16   17  18
                                     12Z  AVG MX 2MIN
DY MAX MIN AVG DEP HDD CDD  WTR  SNW DPTH SPD SPD DIR MIN PSBL S-S WX    SPD DR
================================================================================

 1  54  29  42   9  23   0 0.02    M    M 12.5 24 340   M    M   6 1      37 350
 2  33  23  28  -4  37   0 0.17    M    M 11.0 20 110   M    M   6 126    25 100
 3  38  30  34   2  31   0 0.04    M    M  9.4 28 290   M    M   9 12     38 300
 4  34  21  28  -3  37   0 0.00    M    M  9.1 22 300   M    M   0        31 310
 5  34  22  28  -3  37   0 0.32    M    M  7.4 14 120   M    M   8 146    18 140
 6  39  32  36   5  29   0 0.49    M    M  7.9 24 350   M    M  10 124    35 340
 7  36  24  30   0  35   0 0.00    M    M 15.1 29 340   M    M   1        42 340
 8  25  15  20 -10  45   0 0.00    M    M 10.3 20  90   M    M   5 1      28 100
 9  36  25  31   1  34   0 0.57    M    M 13.9 25 330   M    M  10 16     35 320
10  34  24  29   0  36   0 0.06    M    M 17.9 28 310   M    M  10 1      40 330
11  27  22  25  -4  40   0 0.01    M    M 12.7 22 290   M    M  10 18     32 290
12  28  24  26  -2  39   0    T    M    M 13.8 22 310   M    M  10 16     31 310
13  32  27  30   2  35   0 0.00    M    M 16.3 26 320   M    M  10 1      33 330
14  35  30  33   5  32   0    T    M    M 14.6 26 320   M    M  10 1      36 320
15  36  27  32   4  33   0 0.00    M    M  7.7 21 320   M    M   9 12     27 310
16  38  31  35   8  30   0 0.09    M    M  5.6 12 110   M    M  10 12     15 110
17  41  31  36   9  29   0 0.02    M    M 13.2 23 280   M    M  10 128    34 280
18  31  28  30   3  35   0    T    M    M 14.8 24 310   M    M  10 1      40 310
19  29  23  26   0  39   0    T    M    M 14.4 22 320   M    M  10 1      30 320
20  26  23  25  -1  40   0 0.00    M    M  6.3 22 320   M    M  10        29 330
21  28  24  26   0  39   0 0.00    M    M  5.5 10 330   M    M  10        13 320
22  35  26  31   5  34   0 0.03    M    M  7.0 13 110   M    M  10 128    18 110
23  40  35  38  12  27   0 0.25    M    M  9.8 16 100   M    M  10 12     22 100
24  54  39  47  22  18   0 0.54    M    M  9.2 22 200   M    M  10 12     28 200
25  56  35  46  21  19   0 0.14    M    M 18.1 30 290   M    M   7 1      40 290
26  43  30  37  12  28   0 0.00    M    M  7.1 15 320   M    M   0        24 310
27  50  31  41  16  24   0 0.00    M    M  7.4 14 270   M    M   0        18 240
================================================================================
SM  992  731       885   0  2.75    M    298.0          M      211
================================================================================
AV 36.7 27.1                              11.0 FASTST   M    M   8    MAX(MPH)
                                 MISC ---->  # 30 290               # 42  340
================================================================================
NOTES:
# LAST OF SEVERAL OCCURRENCES

COLUMN 17 PEAK WIND IN M.P.H.

PRELIMINARY LOCAL CLIMATOLOGICAL DATA (WS FORM: F-6) , PAGE 2

                                          STATION:  MOUNT POCONO PA
                                          MONTH:    DECEMBER
                                          YEAR:     2014
                                          LATITUDE:   41  8 N
                                          LONGITUDE:  75 24 W

[TEMPERATURE DATA]      [PRECIPITATION DATA]       SYMBOLS USED IN COLUMN 16

AVERAGE MONTHLY: 31.9   TOTAL FOR MONTH:   2.75    1 = FOG OR MIST
DPTR FM NORMAL:   3.7   DPTR FM NORMAL:   -0.71    2 = FOG REDUCING VISIBILITY
HIGHEST:    56 ON 25    GRTST 24HR  0.73 ON  5- 6      TO 1/4 MILE OR LESS
LOWEST:     15 ON  8                               3 = THUNDER
                        SNOW, ICE PELLETS, HAIL    4 = ICE PELLETS
                        TOTAL MONTH:    M          5 = HAIL
                        GRTST 24HR    M  ON   M    6 = FREEZING RAIN OR DRIZZLE
                        GRTST DEPTH:  M  ON   M    7 = DUSTSTORM OR SANDSTORM:
                                                       VSBY 1/2 MILE OR LESS
                                                   8 = SMOKE OR HAZE
[NO. OF DAYS WITH]      [WEATHER - DAYS WITH]      9 = BLOWING SNOW
                                                   X = TORNADO
MAX 32 OR BELOW:   8    0.01 INCH OR MORE:  14
MAX 90 OR ABOVE:   0    0.10 INCH OR MORE:   7
MIN 32 OR BELOW:  24    0.50 INCH OR MORE:   2
MIN  0 OR BELOW:   0    1.00 INCH OR MORE:   0

[HDD (BASE 65) ]
TOTAL THIS MO.   885    CLEAR  (SCALE 0-3)   4
DPTR FM NORMAL  -108    PTCLDY (SCALE 4-7)   5
TOTAL FM JUL 1  2452    CLOUDY (SCALE 8-10) 18
DPTR FM NORMAL  -120

[CDD (BASE 65) ]
TOTAL THIS MO.     0
DPTR FM NORMAL     0    [PRESSURE DATA]
TOTAL FM JAN 1   253    HIGHEST SLP M ON M
DPTR FM NORMAL   -61    LOWEST  SLP 29.55 ON 25

[REMARKS]
