000
CXUS51 KBTV 270700
CF6MPV
PRELIMINARY LOCAL CLIMATOLOGICAL DATA (WS FORM: F-6)

                                          STATION:   MONTPELIER VT
                                          MONTH:     AUGUST
                                          YEAR:      2015
                                          LATITUDE:   44 12 N
                                          LONGITUDE:  72 34 W

  TEMPERATURE IN F:       :PCPN:    SNOW:  WIND      :SUNSHINE: SKY     :PK WND
================================================================================
1   2   3   4   5  6A  6B    7    8   9   10  11  12  13   14  15   16   17  18
                                     12Z  AVG MX 2MIN
DY MAX MIN AVG DEP HDD CDD  WTR  SNW DPTH SPD SPD DIR MIN PSBL S-S WX    SPD DR
================================================================================

 1  75  56  66  -1   0   1 0.15  0.0    0  3.4 16 250   M    M   6 13     27 290
 2  78  52  65  -2   0   0 0.00  0.0    0  4.7 14 190   M    M   2        19 180
 3  84  62  73   6   0   8    T    M    M   M   M   M   M    M   M         M  M
 4  77  56  67   0   0   2 0.16  0.0    0  2.1 22 320   M    M   2 13     34 300
 5  74  53  64  -3   1   0 0.02  0.0    0  4.3 18 300   M    M   7 12     24 300
 6  70  55  63  -3   2   0 0.00  0.0    0  5.3 14 290   M    M   7        20 310
 7  72  49  61  -5   4   0 0.00  0.0    0  2.7 10  30   M    M   3 1      14  30
 8  73  47  60  -6   5   0 0.00  0.0    0  2.4 12 340   M    M   6 12     16 340
 9  79  51  65  -1   0   0 0.00  0.0    0  2.4 10 200   M    M   6 12     15 290
10  82  53  68   2   0   3 0.00  0.0    0  5.7 16 160   M    M   4 12     20 160
11  68  63  66   0   0   1 1.02  0.0    0  6.3 15 160   M    M  10 12     20 180
12  74  58  66   0   0   1    T  0.0    0  6.1 15 310   M    M   7 1      22 310
13  72  53  63  -3   2   0    T  0.0    0  3.5 13 310   M    M   6        17 310
14  81  50  66   0   0   1 0.02  0.0    0  3.5 15 200   M    M   6 12     24 210
15  80  62  71   5   0   6 0.04  0.0    0  2.1  9 350   M    M   7 123    13 340
16  83  62  73   7   0   8 0.00  0.0    0  1.7  9 350   M    M   5 12     13 330
17  86  58  72   7   0   7 0.00  0.0    0  2.0  5 170   M    M   4 12      M  M
18  87  61  74   9   0   9 0.00  0.0    M  1.7  8 200   M    M   4 128    11 190
19  87  63  75  10   0  10 0.00  0.0    0  7.4 17 150   M    M   2 12     22 150
20  83  67  75  10   0  10 0.01  0.0    0 13.0 26 160   M    M   4        33 150
21  76  59  68   3   0   3 0.18  0.0    0  3.4 16 160   M    M   7 1      23 150
22  78  56  67   2   0   2 0.00  0.0    0  2.2  9  40   M    M   4 12     15  30
23  81  53  67   3   0   2 0.00  0.0    0  3.0 10 180   M    M   4 12     15 190
24  82  64  73   9   0   8    T  0.0    0  5.8 15 190   M    M   7        21 160
25  78  61  70   6   0   5 0.21  0.0    0  2.7 14 160   M    M   8 13     18 160
26  74  57  66   2   0   1 0.00  0.0    0  3.3 14 320   M    M   6 1      18 350
================================================================================
SM 2034 1481        14  88  1.81     0.0 100.7          M      134
================================================================================
AV 78.2 57.0                               4.0 FASTST   M    M   5    MAX(MPH)
                                 MISC ---->  # 26 160               # 34  300
================================================================================
NOTES:
# LAST OF SEVERAL OCCURRENCES

COLUMN 17 PEAK WIND IN M.P.H.

PRELIMINARY LOCAL CLIMATOLOGICAL DATA (WS FORM: F-6) , PAGE 2

                                          STATION:  MONTPELIER VT
                                          MONTH:    AUGUST
                                          YEAR:     2015
                                          LATITUDE:   44 12 N
                                          LONGITUDE:  72 34 W

[TEMPERATURE DATA]      [PRECIPITATION DATA]       SYMBOLS USED IN COLUMN 16

AVERAGE MONTHLY: 67.6   TOTAL FOR MONTH:   1.81    1 = FOG OR MIST
DPTR FM NORMAL:   1.9   DPTR FM NORMAL:   -1.70    2 = FOG REDUCING VISIBILITY
HIGHEST:    87 ON 19,18 GRTST 24HR  1.02 ON 11-11      TO 1/4 MILE OR LESS
LOWEST:     47 ON  8                               3 = THUNDER
                        SNOW, ICE PELLETS, HAIL    4 = ICE PELLETS
                        TOTAL MONTH:   0.0 INCH    5 = HAIL
                        GRTST 24HR     0.0         6 = FREEZING RAIN OR DRIZZLE
                        GRTST DEPTH:   0           7 = DUSTSTORM OR SANDSTORM:
                                                       VSBY 1/2 MILE OR LESS
                                                   8 = SMOKE OR HAZE
[NO. OF DAYS WITH]      [WEATHER - DAYS WITH]      9 = BLOWING SNOW
                                                   X = TORNADO
MAX 32 OR BELOW:   0    0.01 INCH OR MORE:   9
MAX 90 OR ABOVE:   0    0.10 INCH OR MORE:   5
MIN 32 OR BELOW:   0    0.50 INCH OR MORE:   1
MIN  0 OR BELOW:   0    1.00 INCH OR MORE:   1

[HDD (BASE 65) ]
TOTAL THIS MO.    14    CLEAR  (SCALE 0-3)   4
DPTR FM NORMAL   -38    PTCLDY (SCALE 4-7)  20
TOTAL FM JUL 1    65    CLOUDY (SCALE 8-10)  1
DPTR FM NORMAL   -27

[CDD (BASE 65) ]
TOTAL THIS MO.    88
DPTR FM NORMAL    20    [PRESSURE DATA]
TOTAL FM JAN 1   233    HIGHEST SLP M ON M
DPTR FM NORMAL    -3    LOWEST  SLP 29.75 ON 11

[REMARKS]
