000
CXUS51 KBTV 180700
CF6MPV
PRELIMINARY LOCAL CLIMATOLOGICAL DATA (WS FORM: F-6)

                                          STATION:   MONTPELIER VT
                                          MONTH:     OCTOBER
                                          YEAR:      2017
                                          LATITUDE:   44 12 N
                                          LONGITUDE:  72 34 W

  TEMPERATURE IN F:       :PCPN:    SNOW:  WIND      :SUNSHINE: SKY     :PK WND
================================================================================
1   2   3   4   5  6A  6B    7    8   9   10  11  12  13   14  15   16   17  18
                                     12Z  AVG MX 2MIN
DY MAX MIN AVG DEP HDD CDD  WTR  SNW DPTH SPD SPD DIR MIN PSBL S-S WX    SPD DR
================================================================================

 1  60  34  47  -4  18   0 0.00  0.0    0  2.9 14 310   M    M   4 12     19 280
 2  66  33  50  -1  15   0 0.00  0.0    0  1.6 10 330   M    M   2 12     14 350
 3  69  36  53   3  12   0 0.00  0.0    0  4.9 14 170   M    M   1 12     19 170
 4  80  40  60  10   5   0 0.29    M    0  7.3 18 270   M    M   3 1      31 210
 5  67  48  58   8   7   0 0.00  0.0    0  4.9 13 270   M    M   2 1      17 300
 6  58  45  52   3  13   0 0.06    M    0  0.8  6  80   M    M   8 1       6  70
 7  66  48  57   8   8   0    T    M    0  5.8 16 170   M    M   7 12     22 190
 8  77  53  65  17   0   0 0.10  0.0    0  7.9 24 260   M    M   5 1      37 220
 9  69  52  61  13   4   0 0.54  0.0    0  4.1 17 300   M    M   9 12     26 290
10  71  55  63  15   2   0 0.00  0.0    0  5.8 16 300   M    M   5        21 300
11  58  41  50   3  15   0 0.03    M    0  4.6 12  50   M    M   5 12     15  30
12  58  33  46  -1  19   0 0.00  0.0    0  1.2  6  60   M    M   2 12      8 100
13  61  29  45  -1  20   0 0.00  0.0    0  7.9 21 160   M    M   5 12     26 160
14  68  53  61  15   4   0 0.00  0.0    0  4.5 13 160   M    M   9        17 220
15  76  53  65  19   0   0    T  0.0    0 10.0 24 230   M    M   4        35 220
16  63  36  50   4  15   0    T    M    0 10.2 25 310   M    M  10        38 310
17  55  28  42  -3  23   0 0.00  0.0    0  5.3 16 150   M    M   1        24 210
================================================================================
SM 1122  717       180   0  1.02     0.0  89.7          M       82
================================================================================
AV 66.0 42.2                               5.3 FASTST   M    M   5    MAX(MPH)
                                 MISC ---->  # 25 310               # 38  310
================================================================================
NOTES:
# LAST OF SEVERAL OCCURRENCES

COLUMN 17 PEAK WIND IN M.P.H.

PRELIMINARY LOCAL CLIMATOLOGICAL DATA (WS FORM: F-6) , PAGE 2

                                          STATION:  MONTPELIER VT
                                          MONTH:    OCTOBER
                                          YEAR:     2017
                                          LATITUDE:   44 12 N
                                          LONGITUDE:  72 34 W

[TEMPERATURE DATA]      [PRECIPITATION DATA]       SYMBOLS USED IN COLUMN 16

AVERAGE MONTHLY: 54.1   TOTAL FOR MONTH:   1.02    1 = FOG OR MIST
DPTR FM NORMAL:   6.0   DPTR FM NORMAL:   -0.96    2 = FOG REDUCING VISIBILITY
HIGHEST:    80 ON  4    GRTST 24HR  0.54 ON  9- 9      TO 1/4 MILE OR LESS
LOWEST:     28 ON 17                               3 = THUNDER
                        SNOW, ICE PELLETS, HAIL    4 = ICE PELLETS
                        TOTAL MONTH:   0.0 INCH    5 = HAIL
                        GRTST 24HR     0.0         6 = FREEZING RAIN OR DRIZZLE
                        GRTST DEPTH:   0           7 = DUSTSTORM OR SANDSTORM:
                                                       VSBY 1/2 MILE OR LESS
                                                   8 = SMOKE OR HAZE
[NO. OF DAYS WITH]      [WEATHER - DAYS WITH]      9 = BLOWING SNOW
                                                   X = TORNADO
MAX 32 OR BELOW:   0    0.01 INCH OR MORE:   5
MAX 90 OR ABOVE:   0    0.10 INCH OR MORE:   3
MIN 32 OR BELOW:   2    0.50 INCH OR MORE:   1
MIN  0 OR BELOW:   0    1.00 INCH OR MORE:   0

[HDD (BASE 65) ]
TOTAL THIS MO.   180    CLEAR  (SCALE 0-3)   6
DPTR FM NORMAL  -110    PTCLDY (SCALE 4-7)   8
TOTAL FM JUL 1   484    CLOUDY (SCALE 8-10)  3
DPTR FM NORMAL  -161

[CDD (BASE 65) ]
TOTAL THIS MO.     0
DPTR FM NORMAL     0    [PRESSURE DATA]
TOTAL FM JAN 1   243    HIGHEST SLP M ON M
DPTR FM NORMAL   -20    LOWEST  SLP 29.58 ON 15

[REMARKS]
