000
CXUS51 KBTV 210700
CF6MPV
PRELIMINARY LOCAL CLIMATOLOGICAL DATA (WS FORM: F-6)

                                          STATION:   MONTPELIER VT
                                          MONTH:     AUGUST
                                          YEAR:      2017
                                          LATITUDE:   44 12 N
                                          LONGITUDE:  72 34 W

  TEMPERATURE IN F:       :PCPN:    SNOW:  WIND      :SUNSHINE: SKY     :PK WND
================================================================================
1   2   3   4   5  6A  6B    7    8   9   10  11  12  13   14  15   16   17  18
                                     12Z  AVG MX 2MIN
DY MAX MIN AVG DEP HDD CDD  WTR  SNW DPTH SPD SPD DIR MIN PSBL S-S WX    SPD DR
================================================================================

 1  79  56  68   1   0   3 0.00  0.0    0  2.2 10 350   M    M   4 12     16 310
 2  85  53  69   2   0   4 0.00  0.0    0  2.6 13 150   M    M   1 12     16 180
 3  83  57  70   3   0   5 0.32  0.0    0  2.3 14  50   M    M   2 123    18 280
 4  82  59  71   4   0   6    T  0.0    0  9.3 22 180   M    M   5 12     31 190
 5  74  60  67   0   0   2 0.30  0.0    0  7.2 24 170   M    M   6 13     31 180
 6  67  54  61  -5   4   0    T  0.0    0  8.1 20 290   M    M   6        27 270
 7  73  50  62  -4   3   0 0.35  0.0    0  1.7 12 310   M    M   7 12     17 310
 8  72  52  62  -4   3   0 0.07  0.0    0  3.9 14 340   M    M   4 12     20 360
 9  77  48  63  -3   2   0 0.12    M    0  3.6 15 290   M    M   4 12     23 290
10  81  56  69   3   0   4 0.00  0.0    0  2.1 10 300   M    M   5 12     14 270
11  80  57  69   3   0   4 0.02  0.0    0  5.2 17 190   M    M   6 1      23 150
12  78  58  68   2   0   3 0.14  0.0    0  7.0 20 290   M    M   6 123    28 290
13  74  51  63  -3   2   0 0.00  0.0    0  6.2 16 310   M    M   4 12     25 310
14  78  49  64  -2   1   0 0.00  0.0    0  2.5 12 270   M    M   1 12     18 260
15  79  51  65  -1   0   0 0.46  0.0    0  3.3 25 310   M    M   3 123    39 310
16  69  48  59  -7   6   0 0.00  0.0    0  5.6 15 290   M    M   4 12     22 290
17  73  46  60  -5   5   0 0.00  0.0    0  3.2 15 300   M    M   0        21 310
18  68  57  63  -2   2   0 0.79  0.0    0  3.4 14 170   M    M   7 1      19 180
19  79  62  71   6   0   6 0.01  0.0    0  3.5 14 250   M    M   7 12     20 210
20  75  56  66   1   0   1    T  0.0    0  6.3 17 300   M    M   5        27 310
================================================================================
SM 1526 1080        28  38  2.58     0.0  89.2          M       87
================================================================================
AV 76.3 54.0                               4.5 FASTST   M    M   4    MAX(MPH)
                                 MISC ---->  # 25 310               # 39  310
================================================================================
NOTES:
# LAST OF SEVERAL OCCURRENCES

COLUMN 17 PEAK WIND IN M.P.H.

PRELIMINARY LOCAL CLIMATOLOGICAL DATA (WS FORM: F-6) , PAGE 2

                                          STATION:  MONTPELIER VT
                                          MONTH:    AUGUST
                                          YEAR:     2017
                                          LATITUDE:   44 12 N
                                          LONGITUDE:  72 34 W

[TEMPERATURE DATA]      [PRECIPITATION DATA]       SYMBOLS USED IN COLUMN 16

AVERAGE MONTHLY: 65.2   TOTAL FOR MONTH:   2.58    1 = FOG OR MIST
DPTR FM NORMAL:  -0.9   DPTR FM NORMAL:   -0.28    2 = FOG REDUCING VISIBILITY
HIGHEST:    85 ON  2    GRTST 24HR  0.79 ON 18-18      TO 1/4 MILE OR LESS
LOWEST:     46 ON 17                               3 = THUNDER
                        SNOW, ICE PELLETS, HAIL    4 = ICE PELLETS
                        TOTAL MONTH:   0.0 INCH    5 = HAIL
                        GRTST 24HR     0.0         6 = FREEZING RAIN OR DRIZZLE
                        GRTST DEPTH:   0           7 = DUSTSTORM OR SANDSTORM:
                                                       VSBY 1/2 MILE OR LESS
                                                   8 = SMOKE OR HAZE
[NO. OF DAYS WITH]      [WEATHER - DAYS WITH]      9 = BLOWING SNOW
                                                   X = TORNADO
MAX 32 OR BELOW:   0    0.01 INCH OR MORE:  10
MAX 90 OR ABOVE:   0    0.10 INCH OR MORE:   7
MIN 32 OR BELOW:   0    0.50 INCH OR MORE:   1
MIN  0 OR BELOW:   0    1.00 INCH OR MORE:   0

[HDD (BASE 65) ]
TOTAL THIS MO.    28    CLEAR  (SCALE 0-3)   4
DPTR FM NORMAL    -8    PTCLDY (SCALE 4-7)  16
TOTAL FM JUL 1    74    CLOUDY (SCALE 8-10)  0
DPTR FM NORMAL    -2

[CDD (BASE 65) ]
TOTAL THIS MO.    38
DPTR FM NORMAL   -18    [PRESSURE DATA]
TOTAL FM JAN 1   188    HIGHEST SLP M ON M
DPTR FM NORMAL   -36    LOWEST  SLP 29.80 ON 19

[REMARKS]
