000
CXUS51 KLWX 230620
CF6MRB
PRELIMINARY LOCAL CLIMATOLOGICAL DATA (WS FORM: F-6)

                                          STATION:   MARTINSBURG WV
                                          MONTH:     JULY
                                          YEAR:      2014
                                          LATITUDE:   39 24 N
                                          LONGITUDE:  77 59 W

  TEMPERATURE IN F:       :PCPN:    SNOW:  WIND      :SUNSHINE: SKY     :PK WND
================================================================================
1   2   3   4   5  6A  6B    7    8   9   10  11  12  13   14  15   16   17  18
                                     12Z  AVG MX 2MIN
DY MAX MIN AVG DEP HDD CDD  WTR  SNW DPTH SPD SPD DIR MIN PSBL S-S WX    SPD DR
================================================================================

 1  93  71  82   8   0  17 0.06    M    M  4.4 14 190   M    M   4 13     20 190
 2  94  69  82   8   0  17 0.67    M    M  4.0 37 300   M    M   1 13     47 300
 3  90  68  79   5   0  14 0.12    M    M  3.4 14 180   M    M   3 12     19 150
 4  79  66  73  -1   0   8 0.00    M    M 13.0 25 330   M    M   4        33 330
 5  82  59  71  -4   0   6 0.00    M    M  5.1 14 340   M    M   0        17 350
 6  87  56  72  -3   0   7 0.00    M    M  2.4 13 320   M    M   3        16 350
 7  93  71  82   7   0  17 0.00    M    M  6.7 20 260   M    M   3        26 230
 8  92  68  80   5   0  15 0.26    M    M  8.3 46 270   M    M   1 8      56 270
 9  90  67  79   4   0  14 0.01    M    M  5.3 18 260   M    M   3 1      23 250
10  88  63  76   1   0  11 0.00    M    M  3.2 15 210   M    M   2 12     20 210
11  86  62  74  -1   0   9 0.00    M    M  2.4  9 170   M    M   1 18     13 160
12  87  64  76   1   0  11 0.05    M    M  4.1 17 220   M    M   3 18     22 230
13  89  69  79   4   0  14 0.81    M    M  6.7 43 270   M    M   4 128    57 240
14  86  70  78   3   0  13 1.50    M    M  3.5 24 340   M    M   5 18     30 340
15  83  70  77   2   0  12    T    M    M  3.3 10 320   M    M   6 12     16 270
16  80  60  70  -5   0   5 0.00    M    M  6.8 17 320   M    M   2        24 320
17  80  60  70  -5   0   5 0.00    M    M  4.8 14 310   M    M   4        23 340
18  81  55  68  -7   0   3    T    M    M  1.7  8 100   M    M   2 18     12  80
19  80  66  73  -2   0   8 0.07    M    M  2.1 10 150   M    M   8 18     14 150
20  81  64  73  -2   0   8 0.00    M    M  1.8  8  90   M    M   9 1      12 140
21  83  67  75   0   0  10 0.00    M    M  3.3 12 140   M    M   7 18     15 140
22  87  66  77   2   0  12 0.00    M    M  4.0 13 110   M    M   4 128    17 100
================================================================================
SM 1891 1431         0 236  3.55    M    100.3          M       79
================================================================================
AV 86.0 65.0                               4.6 FASTST   M    M   4    MAX(MPH)
                                 MISC ---->  # 46 270               # 57  240
================================================================================
NOTES:
# LAST OF SEVERAL OCCURRENCES

COLUMN 17 PEAK WIND IN M.P.H.

PRELIMINARY LOCAL CLIMATOLOGICAL DATA (WS FORM: F-6) , PAGE 2

                                          STATION:  MARTINSBURG WV
                                          MONTH:    JULY
                                          YEAR:     2014
                                          LATITUDE:   39 24 N
                                          LONGITUDE:  77 59 W

[TEMPERATURE DATA]      [PRECIPITATION DATA]       SYMBOLS USED IN COLUMN 16

AVERAGE MONTHLY: 75.5   TOTAL FOR MONTH:   3.55    1 = FOG OR MIST
DPTR FM NORMAL:   0.7   DPTR FM NORMAL:    0.99    2 = FOG REDUCING VISIBILITY
HIGHEST:    94 ON  2    GRTST 24HR  2.30 ON 13-14      TO 1/4 MILE OR LESS
LOWEST:     55 ON 18                               3 = THUNDER
                        SNOW, ICE PELLETS, HAIL    4 = ICE PELLETS
                        TOTAL MONTH:    M          5 = HAIL
                        GRTST 24HR    M  ON   M    6 = FREEZING RAIN OR DRIZZLE
                        GRTST DEPTH:  M  ON   M    7 = DUSTSTORM OR SANDSTORM:
                                                       VSBY 1/2 MILE OR LESS
                                                   8 = SMOKE OR HAZE
[NO. OF DAYS WITH]      [WEATHER - DAYS WITH]      9 = BLOWING SNOW
                                                   X = TORNADO
MAX 32 OR BELOW:   0    0.01 INCH OR MORE:   9
MAX 90 OR ABOVE:   6    0.10 INCH OR MORE:   5
MIN 32 OR BELOW:   0    0.50 INCH OR MORE:   3
MIN  0 OR BELOW:   0    1.00 INCH OR MORE:   1

[HDD (BASE 65) ]
TOTAL THIS MO.     0    CLEAR  (SCALE 0-3)   9
DPTR FM NORMAL     0    PTCLDY (SCALE 4-7)  12
TOTAL FM JUL 1     0    CLOUDY (SCALE 8-10)  1
DPTR FM NORMAL     0

[CDD (BASE 65) ]
TOTAL THIS MO.   236
DPTR FM NORMAL    20    [PRESSURE DATA]
TOTAL FM JAN 1   553    HIGHEST SLP M ON M
DPTR FM NORMAL    97    LOWEST  SLP 29.72 ON M

[REMARKS]
