000
CXUS54 KMAF 201100
CF6MRF
PRELIMINARY LOCAL CLIMATOLOGICAL DATA (WS FORM: F-6)

                                          STATION:   Marfa
                                          MONTH:     NOVEMBER
                                          YEAR:      2017
                                          LATITUDE:   30 22 N
                                          LONGITUDE: 104  1 W

  TEMPERATURE IN F:       :PCPN:    SNOW:  WIND      :SUNSHINE: SKY     :PK WND
================================================================================
1   2   3   4   5  6A  6B    7    8   9   10  11  12  13   14  15   16   17  18
                                     12Z  AVG MX 2MIN
DY MAX MIN AVG DEP HDD CDD  WTR  SNW DPTH SPD SPD DIR MIN PSBL S-S WX    SPD DR
================================================================================

 1  75  40  58   M   7   0 0.00  0.0    0  7.6 21 230   M    M   0        35 230
 2  77  40  59   M   6   0 0.00  0.0    0  7.3 21 270   M    M   0        27 270
 3  80  39  60   M   5   0 0.00  0.0    0  5.8 12 250   M    M   0        17 210
 4  83  41  62   M   3   0 0.00  0.0    0  7.9 16 280   M    M   0         M  M
 5  84  45  65   M   0   0 0.00  0.0    0  7.4 20 270   M    M   0        27 270
 6  84  45  65   M   0   0 0.00  0.0    0  7.9 17 260   M    M   1        25 260
 7  83  45  64   M   1   0 0.00  0.0    0  6.7 17  10   M    M   2        17  99
 8  53  38  46   M  19   0 0.03    M    0 10.2 21  20   M    M   7 1      22  40
 9  67  37  52   M  13   0    T    M    0  4.2 10  50   M    M   5 12      M  M
10  74  34  54   M  11   0 0.00  0.0    0  6.5 14 170   M    M   0        21 170
11  79  39  59   M   6   0 0.00  0.0    0  6.2 17 230   M    M   0        23 230
12  70  40  55   M  10   0 0.00  0.0    0  8.7 18  70   M    M   0        22  50
13  74  44  59   M   6   0 0.00  0.0    0  6.3 13 190   M    M   3 1      18 150
14  82  41  62   M   3   0 0.00  0.0    0  6.1 16 240   M    M   0        21 260
15  74  42  58   M   7   0 0.00  0.0    0  3.7 13  20   M    M   0         M  M
16  82  36  59   M   6   0 0.00  0.0    0  6.9 14 220   M    M   0        22 180
17  82  39  61   M   4   0 0.00  0.0    0  7.9 18 230   M    M   0        25 230
18  72  34  53   M  12   0 0.00  0.0    0 15.2 29  20   M    M   0        36  10
19  56  25  41   M  24   0 0.00  0.0    M  6.0 10 130   M    M   0         M  M
================================================================================
SM 1431  744       143   0  0.03     0.0 138.5          M       18
================================================================================
AV 75.3 39.2                               7.3 FASTST   M    M   1    MAX(MPH)
                                 MISC ---->  # 29  20               # 36   10
================================================================================
NOTES:
# LAST OF SEVERAL OCCURRENCES

COLUMN 17 PEAK WIND IN M.P.H.

PRELIMINARY LOCAL CLIMATOLOGICAL DATA (WS FORM: F-6) , PAGE 2

                                          STATION:  Marfa
                                          MONTH:    NOVEMBER
                                          YEAR:     2017
                                          LATITUDE:   30 22 N
                                          LONGITUDE: 104  1 W

[TEMPERATURE DATA]      [PRECIPITATION DATA]       SYMBOLS USED IN COLUMN 16

AVERAGE MONTHLY: 57.2   TOTAL FOR MONTH:   0.03    1 = FOG OR MIST
DPTR FM NORMAL:     M   DPTR FM NORMAL:       M    2 = FOG REDUCING VISIBILITY
HIGHEST:    84 ON  6, 5 GRTST 24HR  0.03 ON  8- 8      TO 1/4 MILE OR LESS
LOWEST:     25 ON 19                               3 = THUNDER
                        SNOW, ICE PELLETS, HAIL    4 = ICE PELLETS
                        TOTAL MONTH:   0.0 INCH    5 = HAIL
                        GRTST 24HR     0.0         6 = FREEZING RAIN OR DRIZZLE
                        GRTST DEPTH:   0           7 = DUSTSTORM OR SANDSTORM:
                                                       VSBY 1/2 MILE OR LESS
                                                   8 = SMOKE OR HAZE
[NO. OF DAYS WITH]      [WEATHER - DAYS WITH]      9 = BLOWING SNOW
                                                   X = TORNADO
MAX 32 OR BELOW:   0    0.01 INCH OR MORE:   1
MAX 90 OR ABOVE:   0    0.10 INCH OR MORE:   0
MIN 32 OR BELOW:   1    0.50 INCH OR MORE:   0
MIN  0 OR BELOW:   0    1.00 INCH OR MORE:   0

[HDD (BASE 65) ]
TOTAL THIS MO.   143    CLEAR  (SCALE 0-3)  16
DPTR FM NORMAL     M    PTCLDY (SCALE 4-7)   3
TOTAL FM JUL 1   307    CLOUDY (SCALE 8-10)  0
DPTR FM NORMAL     M

[CDD (BASE 65) ]
TOTAL THIS MO.     0
DPTR FM NORMAL     M    [PRESSURE DATA]
TOTAL FM JAN 1  1058    HIGHEST SLP M ON M
DPTR FM NORMAL     M    LOWEST  SLP M ON M

[REMARKS]
