000
CXUS52 KMHX 261919
CF6MRH
PRELIMINARY LOCAL CLIMATOLOGICAL DATA (WS FORM: F-6)

                                          STATION:   BEAUFORT/SMITH FIELD NC
                                          MONTH:     FEBRUARY
                                          YEAR:      2015
                                          LATITUDE:   34 43 N
                                          LONGITUDE:  76 39 W

  TEMPERATURE IN F:       :PCPN:    SNOW:  WIND      :SUNSHINE: SKY     :PK WND
================================================================================
1   2   3   4   5  6A  6B    7    8   9   10  11  12  13   14  15   16   17  18
                                     12Z  AVG MX 2MIN
DY MAX MIN AVG DEP HDD CDD  WTR  SNW DPTH SPD SPD DIR MIN PSBL S-S WX    SPD DR
================================================================================

 1  59  27  43  -2  22   0 0.01  0.0    0  6.3 20 190   M    M   1        28 190
 2  62  36  49   4  16   0 0.84  0.0    0 21.2 36 330   M    M   6 1      43 340
 3  42  29  36  -9  29   0 0.00  0.0    0  7.7 23 340   M    M   0        28 340
 4  58  27  43  -3  22   0 0.27  0.0    0  4.3 16 170   M    M   2 1      22 150
 5  55  27  41  -5  24   0 0.75  0.0    0 13.4 24  10   M    M   6 1      31 360
 6  41  23  32 -14  33   0 0.00  0.0    0  7.9 17  10   M    M   0        22  10
 7  52  31  42  -4  23   0 0.00  0.0    0  9.9 18 220   M    M   0        25 210
 8  60  49  55   9  10   0 0.00  0.0    0 15.1 25 220   M    M   0        32 220
 9  62  50  56  10   9   0 0.00  0.0    0  7.3 16 210   M    M   1        20 240
10  54  36  45  -1  20   0 0.20  0.0    0 20.8 31  10   M    M  10 1      44 360
11  42  29  36 -10  29   0 0.00  0.0    0 13.4 28  10   M    M   8        37 350
12  60  28  44  -2  21   0 0.00  0.0    0 12.7 36 340   M    M   3        43 340
13  37  22  30 -17  35   0 0.00  0.0    0  9.8 26 340   M    M   0        32 350
14  52  18  35 -12  30   0 0.00  0.0    0 15.0 31 230   M    M   0        41 230
15  51  21  36 -11  29   0 0.00  0.0    0 22.1 39 320   M    M   1        49 330
16  39  21  30 -17  35   0 0.24    M    0  7.9 15  10   M    M   8 1      18  70
17  38  29  34 -13  31   0 0.86    M    0 10.2 23 340   M    M   9 16     29 290
18  45  27  36 -12  29   0 0.01    M    0 11.1 29 300   M    M   1        35 280
19  33  19  26 -22  39   0    T    T    0 17.3 28 320   M    M   2 1      35 320
20  28  12  20 -28  45   0 0.00  0.0    0 10.7 23 330   M    M   0        29 330
21  56  20  38 -10  27   0 0.00  0.0    0 10.4 20 180   M    M   3        26 190
22  61  52  57   9   8   0 0.41  0.0    0  6.5 17 180   M    M   8 1      23 180
23  55  30  43  -5  22   0 0.42    M    0 14.7 31  20   M    M   9 1      40  20
24  32  27  30 -19  35   0 0.53    M    0 14.7 21  10   M    M   9 16     27  20
25  40  27  34 -15  31   0 0.19    M    0  9.5 20 320   M    M   4 1      23 320
================================================================================
SM 1214  717       654   0  4.73    T    299.9          M       91
================================================================================
AV 48.6 28.7                              12.0 FASTST   M    M   4    MAX(MPH)
                                 MISC ---->  # 39 320               # 49  330
================================================================================
NOTES:
# LAST OF SEVERAL OCCURRENCES

COLUMN 17 PEAK WIND IN M.P.H.

PRELIMINARY LOCAL CLIMATOLOGICAL DATA (WS FORM: F-6) , PAGE 2

                                          STATION:  BEAUFORT/SMITH FIELD NC
                                          MONTH:    FEBRUARY
                                          YEAR:     2015
                                          LATITUDE:   34 43 N
                                          LONGITUDE:  76 39 W

[TEMPERATURE DATA]      [PRECIPITATION DATA]       SYMBOLS USED IN COLUMN 16

AVERAGE MONTHLY: 38.6   TOTAL FOR MONTH:   4.73    1 = FOG OR MIST
DPTR FM NORMAL:  -8.2   DPTR FM NORMAL:    1.90    2 = FOG REDUCING VISIBILITY
HIGHEST:    62 ON  9, 2 GRTST 24HR  1.10 ON 16-17      TO 1/4 MILE OR LESS
LOWEST:     12 ON 20                               3 = THUNDER
                        SNOW, ICE PELLETS, HAIL    4 = ICE PELLETS
                        TOTAL MONTH:    T          5 = HAIL
                        GRTST 24HR    T  ON 19-19  6 = FREEZING RAIN OR DRIZZLE
                        GRTST DEPTH:   0           7 = DUSTSTORM OR SANDSTORM:
                                                       VSBY 1/2 MILE OR LESS
                                                   8 = SMOKE OR HAZE
[NO. OF DAYS WITH]      [WEATHER - DAYS WITH]      9 = BLOWING SNOW
                                                   X = TORNADO
MAX 32 OR BELOW:   2    0.01 INCH OR MORE:  12
MAX 90 OR ABOVE:   0    0.10 INCH OR MORE:  10
MIN 32 OR BELOW:  20    0.50 INCH OR MORE:   4
MIN  0 OR BELOW:   0    1.00 INCH OR MORE:   0

[HDD (BASE 65) ]
TOTAL THIS MO.   654    CLEAR  (SCALE 0-3)  15
DPTR FM NORMAL   199    PTCLDY (SCALE 4-7)   6
TOTAL FM JUL 1  2159    CLOUDY (SCALE 8-10)  4
DPTR FM NORMAL   203

[CDD (BASE 65) ]
TOTAL THIS MO.     0
DPTR FM NORMAL     0    [PRESSURE DATA]
TOTAL FM JAN 1     0    HIGHEST SLP M ON M
DPTR FM NORMAL     0    LOWEST  SLP 29.45 ON  2

[REMARKS]
