000
CXUS52 KMHX 280700
CF6MRH
PRELIMINARY LOCAL CLIMATOLOGICAL DATA (WS FORM: F-6)

                                          STATION:   BEAUFORT/SMITH FIELD NC
                                          MONTH:     MAY
                                          YEAR:      2016
                                          LATITUDE:   34 43 N
                                          LONGITUDE:  76 39 W

  TEMPERATURE IN F:       :PCPN:    SNOW:  WIND      :SUNSHINE: SKY     :PK WND
================================================================================
1   2   3   4   5  6A  6B    7    8   9   10  11  12  13   14  15   16   17  18
                                     12Z  AVG MX 2MIN
DY MAX MIN AVG DEP HDD CDD  WTR  SNW DPTH SPD SPD DIR MIN PSBL S-S WX    SPD DR
================================================================================

 1  77  58  68   3   0   3    T  0.0    0  8.0 17 190   M    M   2        22 140
 2  77  69  73   8   0   8 0.01  0.0    0 12.6 21 210   M    M   2 1      28 220
 3  72  65  69   3   0   4 1.51  0.0    0 10.8 29 280   M    M   6 1      38 280
 4  73  65  69   3   0   4 0.11  0.0    0  8.8 16 230   M    M   6 1      29 100
 5  68  55  62  -4   3   0 0.73  0.0    0 10.5 16  10   M    M   8 1      20  30
 6  65  50  58  -8   7   0    T  0.0    0  8.9 17 290   M    M   6        21 300
 7  74  52  63  -4   2   0 0.00  0.0    0  8.0 17 320   M    M   2        23 280
 8  79  66  73   6   0   8 0.00  0.0    0 10.6 20 220   M    M   1        25 210
 9  79  65  72   5   0   7 0.00  0.0    0  8.5 17 210   M    M   1        28 110
10  79  69  74   7   0   9    T  0.0    0  8.0 18 220   M    M   0        22 240
11  78  67  73   5   0   8 0.00  0.0    0 10.2 17 200   M    M   0 1      22 180
12  79  70  75   7   0  10 0.00  0.0    0  7.4 14 220   M    M   1 8      19 230
13  76  64  70   2   0   5 0.38  0.0    0  9.4 24 210   M    M   3 1      30 210
14  78  57  68   0   0   3 0.00  0.0    0  9.8 18 230   M    M   1 128    24 230
15  73  52  63  -6   2   0 0.00  0.0    0 10.5 22 320   M    M   0        30 310
16  71  49  60  -9   5   0 0.00  0.0    0  5.5 13 100   M    M   0 8      18 140
17  77  66  72   3   0   7 0.02  0.0    0  8.0 17 170   M    M   4 1      26 220
18  69  60  65  -4   0   0 1.06  0.0    0 10.7 21  10   M    M   8 1      29  60
19  75  58  67  -3   0   2 0.00  0.0    0  7.9 14  40   M    M   7        20 140
20  74  62  68  -2   0   3 1.08  0.0    0  8.2 13  50   M    M  10 1      23 100
21  80  65  73   3   0   8 1.12  0.0    0  6.6 23 160   M    M   7 1      29 170
22  72  59  66  -4   0   1 0.08  0.0    0  8.8 16 340   M    M   8 1      24 130
23  68  55  62  -8   3   0 0.03  0.0    0  9.6 18 340   M    M   5 1      24 340
24  74  57  66  -5   0   1 0.00  0.0    0 11.6 24 230   M    M   0        30 240
25  79  64  72   1   0   7 0.00  0.0    0  7.7 15 200   M    M   0        24 180
26  80  69  75   4   0  10 0.00  0.0    0  9.6 17 200   M    M   1        25 110
27  81  62  72   1   0   7 0.00  0.0    0  5.0 15 160   M    M   0        23 150
================================================================================
SM 2027 1650        22 115  6.13     0.0 241.2          M       89
================================================================================
AV 75.1 61.1                               8.9 FASTST   M    M   3    MAX(MPH)
                                 MISC ---->  # 29 280               # 38  280
================================================================================
NOTES:
# LAST OF SEVERAL OCCURRENCES

COLUMN 17 PEAK WIND IN M.P.H.

PRELIMINARY LOCAL CLIMATOLOGICAL DATA (WS FORM: F-6) , PAGE 2

                                          STATION:  BEAUFORT/SMITH FIELD NC
                                          MONTH:    MAY
                                          YEAR:     2016
                                          LATITUDE:   34 43 N
                                          LONGITUDE:  76 39 W

[TEMPERATURE DATA]      [PRECIPITATION DATA]       SYMBOLS USED IN COLUMN 16

AVERAGE MONTHLY: 68.1   TOTAL FOR MONTH:   6.13    1 = FOG OR MIST
DPTR FM NORMAL:  -0.2   DPTR FM NORMAL:    2.83    2 = FOG REDUCING VISIBILITY
HIGHEST:    81 ON 27    GRTST 24HR  1.58 ON  3- 4      TO 1/4 MILE OR LESS
LOWEST:     49 ON 16                               3 = THUNDER
                        SNOW, ICE PELLETS, HAIL    4 = ICE PELLETS
                        TOTAL MONTH:   0.0 INCH    5 = HAIL
                        GRTST 24HR     0.0         6 = FREEZING RAIN OR DRIZZLE
                        GRTST DEPTH:   0           7 = DUSTSTORM OR SANDSTORM:
                                                       VSBY 1/2 MILE OR LESS
                                                   8 = SMOKE OR HAZE
[NO. OF DAYS WITH]      [WEATHER - DAYS WITH]      9 = BLOWING SNOW
                                                   X = TORNADO
MAX 32 OR BELOW:   0    0.01 INCH OR MORE:  11
MAX 90 OR ABOVE:   0    0.10 INCH OR MORE:   7
MIN 32 OR BELOW:   0    0.50 INCH OR MORE:   5
MIN  0 OR BELOW:   0    1.00 INCH OR MORE:   4

[HDD (BASE 65) ]
TOTAL THIS MO.    22    CLEAR  (SCALE 0-3)  16
DPTR FM NORMAL    -7    PTCLDY (SCALE 4-7)   8
TOTAL FM JUL 1  1940    CLOUDY (SCALE 8-10)  3
DPTR FM NORMAL  -614

[CDD (BASE 65) ]
TOTAL THIS MO.   115
DPTR FM NORMAL    -4    [PRESSURE DATA]
TOTAL FM JAN 1   165    HIGHEST SLP M ON M
DPTR FM NORMAL    11    LOWEST  SLP 29.57 ON  4

[REMARKS]
