000
CXUS52 KMHX 260700
CF6MRH
PRELIMINARY LOCAL CLIMATOLOGICAL DATA (WS FORM: F-6)

                                          STATION:   BEAUFORT/SMITH FIELD NC
                                          MONTH:     APRIL
                                          YEAR:      2017
                                          LATITUDE:   34 43 N
                                          LONGITUDE:  76 39 W

  TEMPERATURE IN F:       :PCPN:    SNOW:  WIND      :SUNSHINE: SKY     :PK WND
================================================================================
1   2   3   4   5  6A  6B    7    8   9   10  11  12  13   14  15   16   17  18
                                     12Z  AVG MX 2MIN
DY MAX MIN AVG DEP HDD CDD  WTR  SNW DPTH SPD SPD DIR MIN PSBL S-S WX    SPD DR
================================================================================

 1  72  56  64   7   1   0 0.00  0.0    0 10.0 17 310   M    M   1        23 300
 2  65  49  57   0   8   0 0.00  0.0    0  9.2 17  20   M    M   0        23  30
 3  74  45  60   2   5   0 0.40  0.0    0 11.3 30 160   M    M   5 1      45 160
 4  71  64  68  10   0   3 0.00  0.0    0 17.9 26 220   M    M   3 1      33 220
 5  77  61  69  11   0   4 1.05  0.0    0  8.0 20 350   M    M   2 1      23 340
 6  72  57  65   7   0   0 0.77  0.0    0 20.3 38 220   M    M   5 1      47 220
 7  61  50  56  -3   9   0 0.00  0.0    0 19.4 31 280   M    M   3        39 290
 8  62  43  53  -6  12   0 0.00  0.0    0  9.0 25 330   M    M   0        30 330
 9  69  46  58  -1   7   0 0.00  0.0    0  5.9 13 200   M    M   0        17 190
10  72  48  60   0   5   0 0.00  0.0    0  6.6 14 220   M    M   0        17 200
11  75  57  66   6   0   1 0.00  0.0    0  7.5 15 220   M    M   0        21 210
12  75  60  68   8   0   3 0.00  0.0    0  7.2 16 200   M    M   0        20 200
13  78  59  69   9   0   4 0.00  0.0    0  6.8 16  40   M    M   4 18     22  50
14  76  56  66   5   0   1    T  0.0    0  6.6 12 120   M    M   2 18     17  90
15  75  65  70   9   0   5 0.00  0.0    0 10.3 20 180   M    M   2        25 180
16  77  67  72  11   0   7 0.00  0.0    0 13.6 24 220   M    M   0 18     29 220
17  76  67  72  10   0   7 0.00  0.0    0 12.9 23 220   M    M   0 1      26 220
18  73  65  69   7   0   4    M  0.0    0  9.2 20  60   M    M   8 1      29  50
19  76  62  69   7   0   4 0.00  0.0    0  8.2 16 130   M    M   5        24 130
20  79  67  73  11   0   8    T  0.0    0  8.4 15 210   M    M   1        19 200
21  77  69  73  11   0   8 0.00  0.0    0 13.4 23 220   M    M   0        29 220
22  78  68  73  10   0   8 0.00  0.0    0 15.4 24 220   M    M   1        33 220
23  68  61  65   2   0   0    T  0.0    0 11.5 18  50   M    M  10 1      26  40
24  72  65  69   6   0   4 1.11  0.0    0 11.1 24 120   M    M  10 1      35 140
25  72  62  67   3   0   2 0.56  0.0    0  9.2 18 100   M    M   4 1      29 110
================================================================================
SM 1822 1469        47  73  3.89     0.0 268.9          M       66
================================================================================
AV 72.9 58.8                              10.8 FASTST   M    M   3    MAX(MPH)
                                 MISC ---->  # 38 220               # 47  220
================================================================================
NOTES:
# LAST OF SEVERAL OCCURRENCES

COLUMN 17 PEAK WIND IN M.P.H.

PRELIMINARY LOCAL CLIMATOLOGICAL DATA (WS FORM: F-6) , PAGE 2

                                          STATION:  BEAUFORT/SMITH FIELD NC
                                          MONTH:    APRIL
                                          YEAR:     2017
                                          LATITUDE:   34 43 N
                                          LONGITUDE:  76 39 W

[TEMPERATURE DATA]      [PRECIPITATION DATA]       SYMBOLS USED IN COLUMN 16

AVERAGE MONTHLY: 65.8   TOTAL FOR MONTH:   3.89    1 = FOG OR MIST
DPTR FM NORMAL:   5.5   DPTR FM NORMAL:    0.88    2 = FOG REDUCING VISIBILITY
HIGHEST:    79 ON 20    GRTST 24HR  1.11 ON 24-24      TO 1/4 MILE OR LESS
LOWEST:     43 ON  8                               3 = THUNDER
                        SNOW, ICE PELLETS, HAIL    4 = ICE PELLETS
                        TOTAL MONTH:   0.0 INCH    5 = HAIL
                        GRTST 24HR     0.0         6 = FREEZING RAIN OR DRIZZLE
                        GRTST DEPTH:   0           7 = DUSTSTORM OR SANDSTORM:
                                                       VSBY 1/2 MILE OR LESS
                                                   8 = SMOKE OR HAZE
[NO. OF DAYS WITH]      [WEATHER - DAYS WITH]      9 = BLOWING SNOW
                                                   X = TORNADO
MAX 32 OR BELOW:   0    0.01 INCH OR MORE:   5
MAX 90 OR ABOVE:   0    0.10 INCH OR MORE:   5
MIN 32 OR BELOW:   0    0.50 INCH OR MORE:   4
MIN  0 OR BELOW:   0    1.00 INCH OR MORE:   2

[HDD (BASE 65) ]
TOTAL THIS MO.    47    CLEAR  (SCALE 0-3)  17
DPTR FM NORMAL   -91    PTCLDY (SCALE 4-7)   6
TOTAL FM JUL 1  1878    CLOUDY (SCALE 8-10)  2
DPTR FM NORMAL  -633

[CDD (BASE 65) ]
TOTAL THIS MO.    73
DPTR FM NORMAL    51    [PRESSURE DATA]
TOTAL FM JAN 1    89    HIGHEST SLP M ON M
DPTR FM NORMAL    65    LOWEST  SLP 29.46 ON 25

[REMARKS]
