000
CXUS52 KMHX 010806
CF6MRH
PRELIMINARY LOCAL CLIMATOLOGICAL DATA (WS FORM: F-6)

                                          STATION:   BEAUFORT/SMITH FIELD NC
                                          MONTH:     SEPTEMBER
                                          YEAR:      2014
                                          LATITUDE:   34 43 N
                                          LONGITUDE:  76 39 W

  TEMPERATURE IN F:       :PCPN:    SNOW:  WIND      :SUNSHINE: SKY     :PK WND
================================================================================
1   2   3   4   5  6A  6B    7    8   9   10  11  12  13   14  15   16   17  18
                                     12Z  AVG MX 2MIN
DY MAX MIN AVG DEP HDD CDD  WTR  SNW DPTH SPD SPD DIR MIN PSBL S-S WX    SPD DR
================================================================================

 1  87  80  84   7   0  19 0.00  0.0    0 11.9 16 220   M    M   1        20 230
 2  88  81  85   8   0  20 0.00  0.0    0 12.7 21 210   M    M   2        25 210
 3  87  80  84   7   0  19 0.00  0.0    0 12.3 17 200   M    M   1        22 230
 4  87  77  82   5   0  17 0.03  0.0    0  6.9 18 220   M    M   2 1      21 220
 5  88  76  82   5   0  17 0.00  0.0    0  6.1 14 170   M    M   1        17 170
 6  87  76  82   5   0  17 0.03  0.0    0 11.3 21 210   M    M   3 1      25 190
 7  85  75  80   4   0  15 0.54  0.0    0  8.2 20 230   M    M   5 1      25 210
 8  82  73  78   2   0  13 2.34  0.0    0  4.6 21 270   M    M   4 1      26 260
 9  81  75  78   2   0  13 0.41  0.0    0  9.6 20 220   M    M   8 1      24 240
10  85  72  79   3   0  14 0.00  0.0    0  5.4 15 330   M    M   6        17 320
11  85  71  78   2   0  13 0.00  0.0    0  8.1 16 220   M    M   2        20 220
12  88  74  81   5   0  16 1.15  0.0    0  8.8 17 310   M    M   3 1      24 310
13  85  74  80   5   0  15 0.02  0.0    0  5.5 14 320   M    M   2 1      17 310
14  78  67  73  -2   0   8 0.00  0.0    0  9.8 20  10   M    M   9        25  20
15  80  67  74  -1   0   9 0.00  0.0    0  5.9 15  20   M    M   8        19  20
16  81  70  76   1   0  11 0.23  0.0    0  4.0 10 290   M    M   4 18     14 210
17  80  71  76   2   0  11 0.72  0.0    0  6.5 21 330   M    M   5 1      25 320
18  80  66  73  -1   0   8 0.00  0.0    0  7.9 15  40   M    M   1        21  30
19  80  66  73  -1   0   8 0.00  0.0    0  9.1 17  60   M    M   1        25  40
20  77  70  74   0   0   9 0.85  0.0    0 11.0 17  50   M    M   4 1      25  20
21  83  72  78   5   0  13 0.91  0.0    0 13.7 23  10   M    M   5 1      34  20
22  82  70  76   3   0  11 0.00  0.0    0  8.1 16 230   M    M   2        21 240
23  71  64  68  -5   0   3 0.06  0.0    0 14.1 23  20   M    M   6 1      30  20
24  79  65  72   0   0   7 0.51  0.0    0  7.6 23  20   M    M   8 1      35  30
25  77  68  73   1   0   8 0.30  0.0    0  7.5 15  10   M    M   8 18     18  10
26  74  67  71  -1   0   6 0.10  0.0    0 10.7 17  10   M    M  10 1      23  30
27  77  65  71  -1   0   6 0.00  0.0    0  8.2 15  40   M    M   3        22  30
28  81  63  72   1   0   7 0.00  0.0    0  5.8 12  20   M    M   1        16  10
29  77  66  72   1   0   7 0.01  0.0    0  6.4 12  20   M    M   2 1      14  20
30  79  65  72   2   0   7 0.00  0.0    0  7.6 16  20   M    M   4        20  20
================================================================================
SM 2451 2126         0 347  8.21     0.0 255.3          M      121
================================================================================
AV 81.7 70.9                               8.5 FASTST   M    M   4    MAX(MPH)
                                 MISC ---->  # 23  10               # 35   30
================================================================================
NOTES:
# LAST OF SEVERAL OCCURRENCES

COLUMN 17 PEAK WIND IN M.P.H.

PRELIMINARY LOCAL CLIMATOLOGICAL DATA (WS FORM: F-6) , PAGE 2

                                          STATION:  BEAUFORT/SMITH FIELD NC
                                          MONTH:    SEPTEMBER
                                          YEAR:     2014
                                          LATITUDE:   34 43 N
                                          LONGITUDE:  76 39 W

[TEMPERATURE DATA]      [PRECIPITATION DATA]       SYMBOLS USED IN COLUMN 16

AVERAGE MONTHLY: 76.3   TOTAL FOR MONTH:   8.21    1 = FOG OR MIST
DPTR FM NORMAL:   1.8   DPTR FM NORMAL:    2.25    2 = FOG REDUCING VISIBILITY
HIGHEST:    88 ON 12, 5 GRTST 24HR  2.69 ON  8- 9      TO 1/4 MILE OR LESS
LOWEST:     63 ON 28                               3 = THUNDER
                        SNOW, ICE PELLETS, HAIL    4 = ICE PELLETS
                        TOTAL MONTH:   0.0 INCH    5 = HAIL
                        GRTST 24HR     0.0         6 = FREEZING RAIN OR DRIZZLE
                        GRTST DEPTH:   0           7 = DUSTSTORM OR SANDSTORM:
                                                       VSBY 1/2 MILE OR LESS
                                                   8 = SMOKE OR HAZE
[NO. OF DAYS WITH]      [WEATHER - DAYS WITH]      9 = BLOWING SNOW
                                                   X = TORNADO
MAX 32 OR BELOW:   0    0.01 INCH OR MORE:  16
MAX 90 OR ABOVE:   0    0.10 INCH OR MORE:  11
MIN 32 OR BELOW:   0    0.50 INCH OR MORE:   7
MIN  0 OR BELOW:   0    1.00 INCH OR MORE:   2

[HDD (BASE 65) ]
TOTAL THIS MO.     0    CLEAR  (SCALE 0-3)  13
DPTR FM NORMAL    -3    PTCLDY (SCALE 4-7)  13
TOTAL FM JUL 1     0    CLOUDY (SCALE 8-10)  4
DPTR FM NORMAL    -3

[CDD (BASE 65) ]
TOTAL THIS MO.   347
DPTR FM NORMAL    61    [PRESSURE DATA]
TOTAL FM JAN 1  1813    HIGHEST SLP 30.22 ON 14
DPTR FM NORMAL   129    LOWEST  SLP 29.70 ON 21

[REMARKS]
#FINAL-09-14#
