839
CXUS56 KMTR 011000
CF6MRY
PRELIMINARY LOCAL CLIMATOLOGICAL DATA (WS FORM: F-6)

                                          STATION:   MONTEREY AIRPORT
                                          MONTH:     APRIL
                                          YEAR:      2016
                                          LATITUDE:   36 34 N
                                          LONGITUDE: 121 51 W

  TEMPERATURE IN F:       :PCPN:    SNOW:  WIND      :SUNSHINE: SKY     :PK WND
================================================================================
1   2   3   4   5  6A  6B    7    8   9   10  11  12  13   14  15   16   17  18
                                     12Z  AVG MX 2MIN
DY MAX MIN AVG DEP HDD CDD  WTR  SNW DPTH SPD SPD DIR MIN PSBL S-S WX    SPD DR
================================================================================

 1  59  48  54   1  11   0 0.00  0.0    0  7.1 14 280   M    M   2        19 290
 2  62  49  56   3   9   0 0.00  0.0    0  5.7 14 280   M    M   7 18     17 290
 3  61  50  56   3   9   0 0.00  0.0    0  5.7 15 280   M    M   6 1      20 290
 4  61  49  55   2  10   0 0.00  0.0    0  5.8 15 270   M    M   1        19 270
 5  76  46  61   8   4   0 0.00  0.0    0  5.0 14  90   M    M   0        16 280
 6  89  55  72  19   0   7 0.00  0.0    0  5.0 14 100   M    M   0        26  70
 7  65  55  60   6   5   0 0.00  0.0    0  4.8 17 220   M    M   3        24 220
 8  63  56  60   6   5   0 0.04  0.0    0  3.7 14 210   M    M  10 1      18 230
 9  63  56  60   6   5   0 0.01  0.0    0  3.9 10 310   M    M   8 1      14 310
10  57  53  55   1  10   0 0.27  0.0    0  2.3  7 230   M    M  10 1       9 270
11  60  52  56   2   9   0 0.00  0.0    0  4.7 10 230   M    M  10        12 240
12  59  52  56   2   9   0 0.00  0.0    0  6.3 17 280   M    M   8 1      23 310
13  62  48  55   1  10   0 0.00  0.0    0  6.4 15 260   M    M   1        20 280
14  61  50  56   2   9   0    T  0.0    0 11.1 24 270   M    M   3 1      34 270
15  61  47  54   0  11   0 0.00  0.0    0  8.3 22 270   M    M   0        33 270
16  75  47  61   7   4   0 0.00  0.0    0  3.4 12 220   M    M   0        16 220
17  80  51  66  12   0   1 0.00  0.0    0  6.3 18 210   M    M   0        23 200
18  84  51  68  14   0   3 0.00  0.0    0  5.6 18 230   M    M   0        23 220
19  79  51  65  11   0   0 0.00  0.0    0  4.8 16 210   M    M   0        20 220
20  71  47  59   5   6   0 0.00  0.0    0  7.5 16 240   M    M   1        21 220
21  69  54  62   7   3   0 0.00  0.0    0  8.9 25 210   M    M   4 18     32 210
22  65  52  59   4   6   0 0.27  0.0    0  7.9 26 210   M    M   7 18     35 210
23  63  48  56   1   9   0 0.00  0.0    0  5.7 16 250   M    M   2        21 260
24  62  52  57   2   8   0 0.00  0.0    0 13.1 28 260   M    M   6        40 270
25  58  50  54  -1  11   0 0.00  0.0    0 15.4 28 270   M    M   3        38 290
26  59  47  53  -2  12   0 0.00  0.0    0  9.0 20 240   M    M   4        27 260
27  61  51  56   1   9   0 0.02  0.0    0 11.2 24 260   M    M   7 18     32 260
28  59  50  55   0  10   0 0.00  0.0    0 10.4 20 270   M    M   8        27 280
29  59  51  55   0  10   0 0.00  0.0    0 11.4 21 240   M    M   9 8      30 230
30  66  47  57   2   8   0 0.00  0.0    0  4.5 13 280   M    M   2        19 270
================================================================================
SM 1969 1515       212  11  0.61     0.0 210.9          M      122
================================================================================
AV 65.6 50.5                               7.0 FASTST   M    M   4    MAX(MPH)
                                 MISC ---->  # 28 260               # 40  270
================================================================================
NOTES:
# LAST OF SEVERAL OCCURRENCES

COLUMN 17 PEAK WIND IN M.P.H.

PRELIMINARY LOCAL CLIMATOLOGICAL DATA (WS FORM: F-6) , PAGE 2

                                          STATION:  MONTEREY AIRPORT
                                          MONTH:    APRIL
                                          YEAR:     2016
                                          LATITUDE:   36 34 N
                                          LONGITUDE: 121 51 W

[TEMPERATURE DATA]      [PRECIPITATION DATA]       SYMBOLS USED IN COLUMN 16

AVERAGE MONTHLY: 58.1   TOTAL FOR MONTH:   0.61    1 = FOG OR MIST
DPTR FM NORMAL:   3.9   DPTR FM NORMAL:   -0.51    2 = FOG REDUCING VISIBILITY
HIGHEST:    89 ON  6    GRTST 24HR  0.27 ON 22-22      TO 1/4 MILE OR LESS
LOWEST:     46 ON  5                               3 = THUNDER
                        SNOW, ICE PELLETS, HAIL    4 = ICE PELLETS
                        TOTAL MONTH:   0.0 INCH    5 = HAIL
                        GRTST 24HR     0.0         6 = FREEZING RAIN OR DRIZZLE
                        GRTST DEPTH:   0           7 = DUSTSTORM OR SANDSTORM:
                                                       VSBY 1/2 MILE OR LESS
                                                   8 = SMOKE OR HAZE
[NO. OF DAYS WITH]      [WEATHER - DAYS WITH]      9 = BLOWING SNOW
                                                   X = TORNADO
MAX 32 OR BELOW:   0    0.01 INCH OR MORE:   5
MAX 90 OR ABOVE:   0    0.10 INCH OR MORE:   2
MIN 32 OR BELOW:   0    0.50 INCH OR MORE:   0
MIN  0 OR BELOW:   0    1.00 INCH OR MORE:   0

[HDD (BASE 65) ]
TOTAL THIS MO.   212    CLEAR  (SCALE 0-3)  14
DPTR FM NORMAL  -115    PTCLDY (SCALE 4-7)  11
TOTAL FM JUL 1  1938    CLOUDY (SCALE 8-10)  5
DPTR FM NORMAL  -856

[CDD (BASE 65) ]
TOTAL THIS MO.    11
DPTR FM NORMAL    10    [PRESSURE DATA]
TOTAL FM JAN 1    19    HIGHEST SLP 30.03 ON 19
DPTR FM NORMAL    18    LOWEST  SLP 29.81 ON 22

[REMARKS]
#FINAL-04-16#
