000
CXUS56 KMTR 251000
CF6MRY
PRELIMINARY LOCAL CLIMATOLOGICAL DATA (WS FORM: F-6)

                                          STATION:   MONTEREY AIRPORT
                                          MONTH:     MAY
                                          YEAR:      2017
                                          LATITUDE:   36 34 N
                                          LONGITUDE: 121 51 W

  TEMPERATURE IN F:       :PCPN:    SNOW:  WIND      :SUNSHINE: SKY     :PK WND
================================================================================
1   2   3   4   5  6A  6B    7    8   9   10  11  12  13   14  15   16   17  18
                                     12Z  AVG MX 2MIN
DY MAX MIN AVG DEP HDD CDD  WTR  SNW DPTH SPD SPD DIR MIN PSBL S-S WX    SPD DR
================================================================================

 1  72  49  61   5   4   0 0.00  0.0    0  4.2 12 260   M    M   0        16 270
 2  70  52  61   5   4   0 0.00  0.0    0  4.6 12 310   M    M   0 18     15 240
 3  73  52  63   7   2   0 0.00  0.0    0  3.5  8  10   M    M   2 18     11  10
 4  69  49  59   3   6   0 0.00  0.0    0  4.0 18 220   M    M   6 12     24 220
 5  62  51  57   1   8   0 0.00  0.0    0  8.6 18 260   M    M   9 1      28 230
 6  57  50  54  -2  11   0 0.00  0.0    0 12.9 24 250   M    M  10 18     31 270
 7  65  50  58   2   7   0 0.00  0.0    0  7.5 20 200   M    M   5 18     26 190
 8  63  47  55  -1  10   0 0.00  0.0    0  5.8 14 240   M    M   5 18     17 240
 9  68  48  58   2   7   0 0.00  0.0    0  6.3 17 230   M    M   5 18     27 220
10  64  54  59   3   6   0 0.00  0.0    0  5.4 22 220   M    M  10 1      28 230
11  63  53  58   2   7   0 0.00  0.0    0  5.3 14 250   M    M   8        19 250
12  61  48  55  -1  10   0 0.00  0.0    0 10.8 23 260   M    M   1        32 260
13  60  50  55  -1  10   0 0.00  0.0    0 10.4 20 260   M    M   1        26 270
14  58  51  55  -1  10   0 0.00  0.0    0 11.1 18 230   M    M   9        25 240
15  56  52  54  -3  11   0 0.00  0.0    0 11.6 18 230   M    M  10 18     26 240
16  61  52  57   0   8   0    T  0.0    0  8.2 16 250   M    M  10 1      22 260
17  60  49  55  -2  10   0 0.00  0.0    0  9.4 17 240   M    M   4 1      24 220
18  67  47  57   0   8   0 0.00  0.0    0  4.2 14 290   M    M   1 1      18 280
19  69  47  58   1   7   0 0.00  0.0    0  4.8 13 300   M    M   0        16 310
20  66  47  57   0   8   0 0.00  0.0    0  3.5  8 330   M    M   2 128    12 310
21  65  47  56  -1   9   0 0.00  0.0    0  4.7 14 310   M    M   5 12     17 290
22  64  50  57   0   8   0 0.00  0.0    0  4.6 14 250   M    M   7 1      17 320
23  64  52  58   1   7   0 0.00  0.0    0  6.1 18 240   M    M   9 1      24 230
24  62  51  57   0   8   0 0.00  0.0    0  8.2 20 230   M    M   8 1      23 220
================================================================================
SM 1539 1198       186   0    T      0.0 165.7          M      127
================================================================================
AV 64.1 49.9                               6.9 FASTST   M    M   5    MAX(MPH)
                                 MISC ---->  # 24 250               # 32  260
================================================================================
NOTES:
# LAST OF SEVERAL OCCURRENCES

COLUMN 17 PEAK WIND IN M.P.H.

PRELIMINARY LOCAL CLIMATOLOGICAL DATA (WS FORM: F-6) , PAGE 2

                                          STATION:  MONTEREY AIRPORT
                                          MONTH:    MAY
                                          YEAR:     2017
                                          LATITUDE:   36 34 N
                                          LONGITUDE: 121 51 W

[TEMPERATURE DATA]      [PRECIPITATION DATA]       SYMBOLS USED IN COLUMN 16

AVERAGE MONTHLY: 57.0   TOTAL FOR MONTH:      T    1 = FOG OR MIST
DPTR FM NORMAL:   0.6   DPTR FM NORMAL:   -0.46    2 = FOG REDUCING VISIBILITY
HIGHEST:    73 ON  3    GRTST 24HR    T  ON 16-16      TO 1/4 MILE OR LESS
LOWEST:     47 ON 21,20                            3 = THUNDER
                        SNOW, ICE PELLETS, HAIL    4 = ICE PELLETS
                        TOTAL MONTH:   0.0 INCH    5 = HAIL
                        GRTST 24HR     0.0         6 = FREEZING RAIN OR DRIZZLE
                        GRTST DEPTH:   0           7 = DUSTSTORM OR SANDSTORM:
                                                       VSBY 1/2 MILE OR LESS
                                                   8 = SMOKE OR HAZE
[NO. OF DAYS WITH]      [WEATHER - DAYS WITH]      9 = BLOWING SNOW
                                                   X = TORNADO
MAX 32 OR BELOW:   0    0.01 INCH OR MORE:   0
MAX 90 OR ABOVE:   0    0.10 INCH OR MORE:   0
MIN 32 OR BELOW:   0    0.50 INCH OR MORE:   0
MIN  0 OR BELOW:   0    1.00 INCH OR MORE:   0

[HDD (BASE 65) ]
TOTAL THIS MO.   186    CLEAR  (SCALE 0-3)   8
DPTR FM NORMAL   -21    PTCLDY (SCALE 4-7)   9
TOTAL FM JUL 1  2823    CLOUDY (SCALE 8-10)  7
DPTR FM NORMAL  -178

[CDD (BASE 65) ]
TOTAL THIS MO.     0
DPTR FM NORMAL     0    [PRESSURE DATA]
TOTAL FM JAN 1     0    HIGHEST SLP M ON M
DPTR FM NORMAL    -1    LOWEST  SLP 29.71 ON  7

[REMARKS]
