000
CXUS53 KMKX 220900
CF6MSN
PRELIMINARY LOCAL CLIMATOLOGICAL DATA (WS FORM: F-6)

                                          STATION:   MADISON WI
                                          MONTH:     OCTOBER
                                          YEAR:      2017
                                          LATITUDE:   43  7 N
                                          LONGITUDE:  89 20 W

  TEMPERATURE IN F:       :PCPN:    SNOW:  WIND      :SUNSHINE: SKY     :PK WND
================================================================================
1   2   3   4   5  6A  6B    7    8   9   10  11  12  13   14  15   16   17  18
                                     12Z  AVG MX 2MIN
DY MAX MIN AVG DEP HDD CDD  WTR  SNW DPTH SPD SPD DIR MIN PSBL S-S WX    SPD DR
================================================================================

 1  70  44  57   3   8   0 0.00  0.0    0  9.8 21 170   M    M   5        25 150
 2  80  51  66  12   0   1 0.00  0.0    0 12.2 21 160   M    M   6        26 170
 3  79  65  72  18   0   7 0.32  0.0    0 11.9 22 180   M    M   6 13     28 200
 4  70  45  58   5   7   0 0.35  0.0    0  4.9 14 330   M    M   3 13     19 330
 5  66  43  55   2  10   0 0.32  0.0    0  3.5 14 320   M    M   6 13     20 320
 6  67  54  61   9   4   0 0.39  0.0    0 10.0 23 170   M    M  10 13     31 170
 7  70  58  64  12   1   0 0.32  0.0    0 13.5 24 170   M    M   9 18     31 190
 8  76  51  64  12   1   0 0.00  0.0    0  6.5 17 180   M    M   0        22 170
 9  70  47  59   8   6   0 0.00  0.0    0  5.7 15 360   M    M   1 1      17  10
10  57  47  52   1  13   0 0.42  0.0    0 12.5 24  60   M    M  10 1      31  50
11  59  49  54   4  11   0 0.10  0.0    0 10.3 18  40   M    M  10 1      24  40
12  58  53  56   6   9   0 0.01  0.0    0  8.3 13 160   M    M  10 1      20  90
13  61  55  58   8   7   0 0.21  0.0    0  5.2 10 190   M    M  10 1      18 260
14  67  56  62  12   3   0 0.32  0.0    0  9.5 22 170   M    M   9 13     28 170
15  67  44  56   7   9   0 0.01  0.0    0  9.5 22 340   M    M   9 1      33 270
16  60  37  49   0  16   0 0.00  0.0    0  3.5 13 230   M    M   2 1      17 220
17  70  52  61  13   4   0 0.00  0.0    0  8.5 13 200   M    M   2        27 170
18  71  48  60  12   5   0 0.00  0.0    0 10.8 22 190   M    M   1        29 190
19  68  42  55   7  10   0 0.00  0.0    0  3.8 10 170   M    M   5        13 160
20  76  51  64  17   1   0 0.00  0.0    0  9.3 17 190   M    M   4        24 190
21  76  58  67  20   0   2    T  0.0    0 14.1 24 170   M    M   5        30 170
================================================================================
SM 1438 1050       125  10  2.77     0.0 183.3          M      123
================================================================================
AV 68.5 50.0                               8.7 FASTST   M    M   6    MAX(MPH)
                                 MISC ---->  # 24 170               # 33  270
================================================================================
NOTES:
# LAST OF SEVERAL OCCURRENCES

COLUMN 17 PEAK WIND IN M.P.H.

PRELIMINARY LOCAL CLIMATOLOGICAL DATA (WS FORM: F-6) , PAGE 2

                                          STATION:  MADISON WI
                                          MONTH:    OCTOBER
                                          YEAR:     2017
                                          LATITUDE:   43  7 N
                                          LONGITUDE:  89 20 W

[TEMPERATURE DATA]      [PRECIPITATION DATA]       SYMBOLS USED IN COLUMN 16

AVERAGE MONTHLY: 59.2   TOTAL FOR MONTH:   2.77    1 = FOG OR MIST
DPTR FM NORMAL:   8.7   DPTR FM NORMAL:    1.16    2 = FOG REDUCING VISIBILITY
HIGHEST:    80 ON  2    GRTST 24HR  0.42 ON 10-10      TO 1/4 MILE OR LESS
LOWEST:     37 ON 16                               3 = THUNDER
                        SNOW, ICE PELLETS, HAIL    4 = ICE PELLETS
                        TOTAL MONTH:   0.0 INCH    5 = HAIL
                        GRTST 24HR     0.0         6 = FREEZING RAIN OR DRIZZLE
                        GRTST DEPTH:   0           7 = DUSTSTORM OR SANDSTORM:
                                                       VSBY 1/2 MILE OR LESS
                                                   8 = SMOKE OR HAZE
[NO. OF DAYS WITH]      [WEATHER - DAYS WITH]      9 = BLOWING SNOW
                                                   X = TORNADO
MAX 32 OR BELOW:   0    0.01 INCH OR MORE:  11
MAX 90 OR ABOVE:   0    0.10 INCH OR MORE:   9
MIN 32 OR BELOW:   0    0.50 INCH OR MORE:   0
MIN  0 OR BELOW:   0    1.00 INCH OR MORE:   0

[HDD (BASE 65) ]
TOTAL THIS MO.   125    CLEAR  (SCALE 0-3)   5
DPTR FM NORMAL  -182    PTCLDY (SCALE 4-7)   8
TOTAL FM JUL 1   263    CLOUDY (SCALE 8-10)  8
DPTR FM NORMAL  -252

[CDD (BASE 65) ]
TOTAL THIS MO.    10
DPTR FM NORMAL    10    [PRESSURE DATA]
TOTAL FM JAN 1   580    HIGHEST SLP M ON M
DPTR FM NORMAL    16    LOWEST  SLP 29.43 ON  7

[REMARKS]
