000
CXUS55 KMSO 260900
CF6MSO
PRELIMINARY LOCAL CLIMATOLOGICAL DATA (WS FORM: F-6)

                                          STATION:   MISSOULA MT
                                          MONTH:     JUNE
                                          YEAR:      2017
                                          LATITUDE:   46 55 N
                                          LONGITUDE: 114  5 W

  TEMPERATURE IN F:       :PCPN:    SNOW:  WIND      :SUNSHINE: SKY     :PK WND
================================================================================
1   2   3   4   5  6A  6B    7    8   9   10  11  12  13   14  15   16   17  18
                                     12Z  AVG MX 2MIN
DY MAX MIN AVG DEP HDD CDD  WTR  SNW DPTH SPD SPD DIR MIN PSBL S-S WX    SPD DR
================================================================================

 1  72  53  63   5   2   0 0.15  0.0    0  4.6 16 310   M    M   6 1      20 310
 2  75  48  62   4   3   0    T  0.0    0  5.3 15 310   M    M   4        20 330
 3  83  43  63   5   2   0 0.00  0.0    0  2.4 13 130   M    M   0        15  90
 4  81  50  66   8   0   1 0.33    T    0 10.1 25 270   M    M   3 13     32 280
 5  73  50  62   4   3   0 0.01  0.0    0  3.7 15  10   M    M   4        18  10
 6  81  42  62   3   3   0 0.00  0.0    0  4.9 15 130   M    M   0        19 120
 7  90  50  70  11   0   5 0.00  0.0    0  5.3 29 170   M    M   0 3      39 180
 8  81  56  69  10   0   4 0.16  0.0    0  7.4 33 270   M    M   2 13     43 270
 9  63  48  56  -3   9   0 0.06  0.0    0  6.3 21 240   M    M   7 3      27 240
10  59  40  50 -10  15   0 0.03    M    0  6.5 21 330   M    M   6        26 330
11  71  34  53  -7  12   0 0.00  0.0    0  5.2 20 360   M    M   0        28 360
12  75  44  60   0   5   0 0.26    M    0 10.4 35 180   M    M   3 1      44 180
13  54  48  51  -9  14   0 0.85  0.0    0  5.3 24 290   M    M   9 1      29 290
14  71  40  56  -4   9   0 0.00  0.0    0  6.5 23 280   M    M   4 12     28 290
15  64  48  56  -5   9   0    T  0.0    0  2.5 10 320   M    M   9        14 360
16  64  51  58  -3   7   0 0.06  0.0    0  6.4 23 260   M    M   9 1      30 270
17  70  48  59  -2   6   0 0.04    M    0  4.0 10 330   M    M   7 1      14 330
18  70  54  62   1   3   0    T  0.0    0  5.8 16 300   M    M  10        18 300
19  85  50  68   6   0   3 0.00  0.0    0  1.9  8 340   M    M   3        21 100
20  87  57  72  10   0   7 0.04  0.0    0  6.5 26 280   M    M   2 3      34 260
21  78  53  66   4   0   1 0.00  0.0    0 10.4 29 290   M    M   0        37 290
22  72  43  58  -4   7   0 0.00  0.0    0  8.3 23  20   M    M   0        32  30
23  79  40  60  -3   5   0 0.00  0.0    0  3.3 14  10   M    M   0        20  10
24  83  44  64   1   1   0 0.00  0.0    0  4.6 18 360   M    M   0        21 360
25  90  48  69   6   0   4 0.00  0.0    0  3.2  8 110   M    M   0        11 120
================================================================================
SM 1871 1182       115  25  1.99    T    140.8          M       88
================================================================================
AV 74.8 47.3                               5.6 FASTST   M    M   4    MAX(MPH)
                                 MISC ---->  # 35 180               # 44  180
================================================================================
NOTES:
# LAST OF SEVERAL OCCURRENCES

COLUMN 17 PEAK WIND IN M.P.H.

PRELIMINARY LOCAL CLIMATOLOGICAL DATA (WS FORM: F-6) , PAGE 2

                                          STATION:  MISSOULA MT
                                          MONTH:    JUNE
                                          YEAR:     2017
                                          LATITUDE:   46 55 N
                                          LONGITUDE: 114  5 W

[TEMPERATURE DATA]      [PRECIPITATION DATA]       SYMBOLS USED IN COLUMN 16

AVERAGE MONTHLY: 61.1   TOTAL FOR MONTH:   1.99    1 = FOG OR MIST
DPTR FM NORMAL:   0.8   DPTR FM NORMAL:    0.17    2 = FOG REDUCING VISIBILITY
HIGHEST:    90 ON 25, 7 GRTST 24HR  1.10 ON 12-13      TO 1/4 MILE OR LESS
LOWEST:     34 ON 11                               3 = THUNDER
                        SNOW, ICE PELLETS, HAIL    4 = ICE PELLETS
                        TOTAL MONTH:    T          5 = HAIL
                        GRTST 24HR    T  ON  4- 4  6 = FREEZING RAIN OR DRIZZLE
                        GRTST DEPTH:   0           7 = DUSTSTORM OR SANDSTORM:
                                                       VSBY 1/2 MILE OR LESS
                                                   8 = SMOKE OR HAZE
[NO. OF DAYS WITH]      [WEATHER - DAYS WITH]      9 = BLOWING SNOW
                                                   X = TORNADO
MAX 32 OR BELOW:   0    0.01 INCH OR MORE:  11
MAX 90 OR ABOVE:   2    0.10 INCH OR MORE:   5
MIN 32 OR BELOW:   0    0.50 INCH OR MORE:   1
MIN  0 OR BELOW:   0    1.00 INCH OR MORE:   0

[HDD (BASE 65) ]
TOTAL THIS MO.   115    CLEAR  (SCALE 0-3)  13
DPTR FM NORMAL   -30    PTCLDY (SCALE 4-7)   8
TOTAL FM JUL 1  7593    CLOUDY (SCALE 8-10)  4
DPTR FM NORMAL   324

[CDD (BASE 65) ]
TOTAL THIS MO.    25
DPTR FM NORMAL    -5    [PRESSURE DATA]
TOTAL FM JAN 1    34    HIGHEST SLP M ON M
DPTR FM NORMAL    -2    LOWEST  SLP 29.54 ON  8

[REMARKS]
