000
CXUS51 KBTV 280700
CF6MSS
PRELIMINARY LOCAL CLIMATOLOGICAL DATA (WS FORM: F-6)

                                          STATION:   MASSENA NY
                                          MONTH:     MAY
                                          YEAR:      2015
                                          LATITUDE:   44 55 N
                                          LONGITUDE:  74 51 W

  TEMPERATURE IN F:       :PCPN:    SNOW:  WIND      :SUNSHINE: SKY     :PK WND
================================================================================
1   2   3   4   5  6A  6B    7    8   9   10  11  12  13   14  15   16   17  18
                                     12Z  AVG MX 2MIN
DY MAX MIN AVG DEP HDD CDD  WTR  SNW DPTH SPD SPD DIR MIN PSBL S-S WX    SPD DR
================================================================================

 1  70  42  56   6   9   0 0.00  0.0    0  3.4 13  20   M    M   7        16  20
 2  75  37  56   5   9   0 0.00  0.0    0  5.9 15 260   M    M   1 1      20 250
 3  79  46  63  12   2   0 0.00  0.0    0  9.0 18 220   M    M   0 8      24 240
 4  83  57  70  19   0   5 0.19  0.0    0 13.2 35 220   M    M   3 1      47 220
 5  68  44  56   4   9   0 0.00  0.0    0  4.8 16 260   M    M   0 12     20 260
 6  76  36  56   4   9   0 0.00  0.0    0  4.9 15 280   M    M   0 1      19 250
 7  81  46  64  12   1   0 0.00  0.0    0  7.3 14 230   M    M   0        20 210
 8  88  50  69  16   0   4 0.00  0.0    0  5.0 13 300   M    M   0        17 220
 9  88  55  72  19   0   7 0.02  0.0    0  6.8 20 220   M    M   1 1      25 210
10  74  56  65  12   0   0 0.04  0.0    0  7.6 18 230   M    M   6 12     24 230
11  56  49  53  -1  12   0 0.01    M    0 13.5 24  60   M    M  10 1      30  70
12  75  49  62   8   3   0 0.20    M    0 15.1 35 220   M    M   9 18     49 220
13  61  45  53  -1  12   0 0.05    M    0  9.3 18 300   M    M   4 1      24 280
14  66  32  49  -6  16   0 0.00  0.0    0  5.6 16 300   M    M   0        23 270
15  74  36  55   0  10   0    T    M    0  2.6 12 190   M    M   3        15 180
16  73  56  65  10   0   0    T  0.0    0  4.1 14 250   M    M  10 1      20 250
17  76  50  63   7   2   0 0.00  0.0    0  2.7 10  10   M    M   4 128    14 300
18  87  46  67  11   0   2 0.00  0.0    0  7.1 20 210   M    M   2 1      26 210
19  79  55  67  11   0   2 0.00  0.0    0 15.0 28 230   M    M   5        38 210
20  61  42  52  -4  13   0 0.03    M    0 13.4 23 300   M    M   5 1      33 280
21  67  42  55  -2  10   0 0.00  0.0    0 12.2 23 220   M    M   2        28 220
22  57  31  44 -13  21   0    T    M    0 11.3 24 280   M    M   5        32 300
23  60  27  44 -13  21   0 0.00  0.0    0 12.7 26 220   M    M   1        36 210
24  80  53  67   9   0   2    T  0.0    0 14.7 29 230   M    M   1        37 220
25  67  60  64   6   1   0 0.35  0.0    0  7.1 17 230   M    M   9 1      24 220
26  85  67  76  18   0  11 0.01  0.0    0 13.0 24 230   M    M   2        33 250
27  82  62  72  14   0   7    T  0.0    0 12.1 30 230   M    M   2 1      39 220
================================================================================
SM 1988 1271       160  40  0.90     0.0 239.4          M       92
================================================================================
AV 73.6 47.1                               8.9 FASTST   M    M   3    MAX(MPH)
                                 MISC ---->  # 35 220               # 49  220
================================================================================
NOTES:
# LAST OF SEVERAL OCCURRENCES

COLUMN 17 PEAK WIND IN M.P.H.

PRELIMINARY LOCAL CLIMATOLOGICAL DATA (WS FORM: F-6) , PAGE 2

                                          STATION:  MASSENA NY
                                          MONTH:    MAY
                                          YEAR:     2015
                                          LATITUDE:   44 55 N
                                          LONGITUDE:  74 51 W

[TEMPERATURE DATA]      [PRECIPITATION DATA]       SYMBOLS USED IN COLUMN 16

AVERAGE MONTHLY: 60.4   TOTAL FOR MONTH:   0.90    1 = FOG OR MIST
DPTR FM NORMAL:   5.8   DPTR FM NORMAL:   -1.76    2 = FOG REDUCING VISIBILITY
HIGHEST:    88 ON  9, 8 GRTST 24HR  0.35 ON 24-25      TO 1/4 MILE OR LESS
LOWEST:     27 ON 23                               3 = THUNDER
                        SNOW, ICE PELLETS, HAIL    4 = ICE PELLETS
                        TOTAL MONTH:   0.0 INCH    5 = HAIL
                        GRTST 24HR     0.0         6 = FREEZING RAIN OR DRIZZLE
                        GRTST DEPTH:   0           7 = DUSTSTORM OR SANDSTORM:
                                                       VSBY 1/2 MILE OR LESS
                                                   8 = SMOKE OR HAZE
[NO. OF DAYS WITH]      [WEATHER - DAYS WITH]      9 = BLOWING SNOW
                                                   X = TORNADO
MAX 32 OR BELOW:   0    0.01 INCH OR MORE:   9
MAX 90 OR ABOVE:   0    0.10 INCH OR MORE:   3
MIN 32 OR BELOW:   3    0.50 INCH OR MORE:   0
MIN  0 OR BELOW:   0    1.00 INCH OR MORE:   0

[HDD (BASE 65) ]
TOTAL THIS MO.   160    CLEAR  (SCALE 0-3)  15
DPTR FM NORMAL  -132    PTCLDY (SCALE 4-7)   8
TOTAL FM JUL 1  8261    CLOUDY (SCALE 8-10)  4
DPTR FM NORMAL   187

[CDD (BASE 65) ]
TOTAL THIS MO.    40
DPTR FM NORMAL    32    [PRESSURE DATA]
TOTAL FM JAN 1    40    HIGHEST SLP M ON M
DPTR FM NORMAL    31    LOWEST  SLP 29.68 ON 12

[REMARKS]
