000
CXUS55 KBOI 211002
CF6MUO
PRELIMINARY LOCAL CLIMATOLOGICAL DATA (WS FORM: F-6)

                                          STATION:   MOUNTAIN HOME AFB
                                          MONTH:     OCTOBER
                                          YEAR:      2014
                                          LATITUDE:   43  2 N
                                          LONGITUDE: 115 52 W

  TEMPERATURE IN F:       :PCPN:    SNOW:  WIND      :SUNSHINE: SKY     :PK WND
================================================================================
1   2   3   4   5  6A  6B    7    8   9   10  11  12  13   14  15   16   17  18
                                     12Z  AVG MX 2MIN
DY MAX MIN AVG DEP HDD CDD  WTR  SNW DPTH SPD SPD DIR MIN PSBL S-S WX    SPD DR
================================================================================

 1  64  42  53  -4  12   0 0.00    M    M 13.8 21 290   M    M   0        31 330
 2  70  37  54  -3  11   0 0.00    M    M  8.1 16 310   M    M   1        22 310
 3  72  39  56  -1   9   0 0.00    M    M  5.1 13 120   M    M   0 8       M  M
 4  78  41  60   4   5   0 0.00    M    M  6.3 15 310   M    M   0         M  M
 5  81  46  64   8   1   0 0.00    M    M  9.6 18 310   M    M   0 8      24 320
 6  82  45  64   9   1   0 0.00    M    M  5.8 15 310   M    M   0        21 310
 7  82  45  64   9   1   0 0.00    M    M  4.1  8 240   M    M   0         M  M
 8  80  47  64   9   1   0 0.00    M    M  6.9 14 120   M    M   0         M  M
 9  76  44  60   6   5   0 0.00    M    M  7.6 18 310   M    M   0         M  M
10  74  41  58   4   7   0 0.00    M    M  6.9 15 310   M    M   0 8       M  M
11  74  43  59   6   6   0 0.06    M    M  7.1 24 330   M    M   4 8      44 300
12  62  42  52  -1  13   0 0.00    M    M 15.2 24 300   M    M   1        33 300
13  72  38  55   2  10   0 0.00    M    M 15.1 23 100   M    M   0        31 100
14  77  54  66  14   0   1 0.00    M    M 21.1 25 120   M    M   3 7      36 110
15  67  41  54   2  11   0    T    M    M 10.7 32 320   M    M   6        40 300
16  66  37  52   1  13   0 0.00    M    M  6.7 14 120   M    M   3         M  M
17  72  40  56   5   9   0 0.00    M    M  8.5 22 110   M    M   4        27 110
18  72  39  56   5   9   0 0.00    M    M  4.8  9 260   M    M   1 8       M  M
19  79  40  60  10   5   0 0.00    M    M 10.7 18 120   M    M   0         M  M
20  82  53  68  18   0   3    T    M    M 12.1 20 120   M    M   3        30 110
================================================================================
SM 1482  854       129   4  0.06    M    186.2          M       26
================================================================================
AV 74.1 42.7                               9.3 FASTST   M    M   1    MAX(MPH)
                                 MISC ---->    32   M                 44    M
================================================================================
NOTES:
# LAST OF SEVERAL OCCURRENCES

COLUMN 17 PEAK WIND IN M.P.H.

PRELIMINARY LOCAL CLIMATOLOGICAL DATA (WS FORM: F-6) , PAGE 2

                                          STATION:  MOUNTAIN HOME AFB
                                          MONTH:    OCTOBER
                                          YEAR:     2014
                                          LATITUDE:   43  2 N
                                          LONGITUDE: 115 52 W

[TEMPERATURE DATA]      [PRECIPITATION DATA]       SYMBOLS USED IN COLUMN 16

AVERAGE MONTHLY: 58.4   TOTAL FOR MONTH:   0.06    1 = FOG OR MIST
DPTR FM NORMAL:   4.9   DPTR FM NORMAL:   -0.38    2 = FOG REDUCING VISIBILITY
HIGHEST:    82 ON 20, 7 GRTST 24HR  0.06 ON 11-11      TO 1/4 MILE OR LESS
LOWEST:     37 ON 16, 2                            3 = THUNDER
                        SNOW, ICE PELLETS, HAIL    4 = ICE PELLETS
                        TOTAL MONTH:    M          5 = HAIL
                        GRTST 24HR    M  ON   M    6 = FREEZING RAIN OR DRIZZLE
                        GRTST DEPTH:  M  ON   M    7 = DUSTSTORM OR SANDSTORM:
                                                       VSBY 1/2 MILE OR LESS
                                                   8 = SMOKE OR HAZE
[NO. OF DAYS WITH]      [WEATHER - DAYS WITH]      9 = BLOWING SNOW
                                                   X = TORNADO
MAX 32 OR BELOW:   0    0.01 INCH OR MORE:   1
MAX 90 OR ABOVE:   0    0.10 INCH OR MORE:   0
MIN 32 OR BELOW:   0    0.50 INCH OR MORE:   0
MIN  0 OR BELOW:   0    1.00 INCH OR MORE:   0

[HDD (BASE 65) ]
TOTAL THIS MO.   129    CLEAR  (SCALE 0-3)  16
DPTR FM NORMAL   -98    PTCLDY (SCALE 4-7)   4
TOTAL FM JUL 1   184    CLOUDY (SCALE 8-10)  0
DPTR FM NORMAL  -176

[CDD (BASE 65) ]
TOTAL THIS MO.     4
DPTR FM NORMAL     2    [PRESSURE DATA]
TOTAL FM JAN 1   957    HIGHEST SLP M ON M
DPTR FM NORMAL    44    LOWEST  SLP M ON M

[REMARKS]
