000
CXUS54 KLZK 221330
CF6MWT
PRELIMINARY LOCAL CLIMATOLOGICAL DATA (WS FORM: F-6)

                                          STATION:   Mount Ida
                                          MONTH:     MAY
                                          YEAR:      2015
                                          LATITUDE:   34 32 N
                                          LONGITUDE:  93 35 W

  TEMPERATURE IN F:       :PCPN:    SNOW:  WIND      :SUNSHINE: SKY     :PK WND
================================================================================
1   2   3   4   5  6A  6B    7    8   9   10  11  12  13   14  15   16   17  18
                                     12Z  AVG MX 2MIN
DY MAX MIN AVG DEP HDD CDD  WTR  SNW DPTH SPD SPD DIR MIN PSBL S-S WX    SPD DR
================================================================================

 1  76  45  61  -4   4   0 0.00  0.0    0  1.2  8 140   M    M   0        12 100
 2  79  45  62  -3   3   0 0.00  0.0    0  0.9 10 140   M    M   0        14 130
 3  82  50  66   1   0   1 0.00  0.0    0  2.2 12 180   M    M   1 1      17 200
 4  81  55  68   3   0   3 0.00  0.0    0  2.6 12 180   M    M   1 1      17 200
 5  82  64  73   7   0   8 0.00  0.0    0  6.9 14 140   M    M   2        22 130
 6  81  68  75   9   0  10 0.00  0.0    0  5.6 14 140   M    M   5        25 130
 7  83  70  77  11   0  12 0.30  0.0    0  4.5 12 140   M    M   7 1      18 150
 8  78  65  72   6   0   7 0.64  0.0    0  2.2 10 200   M    M   7 1      20 150
 9  77  64  71   4   0   6 1.85  0.0    0  2.7 25 330   M    M   8 1      41 330
10  77  63  70   3   0   5 0.44  0.0    0  3.5 14 320   M    M   9 1      22 320
11  79  54  67   0   0   2 1.24  0.0    0  2.0 10 320   M    M   6 1      15 320
12  71  52  62  -5   3   0 0.00  0.0    0  0.9  7  80   M    M   0        10  30
13  68  55  62  -6   3   0 0.07  0.0    0  2.2  9 120   M    M   9 1      15  90
14  83  58  71   3   0   6 0.32  0.0    0  0.4 10 270   M    M   4 1      20 270
15  80  67  74   6   0   9 0.01  0.0    0  2.0 10 240   M    M   6 1      17 220
16  85  71  78  10   0  13 0.24  0.0    0  4.7 16 150   M    M   7 1      28 140
17  82  65  74   5   0   9 2.74  0.0    0  2.6 10 320   M    M   7 1      22 170
18  82  65  74   5   0   9 0.00  0.0    0  1.0 10 140   M    M   4 12     15 140
19  81  64  73   4   0   8    T  0.0    0  2.3  8 120   M    M   7 12     12 140
20  82  62  72   3   0   7 2.41  0.0    0  4.7 18 320   M    M   7 1      28 320
21  69  51  60 -10   5   0    T  0.0    0  2.7  8 360   M    M   6        15 350
================================================================================
SM 1658 1253        18 115 10.26     0.0  57.8          M      103
================================================================================
AV 79.0 59.7                               2.8 FASTST   M    M   5    MAX(MPH)
                                 MISC ---->  # 25 330               # 41  330
================================================================================
NOTES:
# LAST OF SEVERAL OCCURRENCES

COLUMN 17 PEAK WIND IN M.P.H.

PRELIMINARY LOCAL CLIMATOLOGICAL DATA (WS FORM: F-6) , PAGE 2

                                          STATION:  Mount Ida
                                          MONTH:    MAY
                                          YEAR:     2015
                                          LATITUDE:   34 32 N
                                          LONGITUDE:  93 35 W

[TEMPERATURE DATA]      [PRECIPITATION DATA]       SYMBOLS USED IN COLUMN 16

AVERAGE MONTHLY: 69.3   TOTAL FOR MONTH:  10.26    1 = FOG OR MIST
DPTR FM NORMAL:   2.2   DPTR FM NORMAL:    6.06    2 = FOG REDUCING VISIBILITY
HIGHEST:    85 ON 16    GRTST 24HR  2.74 ON 17-17      TO 1/4 MILE OR LESS
LOWEST:     45 ON  2, 1                            3 = THUNDER
                        SNOW, ICE PELLETS, HAIL    4 = ICE PELLETS
                        TOTAL MONTH:   0.0 INCH    5 = HAIL
                        GRTST 24HR     0.0         6 = FREEZING RAIN OR DRIZZLE
                        GRTST DEPTH:   0           7 = DUSTSTORM OR SANDSTORM:
                                                       VSBY 1/2 MILE OR LESS
                                                   8 = SMOKE OR HAZE
[NO. OF DAYS WITH]      [WEATHER - DAYS WITH]      9 = BLOWING SNOW
                                                   X = TORNADO
MAX 32 OR BELOW:   0    0.01 INCH OR MORE:  11
MAX 90 OR ABOVE:   0    0.10 INCH OR MORE:   9
MIN 32 OR BELOW:   0    0.50 INCH OR MORE:   5
MIN  0 OR BELOW:   0    1.00 INCH OR MORE:   4

[HDD (BASE 65) ]
TOTAL THIS MO.    18    CLEAR  (SCALE 0-3)   6
DPTR FM NORMAL   -15    PTCLDY (SCALE 4-7)  13
TOTAL FM JUL 1  3294    CLOUDY (SCALE 8-10)  2
DPTR FM NORMAL     8

[CDD (BASE 65) ]
TOTAL THIS MO.   115
DPTR FM NORMAL    37    [PRESSURE DATA]
TOTAL FM JAN 1   191    HIGHEST SLP M ON M
DPTR FM NORMAL    62    LOWEST  SLP 29.80 ON 11

[REMARKS]
ALL SNOWFALL DATA IS FROM THE MT IDA 1 SSE COOPERATIVE OBSERVER SITE
