000
CXUS54 KLZK 251130
CF6MWT
PRELIMINARY LOCAL CLIMATOLOGICAL DATA (WS FORM: F-6)

                                          STATION:   Mount Ida
                                          MONTH:     SEPTEMBER
                                          YEAR:      2017
                                          LATITUDE:   34 32 N
                                          LONGITUDE:  93 35 W

  TEMPERATURE IN F:       :PCPN:    SNOW:  WIND      :SUNSHINE: SKY     :PK WND
================================================================================
1   2   3   4   5  6A  6B    7    8   9   10  11  12  13   14  15   16   17  18
                                     12Z  AVG MX 2MIN
DY MAX MIN AVG DEP HDD CDD  WTR  SNW DPTH SPD SPD DIR MIN PSBL S-S WX    SPD DR
================================================================================

 1  87  62  75  -2   0  10 0.00  0.0    0  1.2  6 330   M    M   1 1       M  M
 2  86  61  74  -3   0   9 0.00  0.0    0  0.6  5  99   M    M   0         M  M
 3  89  64  77   0   0  12 0.07  0.0    0  0.8  7 270   M    M   3 1      11 220
 4  90  68  79   3   0  14    T  0.0    0  1.1  8 230   M    M   1 1      15 210
 5  84  57  71  -5   0   6 0.02  0.0    0  1.3  8  10   M    M   4 1      14 360
 6  77  51  64 -12   1   0 0.00  0.0    0  2.3  7  99   M    M   0        21  99
 7  81  48  65 -10   0   0 0.00  0.0    0  0.6  8 140   M    M   0        10 120
 8  84  51  68  -7   0   3 0.00  0.0    0  0.7  5  99   M    M   0         M  M
 9  83  54  69  -5   0   4 0.00  0.0    0  1.9 13 130   M    M   0        19 140
10  84  53  69  -5   0   4 0.00  0.0    0  1.8  8  90   M    M   1         M  M
11  82  50  66  -8   0   1 0.00  0.0    0  1.4  9 340   M    M   0 1      16  30
12  75  54  65  -8   0   0    T  0.0    0  2.0  9 330   M    M   4        18 330
13  86  61  74   1   0   9 0.00  0.0    0  0.9  8 290   M    M   4        11 320
14  90  56  73   1   0   8 0.00  0.0    0  1.5  7  99   M    M   0         M  M
15  89  59  74   2   0   9 0.00  0.0    0  1.8  9 130   M    M   0        15 160
16  91  62  77   5   0  12 0.00  0.0    0  1.6 10 140   M    M   1 1      14 140
17  93  63  78   7   0  13 0.00  0.0    0  1.2  8 290   M    M   1 1      12 260
18  92  66  79   8   0  14 0.00  0.0    0  1.4 10 260   M    M   1        18 290
19  92  64  78   8   0  13 0.00  0.0    0  2.1 10 190   M    M   1        16 140
20  92  76  84  14   0  19 0.00  0.0    0  3.7 10 190   M    M   2        20 200
21  92  71  82  12   0  17 0.00  0.0    0  3.0 10 150   M    M   2        17 150
22  94  67  81  12   0  16 0.00  0.0    0  1.2  8 190   M    M   2        12 150
23  95  64  80  11   0  15 0.00  0.0    0  1.0  9 140   M    M   0 1      13 110
24  91  65  78  10   0  13 0.36  0.0    0  1.8 18 140   M    M   2 1      27 140
================================================================================
SM 2099 1447         1 221  0.45     0.0  36.9          M       30
================================================================================
AV 87.5 60.3                               1.5 FASTST   M    M   1    MAX(MPH)
                                 MISC ---->  # 18 140               # 27  140
================================================================================
NOTES:
# LAST OF SEVERAL OCCURRENCES

COLUMN 17 PEAK WIND IN M.P.H.

PRELIMINARY LOCAL CLIMATOLOGICAL DATA (WS FORM: F-6) , PAGE 2

                                          STATION:  Mount Ida
                                          MONTH:    SEPTEMBER
                                          YEAR:     2017
                                          LATITUDE:   34 32 N
                                          LONGITUDE:  93 35 W

[TEMPERATURE DATA]      [PRECIPITATION DATA]       SYMBOLS USED IN COLUMN 16

AVERAGE MONTHLY: 73.9   TOTAL FOR MONTH:   0.45    1 = FOG OR MIST
DPTR FM NORMAL:   0.9   DPTR FM NORMAL:   -3.24    2 = FOG REDUCING VISIBILITY
HIGHEST:    95 ON 23    GRTST 24HR  0.36 ON 24-24      TO 1/4 MILE OR LESS
LOWEST:     48 ON  7                               3 = THUNDER
                        SNOW, ICE PELLETS, HAIL    4 = ICE PELLETS
                        TOTAL MONTH:   0.0 INCH    5 = HAIL
                        GRTST 24HR     0.0         6 = FREEZING RAIN OR DRIZZLE
                        GRTST DEPTH:   0           7 = DUSTSTORM OR SANDSTORM:
                                                       VSBY 1/2 MILE OR LESS
                                                   8 = SMOKE OR HAZE
[NO. OF DAYS WITH]      [WEATHER - DAYS WITH]      9 = BLOWING SNOW
                                                   X = TORNADO
MAX 32 OR BELOW:   0    0.01 INCH OR MORE:   3
MAX 90 OR ABOVE:  11    0.10 INCH OR MORE:   1
MIN 32 OR BELOW:   0    0.50 INCH OR MORE:   0
MIN  0 OR BELOW:   0    1.00 INCH OR MORE:   0

[HDD (BASE 65) ]
TOTAL THIS MO.     1    CLEAR  (SCALE 0-3)  21
DPTR FM NORMAL    -6    PTCLDY (SCALE 4-7)   3
TOTAL FM JUL 1     1    CLOUDY (SCALE 8-10)  0
DPTR FM NORMAL    -6

[CDD (BASE 65) ]
TOTAL THIS MO.   221
DPTR FM NORMAL    21    [PRESSURE DATA]
TOTAL FM JAN 1  1769    HIGHEST SLP M ON M
DPTR FM NORMAL   110    LOWEST  SLP 29.73 ON 13

[REMARKS]
ALL SNOWFALL DATA IS FROM THE MT IDA 4 S COOPERATIVE OBSERVER SITE
