000
CXUS55 KBOI 261002
CF6MYL
PRELIMINARY LOCAL CLIMATOLOGICAL DATA (WS FORM: F-6)

                                          STATION:   MCCALL ID
                                          MONTH:     APRIL
                                          YEAR:      2017
                                          LATITUDE:   44 52 N
                                          LONGITUDE: 116  6 W

  TEMPERATURE IN F:       :PCPN:    SNOW:  WIND      :SUNSHINE: SKY     :PK WND
================================================================================
1   2   3   4   5  6A  6B    7    8   9   10  11  12  13   14  15   16   17  18
                                     12Z  AVG MX 2MIN
DY MAX MIN AVG DEP HDD CDD  WTR  SNW DPTH SPD SPD DIR MIN PSBL S-S WX    SPD DR
================================================================================

 1  52  27  40   7  25   0 0.01    M    M  3.7 13 360   M    M   4        15 350
 2  47  25  36   3  29   0 0.00    M    M  6.6 20 250   M    M   2        26 270
 3  40  22  31  -2  34   0 0.00    M    M  6.9 18 330   M    M   5        26 330
 4  45  16  31  -3  34   0 0.00    M    M  3.7 14 160   M    M   3 8      17 170
 5  58  34  46  12  19   0    T    M    M  5.5 17 170   M    M   7        22 170
 6  51  33  42   8  23   0 0.28    M    M  7.9 22 190   M    M   6 1      33 180
 7  51  34  43   9  22   0 0.11    M    M 14.4 45 190   M    M   7        56 180
 8  39  26  33  -2  32   0 0.14    M    M  5.5 18 200   M    M   9 1      28 190
 9  40  20  30  -5  35   0 0.00    M    M  4.5 16 230   M    M   4        21 220
10  40  26  33  -2  32   0 0.23    M    M  5.6 18 170   M    M   6 128    22 170
11  47  19  33  -2  32   0 0.03    M    M  4.2 20 170   M    M   6        23 170
12  57  35  46  10  19   0    T    M    M  5.6 21 170   M    M   8 1      26 170
13  50  27  39   3  26   0 0.73    M    M  4.6 16 200   M    M   8 1      19 200
14  32  24  28  -8  37   0 0.05    M    M  4.8 16 280   M    M   7 128    25 270
15  41  25  33  -3  32   0    T    M    M  3.6 14 190   M    M   8        19 190
16  55  24  40   3  25   0 0.01    M    M  4.5 21 170   M    M   2        28 190
17  47  34  41   4  24   0 0.45    M    M  8.7 22 170   M    M   9 1      28 190
18  50  33  42   5  23   0 0.28    M    M  4.6 20 180   M    M   9 123    24 190
19  53  30  42   4  23   0    T    M    M  3.9 23 210   M    M   7 123    30 220
20  43  30  37  -1  28   0 0.20    M    M  6.1 16 350   M    M   4 1      23 310
21  52  25  39   1  26   0 0.00    M    M  5.0 15 350   M    M   2        20 350
22  57  27  42   3  23   0    T    M    M  5.8 23 170   M    M   2        31 160
23  49  37  43   4  22   0 0.35    M    M  3.8 24 190   M    M   8 1      30 190
24  45  33  39   0  26   0 0.44    M    M  2.9 17 170   M    M  10 1      20 170
25  46  32  39  -1  26   0 0.05    M    M  5.6 16 170   M    M  10 1      20 180
================================================================================
SM 1187  698       677   0  3.36    M    138.0          M      153
================================================================================
AV 47.5 27.9                               5.5 FASTST   M    M   6    MAX(MPH)
                                 MISC ---->  # 45 190               # 56  180
================================================================================
NOTES:
# LAST OF SEVERAL OCCURRENCES

COLUMN 17 PEAK WIND IN M.P.H.

PRELIMINARY LOCAL CLIMATOLOGICAL DATA (WS FORM: F-6) , PAGE 2

                                          STATION:  MCCALL ID
                                          MONTH:    APRIL
                                          YEAR:     2017
                                          LATITUDE:   44 52 N
                                          LONGITUDE: 116  6 W

[TEMPERATURE DATA]      [PRECIPITATION DATA]       SYMBOLS USED IN COLUMN 16

AVERAGE MONTHLY: 37.7   TOTAL FOR MONTH:   3.36    1 = FOG OR MIST
DPTR FM NORMAL:   1.7   DPTR FM NORMAL:    1.75    2 = FOG REDUCING VISIBILITY
HIGHEST:    58 ON  5    GRTST 24HR  0.73 ON 13-13      TO 1/4 MILE OR LESS
LOWEST:     16 ON  4                               3 = THUNDER
                        SNOW, ICE PELLETS, HAIL    4 = ICE PELLETS
                        TOTAL MONTH:    M          5 = HAIL
                        GRTST 24HR    M  ON   M    6 = FREEZING RAIN OR DRIZZLE
                        GRTST DEPTH:  M  ON   M    7 = DUSTSTORM OR SANDSTORM:
                                                       VSBY 1/2 MILE OR LESS
                                                   8 = SMOKE OR HAZE
[NO. OF DAYS WITH]      [WEATHER - DAYS WITH]      9 = BLOWING SNOW
                                                   X = TORNADO
MAX 32 OR BELOW:   1    0.01 INCH OR MORE:  15
MAX 90 OR ABOVE:   0    0.10 INCH OR MORE:  10
MIN 32 OR BELOW:  17    0.50 INCH OR MORE:   1
MIN  0 OR BELOW:   0    1.00 INCH OR MORE:   0

[HDD (BASE 65) ]
TOTAL THIS MO.   677    CLEAR  (SCALE 0-3)   5
DPTR FM NORMAL   -47    PTCLDY (SCALE 4-7)  15
TOTAL FM JUL 1  7836    CLOUDY (SCALE 8-10)  5
DPTR FM NORMAL  -677

[CDD (BASE 65) ]
TOTAL THIS MO.     0
DPTR FM NORMAL     0    [PRESSURE DATA]
TOTAL FM JAN 1     0    HIGHEST SLP M ON M
DPTR FM NORMAL     0    LOWEST  SLP 29.47 ON  7

[REMARKS]
